{"id":8241,"date":"2019-08-09T18:27:24","date_gmt":"2019-08-09T16:27:24","guid":{"rendered":"https:\/\/www.horizonemployeur.fr\/wp2019\/?page_id=8241"},"modified":"2019-08-09T18:33:04","modified_gmt":"2019-08-09T16:33:04","slug":"em2016-activite-repondants","status":"publish","type":"page","link":"https:\/\/www.horizonemployeur.fr\/wp2019\/em2016-activite-repondants\/","title":{"rendered":"EM2016: l&#8217;activit\u00e9 des r\u00e9pondants"},"content":{"rendered":"\n<div class=\"et_d4_element et_pb_section et_pb_section_0  et_pb_css_mix_blend_mode et_section_regular et_block_section\" >\n\t\t\t\t\n\t\t\t\t\n\t\t\t\t\n\t\t\t\t\n\t\t\t\t\n\t\t\t\t\n\t\t\t\t<div class=\"et_d4_element et_pb_row et_pb_row_0  et_pb_css_mix_blend_mode et_block_row\">\n\t\t\t\t<div class=\"et_d4_element et_pb_column_4_4 et_pb_column et_pb_column_0  et_pb_css_mix_blend_mode et-last-child et_block_column\">\n\t\t\t\t\n\t\t\t\t\n\t\t\t\t\n\t\t\t\t\n\t\t\t\t<div class=\"et_pb_module et_d4_element et_pb_post_title et_pb_post_title_0 et_pb_bg_layout_light  et_pb_text_align_left\"   >\n\t\t\t\t\n\t\t\t\t\n\t\t\t\t\n\t\t\t\t\n\t\t\t\t\n\t\t\t\t<div class=\"et_pb_title_container\">\n\t\t\t\t\t<h1 class=\"entry-title\"><\/h1>\n\t\t\t\t<\/div>\n\t\t\t\t\n\t\t\t<\/div><div class=\"et_pb_module et_d4_element et_pb_text et_pb_text_0  et_pb_text_align_left et_pb_bg_layout_light\">\n\t\t\t\t\n\t\t\t\t\n\t\t\t\t\n\t\t\t\t\n\t\t\t\t<div class=\"et_pb_text_inner\"><h1>A quels \u00e9tablissements appartiennent-ils ?<\/h1><\/div>\n\t\t\t<\/div><div class=\"et_pb_module et_d4_element et_pb_text et_pb_text_1  et_pb_text_align_left et_pb_bg_layout_light\">\n\t\t\t\t\n\t\t\t\t\n\t\t\t\t\n\t\t\t\t\n\t\t\t\t<div class=\"et_pb_text_inner\"><p>Les principaux \u00e9tablissements d'appartenance sont les suivants:<\/p>\n<table width=\"511\">\n<tbody>\n<tr>\n<td width=\"228\" style=\"text-align: center;\"><strong>Etablissements d'origine<\/strong><\/td>\n<td width=\"142\" style=\"text-align: center;\"><strong>Nombre de <\/strong><strong>r\u00e9ponses<\/strong><\/td>\n<td width=\"142\" style=\"text-align: center;\"><strong>% du total des r\u00e9ponses<\/strong><\/td>\n<\/tr>\n<tr>\n<td width=\"228\"><strong>PSA Centre Technique<\/strong><\/td>\n<td width=\"142\" style=\"text-align: right;\">1493<\/td>\n<td width=\"142\" style=\"text-align: right;\">26,78 %<\/td>\n<\/tr>\n<tr>\n<td width=\"228\"><strong>Bouygues T\u00e9l\u00e9com<\/strong><\/td>\n<td width=\"142\" style=\"text-align: right;\">992<\/td>\n<td width=\"142\" style=\"text-align: right;\">17,79 %<\/td>\n<\/tr>\n<tr>\n<td width=\"228\"><strong>Safran V\u00e9lizy<\/strong><\/td>\n<td width=\"142\" style=\"text-align: right;\">802<\/td>\n<td width=\"142\" style=\"text-align: right;\">14,38 %<\/td>\n<\/tr>\n<tr>\n<td width=\"228\"><strong>Dassault Syst\u00e8mes<\/strong><\/td>\n<td width=\"142\" style=\"text-align: right;\">618<\/td>\n<td width=\"142\" style=\"text-align: right;\">11,08 %<\/td>\n<\/tr>\n<tr>\n<td width=\"228\"><strong>Eiffage<\/strong><\/td>\n<td width=\"142\" style=\"text-align: right;\">411<\/td>\n<td width=\"142\" style=\"text-align: right;\">7,37 %<\/td>\n<\/tr>\n<tr>\n<td width=\"228\"><strong>Thales TED<\/strong><\/td>\n<td width=\"142\" style=\"text-align: right;\">266<\/td>\n<td width=\"142\" style=\"text-align: right;\">4,77 %<\/td>\n<\/tr>\n<tr>\n<td width=\"228\"><strong>Thales TCS<\/strong><\/td>\n<td width=\"142\" style=\"text-align: right;\">199<\/td>\n<td width=\"142\" style=\"text-align: right;\">3,57 %<\/td>\n<\/tr>\n<tr>\n<td width=\"228\"><strong>Base A\u00e9rienne 107<\/strong><\/td>\n<td width=\"142\" style=\"text-align: right;\">185<\/td>\n<td width=\"142\" style=\"text-align: right;\">3,32 %<\/td>\n<\/tr>\n<tr>\n<td width=\"228\"><strong>IUT \u2013 UVSQ<\/strong><\/td>\n<td width=\"142\" style=\"text-align: right;\">183<\/td>\n<td width=\"142\" style=\"text-align: right;\">3,28 %<\/td>\n<\/tr>\n<tr>\n<td width=\"228\"><strong>Vinci Construction (groupe)*<\/strong><\/td>\n<td width=\"142\">\n<p style=\"text-align: right;\">124<\/p>\n<\/td>\n<td width=\"142\" style=\"text-align: right;\">2,22 %<\/td>\n<\/tr>\n<tr>\n<td width=\"228\"><strong>Thales Services<\/strong><\/td>\n<td width=\"142\">\n<p style=\"text-align: right;\">95<\/p>\n<\/td>\n<td width=\"142\" style=\"text-align: right;\">1,70 %<\/td>\n<\/tr>\n<tr>\n<td width=\"228\"><strong>Auchan<\/strong><\/td>\n<td width=\"142\">\n<p style=\"text-align: right;\">89<\/p>\n<\/td>\n<td width=\"142\" style=\"text-align: right;\">1,60 %<\/td>\n<\/tr>\n<tr>\n<td width=\"228\"><strong>Mairie de V\u00e9lizy-Villacoublay<\/strong><\/td>\n<td width=\"142\">\n<p style=\"text-align: right;\">65<\/p>\n<\/td>\n<td width=\"142\" style=\"text-align: right;\">1,17 %<\/td>\n<\/tr>\n<\/tbody>\n<\/table>\n<p>* En d\u00e9tail, la r\u00e9partition pour Vinci Construction fait appara\u00eetre 58 r\u00e9ponses pour Vinci Construction, 38 pour BATEG et 28 pour Campenon Bernard Construction.<\/p>\n<p>&nbsp;<\/p>\n<p>La r\u00e9partition entre les 3 secteurs nord, est et sud d'Inovel Parc fait ressortir une surrepr\u00e9sentation d'Inovel Parc Sud par rapport au poids en terme d'effectifs.<\/p>\n<table width=\"529\">\n<tbody>\n<tr>\n<td width=\"151\"><\/td>\n<td width=\"185\" style=\"text-align: center;\"><strong>\u00a0 \u00a0 \u00a0 \u00a0 \u00a0 \u00a0Nombre de r\u00e9ponses<\/strong><\/td>\n<td width=\"193\" style=\"text-align: center;\"><strong>% des r\u00e9ponses<\/strong><\/td>\n<\/tr>\n<tr>\n<td width=\"151\"><strong>Inovel Parc Nord<\/strong><\/td>\n<td width=\"185\" style=\"text-align: right;\">2957<\/td>\n<td width=\"193\" style=\"text-align: right;\">53,03 %<\/td>\n<\/tr>\n<tr>\n<td width=\"151\"><strong>Inovel Parc Est<\/strong><\/td>\n<td width=\"185\" style=\"text-align: right;\">124<\/td>\n<td width=\"193\" style=\"text-align: right;\">2,22 %<\/td>\n<\/tr>\n<tr>\n<td width=\"151\"><strong>Inovel Parc Sud<\/strong><\/td>\n<td width=\"185\" style=\"text-align: right;\">2488<\/td>\n<td width=\"193\" style=\"text-align: right;\">44,62 %<\/td>\n<\/tr>\n<\/tbody>\n<\/table><\/div>\n\t\t\t<\/div><div class=\"et_pb_module et_d4_element et_pb_text et_pb_text_2  et_pb_text_align_left et_pb_bg_layout_light\">\n\t\t\t\t\n\t\t\t\t\n\t\t\t\t\n\t\t\t\t\n\t\t\t\t<div class=\"et_pb_text_inner\"><p>Une r\u00e9partition plus pr\u00e9cise en 10 secteurs d\u00e9finis sp\u00e9cifiquement \u00e0 partir de la desserte transport en commun, notamment tramway, donne les chiffres suivants. Les secteurs sans aucun repr\u00e9sentant ne sont pas mentionn\u00e9s dans le tableau.<\/p><\/div>\n\t\t\t<\/div>\n\t\t\t<\/div>\n\t\t\t\t\n\t\t\t\t\n\t\t\t\t\n\t\t\t\t\n\t\t\t<\/div><div class=\"et_d4_element et_pb_row et_pb_row_1  et_pb_css_mix_blend_mode et_block_row\">\n\t\t\t\t<div class=\"et_d4_element et_pb_column_3_5 et_pb_column et_pb_column_1  et_pb_css_mix_blend_mode et_block_column\">\n\t\t\t\t\n\t\t\t\t\n\t\t\t\t\n\t\t\t\t\n\t\t\t\t<div class=\"et_pb_module et_d4_element et_pb_image et_pb_image_0\">\n\t\t\t\t\n\t\t\t\t\n\t\t\t\t\n\t\t\t\t\n\t\t\t\t<span class=\"et_pb_image_wrap \"><img decoding=\"async\" src=\"https:\/\/www.horizonemployeur.fr\/wp2019\/wp-content\/uploads\/2019\/02\/Sch\u00e9ma-des-secteurs-EM2016.png\" alt=\"\" title=\"\" \/><\/span>\n\t\t\t<\/div>\n\t\t\t<\/div><div class=\"et_d4_element et_pb_column_2_5 et_pb_column et_pb_column_2  et_pb_css_mix_blend_mode et-last-child et_block_column\">\n\t\t\t\t\n\t\t\t\t\n\t\t\t\t\n\t\t\t\t\n\t\t\t\t<div class=\"et_pb_module et_d4_element et_pb_text et_pb_text_3  et_pb_text_align_left et_pb_bg_layout_light\">\n\t\t\t\t\n\t\t\t\t\n\t\t\t\t\n\t\t\t\t\n\t\t\t\t<div class=\"et_pb_text_inner\"><table width=\"529\" style=\"background-color: initial;\">\n<tbody>\n<tr>\n<td width=\"151\" style=\"text-align: center;\"><strong>Secteurs<\/strong><\/td>\n<td width=\"185\" style=\"text-align: center;\"><strong>Nombre de r\u00e9ponses<\/strong><\/td>\n<td width=\"193\" style=\"text-align: center;\"><strong>% des r\u00e9ponses<\/strong><\/td>\n<\/tr>\n<tr>\n<td width=\"151\"><strong>E1<\/strong><\/td>\n<td width=\"185\" style=\"text-align: right;\">124<\/td>\n<td width=\"193\" style=\"text-align: right;\">2,22 %<\/td>\n<\/tr>\n<tr>\n<td width=\"151\"><strong>N1<\/strong><\/td>\n<td width=\"185\" style=\"text-align: right;\">66<\/td>\n<td width=\"193\" style=\"text-align: right;\">1,18 %<\/td>\n<\/tr>\n<tr>\n<td width=\"151\"><strong>N2<\/strong><\/td>\n<td width=\"185\" style=\"text-align: right;\">6<\/td>\n<td width=\"193\" style=\"text-align: right;\">0,11 %<\/td>\n<\/tr>\n<tr>\n<td width=\"151\"><strong>N3<\/strong><\/td>\n<td width=\"185\" style=\"text-align: right;\">517<\/td>\n<td width=\"193\" style=\"text-align: right;\">9,27 %<\/td>\n<\/tr>\n<tr>\n<td width=\"151\"><strong>N4<\/strong><\/td>\n<td width=\"185\" style=\"text-align: right;\"><strong>2182<\/strong><\/td>\n<td width=\"193\" style=\"text-align: right;\"><strong>39,13 %<\/strong><\/td>\n<\/tr>\n<tr>\n<td width=\"151\"><strong>N5<\/strong><\/td>\n<td width=\"185\" style=\"text-align: right;\">186<\/td>\n<td width=\"193\" style=\"text-align: right;\">3,34 %<\/td>\n<\/tr>\n<tr>\n<td width=\"151\"><strong>S1<\/strong><\/td>\n<td width=\"185\" style=\"text-align: right;\">802<\/td>\n<td width=\"193\" style=\"text-align: right;\">14,38 %<\/td>\n<\/tr>\n<tr>\n<td width=\"151\"><strong>S2<\/strong><\/td>\n<td width=\"185\" style=\"text-align: right;\">6<\/td>\n<td width=\"193\" style=\"text-align: right;\">0,11 %<\/td>\n<\/tr>\n<tr>\n<td width=\"151\"><strong>S3<\/strong><\/td>\n<td width=\"185\" style=\"text-align: right;\"><strong>1680<\/strong><\/td>\n<td width=\"193\" style=\"text-align: right;\"><strong>30,13 %<\/strong><\/td>\n<\/tr>\n<\/tbody>\n<\/table><\/div>\n\t\t\t<\/div>\n\t\t\t<\/div>\n\t\t\t\t\n\t\t\t\t\n\t\t\t\t\n\t\t\t\t\n\t\t\t<\/div><div class=\"et_d4_element et_pb_row et_pb_row_2  et_pb_css_mix_blend_mode et_block_row\">\n\t\t\t\t<div class=\"et_d4_element et_pb_column_4_4 et_pb_column et_pb_column_3  et_pb_css_mix_blend_mode et-last-child et_block_column\">\n\t\t\t\t\n\t\t\t\t\n\t\t\t\t\n\t\t\t\t\n\t\t\t\t<div class=\"et_pb_module et_d4_element et_pb_text et_pb_text_4  et_pb_text_align_left et_pb_bg_layout_light\">\n\t\t\t\t\n\t\t\t\t\n\t\t\t\t\n\t\t\t\t\n\t\t\t\t<div class=\"et_pb_text_inner\"><h1>Quels sont leurs horaires de travail ?<\/h1><\/div>\n\t\t\t<\/div><div class=\"et_pb_module et_d4_element et_pb_text et_pb_text_5  et_pb_text_align_left et_pb_bg_layout_light\">\n\t\t\t\t\n\t\t\t\t\n\t\t\t\t\n\t\t\t\t\n\t\t\t\t<div class=\"et_pb_text_inner\"><p>74 % des r\u00e9pondants sont pr\u00e9sents tous les jours de la semaine du lundi au vendredi, 17 % ne sont pr\u00e9sents que 4 jours.<\/p>\n<p>4,0 % des r\u00e9pondants indiquent travailler le week-end (3,9 % le samedi, 1,5 % le dimanche): leurs principaux \u00e9tablissements d'appartenance sont logiquement la BA 107, Bouygues Telecom et Auchan. Ce ne sont cependant pas les seules entreprises mentionn\u00e9es.<\/p>\n<p>72,5 % des r\u00e9pondants travaillent en horaires variables, 44,9 % d'horaires variables avec plages fixes et 27,7 % d'horaires variables en raison de leur activit\u00e9. Ces chiffres sont \u00e0 rapprocher du pourcentage majoritaire de 71,7 % de cadres parmi les r\u00e9pondants. Il n'y a cependant pas un lien entre la pratique des horaires variables et le statut de cadre: 21,3 % des cadres annoncent avoir des horaires fixes. Inversement, 55,7 % des professions interm\u00e9diaires et 56,9 % des employ\u00e9s b\u00e9n\u00e9ficient d'horaires variables. C'est surtout le mode de fonctionnement de l'entreprise qui d\u00e9finit le caract\u00e8re fixe des horaires.<\/p>\n<p>La majorit\u00e9 des r\u00e9pondants se rapproche cependant des horaires classiques:<\/p>\n<ul>\n<li>le matin, 65,3 % des r\u00e9pondants arrivent sur site entre 7h30 et 9h00, 19,0 % entre 9h00 et 10h00, 11,4 % entre 5h et 7h30<\/li>\n<li>le soir, 56,0 % des r\u00e9pondants quittent leur \u00e9tablissement entre 17h30 et 19h00, 22,7 % entre 15h00 et 17h30, 16,4 % entre 19h00 et 20h00<\/li>\n<\/ul>\n<p>&nbsp;<\/p>\n<p>&nbsp;<\/p><\/div>\n\t\t\t<\/div>\n\t\t\t<\/div>\n\t\t\t\t\n\t\t\t\t\n\t\t\t\t\n\t\t\t\t\n\t\t\t<\/div>\n\t\t\t\t\n\t\t\t\t\n\t\t\t<\/div>\n","protected":false},"excerpt":{"rendered":"","protected":false},"author":1,"featured_media":0,"parent":0,"menu_order":0,"comment_status":"closed","ping_status":"closed","template":"","meta":{"_acf_changed":false,"inline_featured_image":false,"_et_pb_use_builder":"on","_et_pb_old_content":"","_et_gb_content_width":"","footnotes":""},"dipi_cpt_category":[],"class_list":["post-8241","page","type-page","status-publish","hentry"],"acf":[],"dsm_author":{"name":"Association Horizon Employeur","avatar_url":"https:\/\/www.horizonemployeur.fr\/wp2019\/wp-content\/plugins\/ultimate-member\/assets\/img\/default_avatar.jpg","archive_link":"https:\/\/www.horizonemployeur.fr\/wp2019\/author\/horizonemployeur\/","biodata":""},"dsm_categories":[],"dsm_attachment_categories":[],"dsm_featured_image":null,"_links":{"self":[{"href":"https:\/\/www.horizonemployeur.fr\/wp2019\/wp-json\/wp\/v2\/pages\/8241","targetHints":{"allow":["GET"]}}],"collection":[{"href":"https:\/\/www.horizonemployeur.fr\/wp2019\/wp-json\/wp\/v2\/pages"}],"about":[{"href":"https:\/\/www.horizonemployeur.fr\/wp2019\/wp-json\/wp\/v2\/types\/page"}],"author":[{"embeddable":true,"href":"https:\/\/www.horizonemployeur.fr\/wp2019\/wp-json\/wp\/v2\/users\/1"}],"replies":[{"embeddable":true,"href":"https:\/\/www.horizonemployeur.fr\/wp2019\/wp-json\/wp\/v2\/comments?post=8241"}],"version-history":[{"count":0,"href":"https:\/\/www.horizonemployeur.fr\/wp2019\/wp-json\/wp\/v2\/pages\/8241\/revisions"}],"wp:attachment":[{"href":"https:\/\/www.horizonemployeur.fr\/wp2019\/wp-json\/wp\/v2\/media?parent=8241"}],"wp:term":[{"taxonomy":"dipi_cpt_category","embeddable":true,"href":"https:\/\/www.horizonemployeur.fr\/wp2019\/wp-json\/wp\/v2\/dipi_cpt_category?post=8241"}],"curies":[{"name":"wp","href":"https:\/\/api.w.org\/{rel}","templated":true}]}}