{"id":8213,"date":"2019-08-09T15:58:55","date_gmt":"2019-08-09T13:58:55","guid":{"rendered":"https:\/\/www.horizonemployeur.fr\/wp2019\/?page_id=8213"},"modified":"2019-08-09T18:34:39","modified_gmt":"2019-08-09T16:34:39","slug":"em2016-deplacements-en-journee","status":"publish","type":"page","link":"https:\/\/www.horizonemployeur.fr\/wp2019\/em2016-deplacements-en-journee\/","title":{"rendered":"EM2016: les d\u00e9placements en cours de journ\u00e9e"},"content":{"rendered":"\n<div class=\"et_d4_element et_pb_section et_pb_section_0  et_pb_css_mix_blend_mode et_section_regular et_block_section\" >\n\t\t\t\t\n\t\t\t\t\n\t\t\t\t\n\t\t\t\t\n\t\t\t\t\n\t\t\t\t\n\t\t\t\t<div class=\"et_d4_element et_pb_row et_pb_row_0  et_pb_css_mix_blend_mode et_block_row\">\n\t\t\t\t<div class=\"et_d4_element et_pb_column_4_4 et_pb_column et_pb_column_0  et_pb_css_mix_blend_mode et-last-child et_block_column\">\n\t\t\t\t\n\t\t\t\t\n\t\t\t\t\n\t\t\t\t\n\t\t\t\t<div class=\"et_pb_module et_d4_element et_pb_post_title et_pb_post_title_0 et_pb_bg_layout_light  et_pb_text_align_left\"   >\n\t\t\t\t\n\t\t\t\t\n\t\t\t\t\n\t\t\t\t\n\t\t\t\t\n\t\t\t\t<div class=\"et_pb_title_container\">\n\t\t\t\t\t<h1 class=\"entry-title\"><\/h1>\n\t\t\t\t<\/div>\n\t\t\t\t\n\t\t\t<\/div><div class=\"et_pb_module et_d4_element et_pb_text et_pb_text_0  et_pb_text_align_left et_pb_bg_layout_light\">\n\t\t\t\t\n\t\t\t\t\n\t\t\t\t\n\t\t\t\t\n\t\t\t\t<div class=\"et_pb_text_inner\"><p>Les d\u00e9placements en d\u00e9but et en fin de journ\u00e9e ne sont pas n\u00e9cessairement les seuls, d'autres peuvent \u00eatre r\u00e9alis\u00e9s en cours de journ\u00e9e<\/p>\n<ul>\n<li>pour des motifs li\u00e9s au travail ou aux \u00e9tudes<\/li>\n<li>pour des motifs personnels, le plus souvent en milieu de journ\u00e9e<\/li>\n<\/ul>\n<p>&nbsp;<\/p>\n<h2>Les d\u00e9placements professionnels<\/h2>\n<p>Les d\u00e9placements li\u00e9s \u00e0 l'activit\u00e9 sont de mise pour 2080 r\u00e9pondants, soit 37,3 % du total.<\/p>\n<ul>\n<li>pour 386 (6,9 % du nombre total de r\u00e9pondants), il s'agit de d\u00e9placements r\u00e9guliers, soit plus d'un par semaine<\/li>\n<li>pour 933 (16,7 %), de d\u00e9placements occasionnels, entre un par mois et un par semaine<\/li>\n<li>pour 755 (13,5 %), de d\u00e9placements ponctuels, soit moins d'un par mois<\/li>\n<\/ul>\n<p>avec la r\u00e9partition suivante par type de destination, certains r\u00e9pondants ayant pu indiquer plusieurs destinations,<\/p>\n<table>\n<tbody>\n<tr>\n<td><\/td>\n<td><strong>D\u00e9placements r\u00e9guliers<\/strong><\/td>\n<td><strong>D\u00e9placements occasionnels<\/strong><\/td>\n<td><strong>D\u00e9placements ponctuels<\/strong><\/td>\n<\/tr>\n<tr>\n<td><strong>Gares et a\u00e9roports<\/strong><\/td>\n<td style=\"text-align: right;\">94<\/td>\n<td style=\"text-align: right;\">299<\/td>\n<td style=\"text-align: right;\">273<\/td>\n<\/tr>\n<tr>\n<td><strong>Paris-Petite Couronne<\/strong><\/td>\n<td style=\"text-align: right;\">178<\/td>\n<td style=\"text-align: right;\">390<\/td>\n<td style=\"text-align: right;\">240<\/td>\n<\/tr>\n<tr>\n<td><strong>Grande Couronne<\/strong><\/td>\n<td style=\"text-align: right;\">155<\/td>\n<td style=\"text-align: right;\">337<\/td>\n<td style=\"text-align: right;\">226<\/td>\n<\/tr>\n<tr>\n<td><strong>France enti\u00e8re<\/strong><\/td>\n<td style=\"text-align: right;\">95<\/td>\n<td style=\"text-align: right;\">248<\/td>\n<td style=\"text-align: right;\">253<\/td>\n<\/tr>\n<\/tbody>\n<\/table>\n<p>et la\u00a0r\u00e9partition par mode de d\u00e9placement en fonction du type de destination<\/p>\n<table>\n<tbody>\n<tr>\n<td><\/td>\n<td style=\"text-align: center;\"><strong>Voiture<br \/>personnelle<\/strong><\/td>\n<td style=\"text-align: center;\"><strong>Voiture de<br \/>l'entreprise<\/strong><\/td>\n<td style=\"text-align: center;\"><strong>Transports<br \/>en commun<\/strong><\/td>\n<td style=\"text-align: center;\"><strong>Modes doux<\/strong><\/td>\n<\/tr>\n<tr>\n<td><strong>Gares et a\u00e9roports<\/strong><\/td>\n<td style=\"text-align: right;\">288<\/td>\n<td style=\"text-align: right;\">264<\/td>\n<td style=\"text-align: right;\">347<\/td>\n<td style=\"text-align: right;\">9<\/td>\n<\/tr>\n<tr>\n<td><strong>Paris-Petite Couronne<\/strong><\/td>\n<td style=\"text-align: right;\">367<\/td>\n<td style=\"text-align: right;\">315<\/td>\n<td style=\"text-align: right;\">313<\/td>\n<td style=\"text-align: right;\">15<\/td>\n<\/tr>\n<tr>\n<td><strong>Grande Couronne<\/strong><\/td>\n<td style=\"text-align: right;\">360<\/td>\n<td style=\"text-align: right;\">361<\/td>\n<td style=\"text-align: right;\">251<\/td>\n<td style=\"text-align: right;\">14<\/td>\n<\/tr>\n<tr>\n<td><strong>France enti\u00e8re<\/strong><\/td>\n<td style=\"text-align: right;\">169<\/td>\n<td style=\"text-align: right;\">345<\/td>\n<td style=\"text-align: right;\">318<\/td>\n<td style=\"text-align: right;\">4<\/td>\n<\/tr>\n<tr>\n<td><strong>TOTAL<\/strong><\/td>\n<td style=\"text-align: right;\">864<\/td>\n<td style=\"text-align: right;\">900<\/td>\n<td style=\"text-align: right;\">831<\/td>\n<td style=\"text-align: right;\">30<\/td>\n<\/tr>\n<\/tbody>\n<\/table>\n<p>&nbsp;<\/p>\n<h2>Les d\u00e9placements personnels<\/h2>\n<p>Seuls 1365 r\u00e9pondants indiquent quitter leur \u00e9tablissement en milieu de journ\u00e9e, soit 24,5 % du nombre total.<\/p>\n<ul>\n<li>551 de fa\u00e7on r\u00e9guli\u00e8re (plus d'une fois par semaine), soit 9,9 % du nombre total<\/li>\n<li>625 de fa\u00e7on occasionnelle (entre une fois par mois et une fois par semaine), soit 11,2 % du nombre total<\/li>\n<li>177 de fa\u00e7on ponctuelle (moins d'une fois par mois), soit 3,2 %<\/li>\n<\/ul>\n<p>Ces d\u00e9placements se font de la fa\u00e7on suivante<\/p>\n<table width=\"412\">\n<tbody>\n<tr>\n<td width=\"153\" style=\"text-align: center;\"><strong>Mode de d\u00e9placement<\/strong><\/td>\n<td width=\"126\" style=\"text-align: center;\"><strong>Nombre de r\u00e9pondants<\/strong><\/td>\n<td width=\"133\" style=\"text-align: center;\"><strong>% des r\u00e9pondants \u00e0 cette question<\/strong><\/td>\n<\/tr>\n<tr>\n<td><strong>Covoiturage<\/strong><\/td>\n<td style=\"text-align: right;\">64<\/td>\n<td style=\"text-align: right;\">4,7 %<\/td>\n<\/tr>\n<tr>\n<td><strong>Marche \u00e0 pied<\/strong><\/td>\n<td style=\"text-align: right;\">477<\/td>\n<td style=\"text-align: right;\">34,9 %<\/td>\n<\/tr>\n<tr>\n<td><strong>Transports en commun<\/strong><\/td>\n<td style=\"text-align: right;\">66<\/td>\n<td style=\"text-align: right;\">4,8 %<\/td>\n<\/tr>\n<tr>\n<td><strong>V\u00e9hicule de soci\u00e9t\u00e9<\/strong><\/td>\n<td style=\"text-align: right;\">56<\/td>\n<td style=\"text-align: right;\">4,1 %<\/td>\n<\/tr>\n<tr>\n<td><strong>V\u00e9hicule personnel<\/strong><\/td>\n<td style=\"text-align: right;\">679<\/td>\n<td style=\"text-align: right;\">49,7 %<\/td>\n<\/tr>\n<tr>\n<td><strong>V\u00e9lo<\/strong><\/td>\n<td style=\"text-align: right;\">18<\/td>\n<td style=\"text-align: right;\">1,3 %<\/td>\n<\/tr>\n<\/tbody>\n<\/table>\n<p>et avec une r\u00e9partition par secteur<\/p>\n<table width=\"536\">\n<tbody>\n<tr>\n<td width=\"153\"><strong><\/strong><\/td>\n<td width=\"26\" style=\"text-align: center;\"><strong>E1<\/strong><\/td>\n<td width=\"21\" style=\"text-align: center;\"><strong>N1<\/strong><\/td>\n<td width=\"26\" style=\"text-align: center;\"><strong>N3<\/strong><\/td>\n<td width=\"32\" style=\"text-align: center;\"><strong>N4<\/strong><\/td>\n<td width=\"26\" style=\"text-align: center;\"><strong>N5<\/strong><\/td>\n<td width=\"26\" style=\"text-align: center;\"><strong>S1<\/strong><\/td>\n<td width=\"32\" style=\"text-align: center;\"><strong>S3<\/strong><\/td>\n<\/tr>\n<tr>\n<td width=\"153\"><strong>Covoiturage<\/strong><\/td>\n<td width=\"26\" style=\"text-align: right;\"><\/td>\n<td width=\"21\" style=\"text-align: right;\">1<br \/>(2,5 %)<\/td>\n<td width=\"26\" style=\"text-align: right;\">3<br \/>(3,5%)<\/td>\n<td width=\"32\" style=\"text-align: right;\">17<br \/>(3,7 %)<\/td>\n<td width=\"26\" style=\"text-align: right;\">1<br \/>(1,0 %)<\/td>\n<td width=\"26\" style=\"text-align: right;\">19<br \/>(8,3 %)<\/td>\n<td width=\"32\" style=\"text-align: right;\">23<br \/>(5,7 %)<\/td>\n<\/tr>\n<tr>\n<td><strong>Marche \u00e0 pied<\/strong><\/td>\n<td style=\"text-align: right;\">18<br \/>(45,0 %)<\/td>\n<td style=\"text-align: right;\">19<br \/>(47,5 %)<\/td>\n<td style=\"text-align: right;\">26<br \/>(30,6 %)<\/td>\n<td style=\"text-align: right;\">223<br \/>(48,9 %)<\/td>\n<td style=\"text-align: right;\">95<br \/>(93,1 %)<\/td>\n<td style=\"text-align: right;\">31<br \/>(13,5 %)<\/td>\n<td style=\"text-align: right;\">63<br \/>(15,6 %)<\/td>\n<\/tr>\n<tr>\n<td><strong>Transports en commun<\/strong><\/td>\n<td style=\"text-align: right;\">1<br \/>(2,5 %)<\/td>\n<td style=\"text-align: right;\">2<br \/>(5,0 %)<\/td>\n<td style=\"text-align: right;\">6<br \/>(7,1 %)<\/td>\n<td style=\"text-align: right;\">19<br \/>(4,2 %)<\/td>\n<td style=\"text-align: right;\">3<br \/>(2,9 %)<\/td>\n<td style=\"text-align: right;\">15<br \/>(6,5 %)<\/td>\n<td style=\"text-align: right;\">20<br \/>(5,0 %)<\/td>\n<\/tr>\n<tr>\n<td><strong>V\u00e9hicule de soci\u00e9t\u00e9<\/strong><\/td>\n<td style=\"text-align: right;\">17<br \/>(42,5 %)<\/td>\n<td style=\"text-align: right;\">2<br \/>(5,0 %)<\/td>\n<td style=\"text-align: right;\">14<br \/>(16,5 %)<\/td>\n<td style=\"text-align: right;\">10<br \/>(2,2 %)<\/td>\n<td style=\"text-align: right;\"><\/td>\n<td style=\"text-align: right;\">2<br \/>(0,9 %)<\/td>\n<td style=\"text-align: right;\">11<br \/>(2,7 %)<\/td>\n<\/tr>\n<tr>\n<td><strong>V\u00e9hicule personnel<\/strong><\/td>\n<td style=\"text-align: right;\">4<br \/>(2,5 %)<\/td>\n<td style=\"text-align: right;\">15<br \/>(37,5 %)<\/td>\n<td style=\"text-align: right;\">36<br \/>(42,4 %)<\/td>\n<td style=\"text-align: right;\">181<br \/>(4,0 %)<\/td>\n<td style=\"text-align: right;\">3<br \/>(2,9 %)<\/td>\n<td style=\"text-align: right;\">158<br \/>(68,7 %)<\/td>\n<td style=\"text-align: right;\">280<br \/>(69,5 %)<\/td>\n<\/tr>\n<tr>\n<td><strong>V\u00e9lo<\/strong><\/td>\n<td style=\"text-align: right;\"><\/td>\n<td style=\"text-align: right;\">1<br \/>(2,5 %)<\/td>\n<td style=\"text-align: right;\"><\/td>\n<td style=\"text-align: right;\">6<br \/>(1,3 %)<\/td>\n<td style=\"text-align: right;\"><\/td>\n<td style=\"text-align: right;\">5<br \/>(2,2 %)<\/td>\n<td style=\"text-align: right;\">6<br \/>(1,5 %)<\/td>\n<\/tr>\n<\/tbody>\n<\/table>\n<p>L'interpr\u00e9tation de ces chiffres doit tenir compte de l'offre disponible dans chacun des secteurs, de la localisation des destinations (dont la premi\u00e8re pourrait \u00eatre le centre commercial V\u00e9lizy 2), mais aussi des \u00e9ventuelles contraintes (par exemple des emballages encombrants ou lourds de ce centre commercial)<\/p><\/div>\n\t\t\t<\/div>\n\t\t\t<\/div>\n\t\t\t\t\n\t\t\t\t\n\t\t\t\t\n\t\t\t\t\n\t\t\t<\/div>\n\t\t\t\t\n\t\t\t\t\n\t\t\t<\/div>\n","protected":false},"excerpt":{"rendered":"","protected":false},"author":1,"featured_media":0,"parent":0,"menu_order":0,"comment_status":"closed","ping_status":"closed","template":"","meta":{"_acf_changed":false,"inline_featured_image":false,"_et_pb_use_builder":"on","_et_pb_old_content":"","_et_gb_content_width":"","footnotes":""},"dipi_cpt_category":[],"class_list":["post-8213","page","type-page","status-publish","hentry"],"acf":[],"dsm_author":{"name":"Association Horizon Employeur","avatar_url":"https:\/\/www.horizonemployeur.fr\/wp2019\/wp-content\/plugins\/ultimate-member\/assets\/img\/default_avatar.jpg","archive_link":"https:\/\/www.horizonemployeur.fr\/wp2019\/author\/horizonemployeur\/","biodata":""},"dsm_categories":[],"dsm_attachment_categories":[],"dsm_featured_image":null,"_links":{"self":[{"href":"https:\/\/www.horizonemployeur.fr\/wp2019\/wp-json\/wp\/v2\/pages\/8213","targetHints":{"allow":["GET"]}}],"collection":[{"href":"https:\/\/www.horizonemployeur.fr\/wp2019\/wp-json\/wp\/v2\/pages"}],"about":[{"href":"https:\/\/www.horizonemployeur.fr\/wp2019\/wp-json\/wp\/v2\/types\/page"}],"author":[{"embeddable":true,"href":"https:\/\/www.horizonemployeur.fr\/wp2019\/wp-json\/wp\/v2\/users\/1"}],"replies":[{"embeddable":true,"href":"https:\/\/www.horizonemployeur.fr\/wp2019\/wp-json\/wp\/v2\/comments?post=8213"}],"version-history":[{"count":0,"href":"https:\/\/www.horizonemployeur.fr\/wp2019\/wp-json\/wp\/v2\/pages\/8213\/revisions"}],"wp:attachment":[{"href":"https:\/\/www.horizonemployeur.fr\/wp2019\/wp-json\/wp\/v2\/media?parent=8213"}],"wp:term":[{"taxonomy":"dipi_cpt_category","embeddable":true,"href":"https:\/\/www.horizonemployeur.fr\/wp2019\/wp-json\/wp\/v2\/dipi_cpt_category?post=8213"}],"curies":[{"name":"wp","href":"https:\/\/api.w.org\/{rel}","templated":true}]}}