{"id":3620,"date":"2017-11-17T16:56:39","date_gmt":"2017-11-17T15:56:39","guid":{"rendered":"http:\/\/www.horizonemployeur.fr\/wordpress\/?page_id=3620"},"modified":"2026-05-13T17:48:34","modified_gmt":"2026-05-13T15:48:34","slug":"taxis","status":"publish","type":"page","link":"https:\/\/www.horizonemployeur.fr\/wp2019\/taxis\/","title":{"rendered":"Les taxis"},"content":{"rendered":"\n<div class=\"et_pb_section_0 et_pb_section et_section_regular et_block_section\"><div class=\"et_pb_row_0 et_pb_row et_block_row\"><div class=\"et_pb_column_0 et_pb_column et_pb_column_4_4 et-last-child et_block_column et_pb_css_mix_blend_mode_passthrough\"><div class=\"et_pb_text_0 et_pb_text et_pb_bg_layout_light et_pb_module et_block_module\"><div class=\"et_pb_text_inner\"><h1>Comment cela fonctionne<\/h1>\n<\/div><\/div><\/div><\/div><div class=\"et_pb_row_1 et_pb_row et_block_row\"><div class=\"et_pb_column_1 et_pb_column et_pb_column_4_4 et-last-child et_block_column et_pb_css_mix_blend_mode_passthrough\"><div class=\"et_pb_text_1 et_pb_text et_pb_bg_layout_light et_pb_module et_block_module\"><div class=\"et_pb_text_inner\"><p><img loading=\"lazy\" decoding=\"async\" class=\"alignnone size-medium wp-image-2604\" src=\"http:\/\/www.horizonemployeur.fr\/wordpress\/wp-content\/uploads\/2014\/02\/P1130263_taxi-300x143.jpg\" alt=\"P1130263_taxi\" width=\"300\" height=\"143\" style=\"font-size: 14px;\" srcset=\"https:\/\/www.horizonemployeur.fr\/wp2019\/wp-content\/uploads\/2014\/02\/P1130263_taxi-300x143.jpg 300w, https:\/\/www.horizonemployeur.fr\/wp2019\/wp-content\/uploads\/2014\/02\/P1130263_taxi.jpg 400w\" sizes=\"(max-width: 300px) 100vw, 300px\" \/><\/p>\n<p>Les taxis font l'objet d'une r\u00e9glementation stricte:<\/p>\n<ul>\n<li>le conducteur dispose d'une autorisation de stationnement, lui permettant d'embarquer sans r\u00e9servation pr\u00e9alable son ou ses passagers sur la voie publique, \u00e0 une station de taxis, dans une file d'attente de gare ou d'a\u00e9roport, mais seulement sur un territoire d\u00e9fini dans l'autorisation (Paris et un certain nombre de communes de petite couronne pour les taxis parisiens, les territoires de V\u00e9lizy-Villacoublay, Viroflay et Jouy-en-Josas pour les taxis de l'une de ces 3 communes).<br \/>Mais le taxi peut aussi avoir \u00e9t\u00e9 r\u00e9serv\u00e9 par application ou par t\u00e9l\u00e9phone, et il peut alors prendre son ou ses passagers n'importe o\u00f9 en France<\/li>\n<li>le v\u00e9hicule est \u00e9quip\u00e9 d'un taxim\u00e8tre (compteur), d'une imprimante (\u00e9dition des factures), d'un terminal de paiement et d'un indicateur lumineux ext\u00e9rieur \"TAXI\"<\/li>\n<li>les tarifs sont r\u00e9glement\u00e9s par le Minist\u00e8re de l'Economie et fix\u00e9s localement par un arr\u00eat\u00e9 pr\u00e9fectoral. Ils comprennent g\u00e9n\u00e9ralement une prise en charge, des tarifs kilom\u00e9triques, des tarifs horaires (en cas d'attente ou de circulation \u00e0 faible vitesse), des suppl\u00e9ments (bagages ou colis, animaux, 4e passager)<\/li>\n<li>une note est \u00e9dit\u00e9e pour toute course d'un montant sup\u00e9rieur \u00e0 25 EUR ou sur demande du voyageur<\/li>\n<\/ul>\n<p>Vous pourrez trouver des informations plus d\u00e9taill\u00e9es sur le site de la DGCCRF:\u00a0<a href=\"https:\/\/www.economie.gouv.fr\/dgccrf\/Publications\/Vie-pratique\/Fiches-pratiques\/Taxi\">https:\/\/www.economie.gouv.fr\/dgccrf\/Publications\/Vie-pratique\/Fiches-pratiques\/Taxi<\/a><\/p>\n<p>La zone des taxis parisiens comprend Paris, un certain nombre de communes de petite couronne, mais aussi les a\u00e9roports Roissy-CDG et Orly, ainsi que le parc des expositions de Villepinte.<\/p>\n<p><img loading=\"lazy\" decoding=\"async\" src=\"https:\/\/www.horizonemployeur.fr\/wp2019\/wp-content\/uploads\/2019\/05\/Zone-taxis-parisiens.png\" width=\"547\" height=\"589\" alt=\"\" class=\"wp-image-7695 alignnone size-full\" style=\"display: block; margin-left: auto; margin-right: auto;\" srcset=\"https:\/\/www.horizonemployeur.fr\/wp2019\/wp-content\/uploads\/2019\/05\/Zone-taxis-parisiens.png 547w, https:\/\/www.horizonemployeur.fr\/wp2019\/wp-content\/uploads\/2019\/05\/Zone-taxis-parisiens-279x300.png 279w\" sizes=\"(max-width: 547px) 100vw, 547px\" \/><\/p>\n<\/div><\/div><\/div><\/div><div class=\"et_pb_row_2 et_pb_row et_block_row\"><div class=\"et_pb_column_2 et_pb_column et_pb_column_4_4 et-last-child et_block_column et_pb_css_mix_blend_mode_passthrough\"><div class=\"et_pb_text_2 et_pb_text et_pb_bg_layout_light et_pb_module et_block_module\"><div class=\"et_pb_text_inner\"><h1>Comment commander un taxi<\/h1>\n<\/div><\/div><\/div><\/div><div class=\"et_pb_row_3 et_pb_row et_block_row\"><div class=\"et_pb_column_3 et_pb_column et_pb_column_4_4 et-last-child et_block_column et_pb_css_mix_blend_mode_passthrough\"><div class=\"et_pb_text_3 et_pb_text et_pb_bg_layout_light et_pb_module et_block_module\"><div class=\"et_pb_text_inner\"><p><span style=\"font-size: 14px;\">Voici les taxis disponibles sur notre secteur<\/span><\/p>\n<p><span style=\"font-size: 14px;\"><span style=\"font-weight: bold; text-decoration-line: underline;\">sur V\u00e9lizy, mais aussi Viroflay et Jouy-en-Josas<\/span><\/span><\/p>\n<ul>\n<li><strong>Taxis Diligence<\/strong>, 14 bis\u00a0avenue Robert Wagner,\u00a078140 V\u00e9lizy-Villacoublay \u00a0\u00a001 39 46 33 33\u00a0\u00a0<a href=\"http:\/\/www.taxi-diligence.com\/\" target=\"_blank\" rel=\"noopener noreferrer\">www.taxi-diligence.com<\/a><\/li>\n<\/ul>\n<p><strong><span style=\"text-decoration: underline;\">sur Meudon<\/span><\/strong><\/p>\n<ul>\n<li><strong>Central taxis de Meudon\u00a0<\/strong>01 46 30 90 12 ou 06 73 38 53 01 (r\u00e9servation entre 7h et 21h)<\/li>\n<li><strong>Eric Barnole<span>\u00a0\u00a0<\/span><\/strong>06 30 73 22 61<\/li>\n<li><strong>Abdljouad Elabed<\/strong>\u00a006 52 02 88 00<\/li>\n<li><strong>Na\u00efm Elabed\u00a0<\/strong>06 17 21 11 62<\/li>\n<li><strong>Antonio Frade\u00a0<\/strong>06 11 86 53 61<\/li>\n<li><strong>Kacem Harrat<\/strong> 06 40 33 94 30<\/li>\n<li><strong>\u00c9ric Jacquart<\/strong> 06 60 74 21 41<\/li>\n<li><strong>Mounir Laaraj<\/strong> 06 58 19 86 06<\/li>\n<li><strong>Gary Migonney\u00a0<\/strong>06 60 25 20 20<\/li>\n<li><strong>Mohamed Tali\u00a0<\/strong>07 68 08 37 43<\/li>\n<li><strong>Patrick Vieira\u00a0<\/strong>06 64 16 65 23<\/li>\n<\/ul>\n<ul><\/ul>\n<p>(source <a href=\"https:\/\/www.meudon.fr\/taxis\/\">https:\/\/www.meudon.fr\/taxis\/<\/a>, f\u00e9vrier 2023)<\/p>\n<p><strong style=\"font-size: 14px;\">sur Bi\u00e8vres<\/strong><\/p>\n<ul>\n<li><strong>Mes taxis<\/strong> 06 64 79 23 57. Disponible 24H\/24.<\/li>\n<li><strong>Bruno Brachet<\/strong>\u00a0 06 88 21 73 86<\/li>\n<li><strong>A.M.A Taxi<\/strong>\u00a0 06 20 02 40 83<\/li>\n<li><strong>AITRA Taxi (Palaiseau)<\/strong>\u00a0 01 60 14 33 33<\/li>\n<li><span><strong>Taxis Abeille 78 (Versailles et alentours)<\/strong> 01 39 50 50 00<\/span><\/li>\n<\/ul>\n<p>(source\u00a0<a href=\"https:\/\/www.bievres.fr\/covoiturage\/\">https:\/\/www.bievres.fr\/covoiturage\/<\/a>, f\u00e9vrier 2023)<\/p>\n<p>&nbsp;<\/p>\n<\/div><\/div><\/div><\/div><div class=\"et_pb_row_4 et_pb_row et_block_row\"><div class=\"et_pb_column_4 et_pb_column et_pb_column_4_4 et-last-child et_block_column et_pb_css_mix_blend_mode_passthrough\"><div class=\"et_pb_text_4 et_pb_text et_pb_bg_layout_light et_pb_module et_block_module\"><div class=\"et_pb_text_inner\"><h2>le.taxi, la maraude \u00e9lectronique<\/h2>\n<\/div><\/div><\/div><\/div><div class=\"et_pb_row_5 et_pb_row et_block_row\"><div class=\"et_pb_column_5 et_pb_column et_pb_column_4_4 et-last-child et_block_column et_pb_css_mix_blend_mode_passthrough\"><div class=\"et_pb_text_5 et_pb_text et_pb_bg_layout_light et_pb_module et_block_module\"><div class=\"et_pb_text_inner\"><p><span style=\"font-size: 14px;\">Le minist\u00e8re charg\u00e9 des transports a mis en place en 2021 le.taxi, une API \"registre de disponibilit\u00e9 des taxis\" \u00e0 laquelle tous les taxis de France doivent \u00eatre connect\u00e9s lorsqu'ils sont libres.<\/span><\/p>\n<p>Ce service financ\u00e9 par le minist\u00e8re vise \u00e0 proposer aux services MaaS (Mobility as a Service, agr\u00e9gateurs de mobilit\u00e9 multimodale) les informations relatives \u00e0 d'\u00e9ventuels taxis libres dans un rayon de 500 m autour de l'utilisateur de l'application. Une fois l'int\u00e9gration faite, l'application du service MaaS pourra proposer, en r\u00e9ponse \u00e0 une demande d'itin\u00e9raire, \u00e0 c\u00f4t\u00e9 des transports en commun, des modes actifs comme le v\u00e9lo, la trottinette ou le scooter en libre-service, l'option taxi.<\/p>\n<p>Pour plus d'informations : <a href=\"https:\/\/le.taxi\/\">https:\/\/le.taxi\/<\/a>\u00a0<\/p>\n<p>Attention, ce site ne donne directement aucune information quant \u00e0 la pr\u00e9sence d'un taxi libre \u00e0 proximit\u00e9. Il faut utiliser une des applications o\u00f9 l'API est int\u00e9gr\u00e9e.<\/p>\n<p>&nbsp;<\/p>\n<\/div><\/div><\/div><\/div><div class=\"et_pb_row_6 et_pb_row et_block_row\"><div class=\"et_pb_column_6 et_pb_column et_pb_column_4_4 et-last-child et_block_column et_pb_css_mix_blend_mode_passthrough\"><div class=\"et_pb_text_6 et_pb_text et_pb_bg_layout_light et_pb_module et_block_module\"><div class=\"et_pb_text_inner\"><h1>Combien cela co\u00fbte<\/h1>\n<\/div><\/div><\/div><\/div><div class=\"et_pb_row_7 et_pb_row et_block_row\"><div class=\"et_pb_column_7 et_pb_column et_pb_column_4_4 et-last-child et_block_column et_pb_css_mix_blend_mode_passthrough\"><div class=\"et_pb_text_7 et_pb_text et_pb_bg_layout_light et_pb_module et_block_module\"><div class=\"et_pb_text_inner\"><p>Les prix en 2023<\/p>\n<ul>\n<li>Arr\u00eat\u00e9 du 16 janvier 2023 (\u00e0 port\u00e9e nationale): <a href=\"https:\/\/www.legifrance.gouv.fr\/jorf\/id\/JORFTEXT000047011590\">https:\/\/www.legifrance.gouv.fr\/jorf\/id\/JORFTEXT000047011590<\/a>\u00a0<\/li>\n<li>Paris et communes de petite couronne incluses dans la zone des taxis parisiens :\n<ul>\n<li><a href=\"https:\/\/www.prefecturedepolice.interieur.gouv.fr\/demarches\/taxis-parisiens-client\">https:\/\/www.prefecturedepolice.interieur.gouv.fr\/demarches\/taxis-parisiens-client<\/a>\u00a0<\/li>\n<li><a href=\"https:\/\/www.prefecturedepolice.interieur.gouv.fr\/sites\/default\/files\/Documents\/Arrete_2023-00081_30012023_RAA%2075-2023-01-30-00005.pdf\" type=\"application\/pdf\" length=\"397633\" title=\"Arr\u00eat\u00e9 du 30 janvier 2023 fixant les tarifs applicables aux taxis parisiens (PDF 388.3 Ko), Nouvelle fen\u00eatre\" target=\"_blank\" rel=\"noopener\">Arr\u00eat\u00e9 du 30 janvier 2023 fixant les tarifs applicables aux taxis parisiens<\/a><a href=\"https:\/\/www.prefecturedepolice.interieur.gouv.fr\/content\/download\/36122\/268158\/file\/Arrete%202020-00163%20-%20tarifs%20applicables%20aux%20taxis%20parisiens.pdf\"><\/a><\/li>\n<li><a href=\"https:\/\/www.prefecturedepolice.interieur.gouv.fr\/sites\/default\/files\/Documents\/Plaquette_T3P_2022.pdf\" type=\"application\/pdf\" length=\"1296708\" title=\"Plaquette 2022 Vos d\u00e9placements en taxi parisien, VTC et VMDTR (PDF 1.2 Mo), Nouvelle fen\u00eatre\" target=\"_blank\" rel=\"noopener\">Plaquette 2022 Vos d\u00e9placements en taxi parisien, VTC et VMDTR<\/a><\/li>\n<\/ul>\n<\/li>\n<li>Yvelines: <a class=\"fr-download__link\" href=\"https:\/\/www.yvelines.gouv.fr\/contenu\/telechargement\/29222\/169146\/file\/Arr%C3%AAt%C3%A9%20tarifs%20courses%20taxis%202023.pdf\" target=\"_blank\" data-xiti-site=\"491148\" data-xiti-name=\"lien_telechargement::Taxis::::Arrete_tarifs_courses_taxis_2023.pdf\" data-xiti-type=\"download\" data-xiti-niv2=\"\" rel=\"noopener\">Arr\u00eat\u00e9 du 30 janvier 2023 tarifs courses taxis 2023<\/a><\/li>\n<li>Hauts-de-Seine (hors zone taxis parisiens): <span style=\"text-decoration: line-through;\"><a href=\"http:\/\/www.hauts-de-seine.gouv.fr\/content\/download\/14706\/98897\/file\/2020-01-22%20RAA%20sp%C3%A9cial%20DCL%20du%2022%20janvier%202020.pdf\">arr\u00eat\u00e9 pr\u00e9fectoral DCL\/BRGE 2020\/005 du 15 janvier 2020<\/a><\/span><\/li>\n<li>Essonne: <a href=\"https:\/\/www.essonne.gouv.fr\/index.php\/contenu\/telechargement\/30819\/236791\/file\/Arr%C3%AAt%C3%A9%20Taxi%20tarifs%202023.pdf\">Arr\u00eat\u00e9 2023-PREF-DRSR-SESR n\u00b0004 du 30 janvier 2023<\/a><\/li>\n<\/ul>\n<\/div><\/div><\/div><\/div><\/div>\n","protected":false},"excerpt":{"rendered":"","protected":false},"author":1,"featured_media":0,"parent":0,"menu_order":0,"comment_status":"closed","ping_status":"closed","template":"","meta":{"_acf_changed":false,"inline_featured_image":false,"footnotes":""},"dipi_cpt_category":[],"class_list":["post-3620","page","type-page","status-publish","hentry"],"acf":[],"dsm_author":{"name":"Association Horizon Employeur","avatar_url":"https:\/\/www.horizonemployeur.fr\/wp2019\/wp-content\/plugins\/ultimate-member\/assets\/img\/default_avatar.jpg","archive_link":"https:\/\/www.horizonemployeur.fr\/wp2019\/author\/horizonemployeur\/","biodata":""},"dsm_categories":[],"dsm_attachment_categories":[],"dsm_featured_image":null,"_links":{"self":[{"href":"https:\/\/www.horizonemployeur.fr\/wp2019\/wp-json\/wp\/v2\/pages\/3620","targetHints":{"allow":["GET"]}}],"collection":[{"href":"https:\/\/www.horizonemployeur.fr\/wp2019\/wp-json\/wp\/v2\/pages"}],"about":[{"href":"https:\/\/www.horizonemployeur.fr\/wp2019\/wp-json\/wp\/v2\/types\/page"}],"author":[{"embeddable":true,"href":"https:\/\/www.horizonemployeur.fr\/wp2019\/wp-json\/wp\/v2\/users\/1"}],"replies":[{"embeddable":true,"href":"https:\/\/www.horizonemployeur.fr\/wp2019\/wp-json\/wp\/v2\/comments?post=3620"}],"version-history":[{"count":1,"href":"https:\/\/www.horizonemployeur.fr\/wp2019\/wp-json\/wp\/v2\/pages\/3620\/revisions"}],"predecessor-version":[{"id":20988,"href":"https:\/\/www.horizonemployeur.fr\/wp2019\/wp-json\/wp\/v2\/pages\/3620\/revisions\/20988"}],"wp:attachment":[{"href":"https:\/\/www.horizonemployeur.fr\/wp2019\/wp-json\/wp\/v2\/media?parent=3620"}],"wp:term":[{"taxonomy":"dipi_cpt_category","embeddable":true,"href":"https:\/\/www.horizonemployeur.fr\/wp2019\/wp-json\/wp\/v2\/dipi_cpt_category?post=3620"}],"curies":[{"name":"wp","href":"https:\/\/api.w.org\/{rel}","templated":true}]}}