{"id":2295,"date":"2014-02-26T08:30:33","date_gmt":"2014-02-26T07:30:33","guid":{"rendered":"http:\/\/horizonmobi.wordpress.com\/?page_id=1"},"modified":"2021-04-30T16:12:41","modified_gmt":"2021-04-30T14:12:41","slug":"a-propos","status":"publish","type":"page","link":"https:\/\/www.horizonemployeur.fr\/wp2019\/a-propos\/","title":{"rendered":"L&#8217;association Horizon Employeur"},"content":{"rendered":"\n<div class=\"et_d4_element et_pb_section et_pb_section_0  et_pb_css_mix_blend_mode et_section_regular et_block_section\" >\n\t\t\t\t\n\t\t\t\t\n\t\t\t\t\n\t\t\t\t\n\t\t\t\t\n\t\t\t\t\n\t\t\t\t<div class=\"et_d4_element et_pb_row et_pb_row_0  et_pb_css_mix_blend_mode et_block_row\">\n\t\t\t\t<div class=\"et_d4_element et_pb_column_4_4 et_pb_column et_pb_column_0  et_pb_css_mix_blend_mode et-last-child et_block_column\">\n\t\t\t\t\n\t\t\t\t\n\t\t\t\t\n\t\t\t\t\n\t\t\t\t<div class=\"et_pb_module et_d4_element et_pb_post_title et_pb_post_title_0 et_pb_bg_layout_light  et_pb_text_align_left\"   >\n\t\t\t\t\n\t\t\t\t\n\t\t\t\t\n\t\t\t\t\n\t\t\t\t\n\t\t\t\t<div class=\"et_pb_title_container\">\n\t\t\t\t\t<h1 class=\"entry-title\"><\/h1>\n\t\t\t\t<\/div>\n\t\t\t\t\n\t\t\t<\/div><div class=\"et_pb_module et_d4_element et_pb_text et_pb_text_0  et_pb_text_align_left et_pb_bg_layout_light\">\n\t\t\t\t\n\t\t\t\t\n\t\t\t\t\n\t\t\t\t\n\t\t\t\t<div class=\"et_pb_text_inner\">L'association Horizon Employeur a \u00e9t\u00e9 cr\u00e9\u00e9e en janvier 2007. La finalit\u00e9 de l'association est \u00ab <em>la mise en oeuvre d'actions collectives, \u00e0 destination prioritairement des membres de l'association et de leurs employ\u00e9s, en particulier dans les domaines du transport, du logement et des services<\/em> \u00bb (statuts version avril 2017).\n\nElle comprend aujourd'hui&nbsp; une quarantaine d'\u00e9tablissements du plateau de V\u00e9lizy (V\u00e9lizy-Villacoublay, Meudon-la-For\u00eat et Bi\u00e8vres (Burospace)), dont la plupart des grandes entreprises. Elle travaille avec les partenaires que sont la Chambre de Commerce et d'Industrie Versailles-Yvelines et les collectivit\u00e9s locales (ville de V\u00e9lizy-Villacoublay, ville de Meudon, communaut\u00e9 d'agglom\u00e9ration Versailles Grand Parc, \u00e9tablissement public territorial Grand Paris Seine Ouest).\n\nCe site, principalement tourn\u00e9 vers les th\u00e9matiques li\u00e9es \u00e0 la mobilit\u00e9 et au logement dans et autour d'Inovel Parc, est g\u00e9r\u00e9 par le secr\u00e9taire de l'association.\n\nContact mail: contact[at]horizonemployeur.fr<\/div>\n\t\t\t<\/div>\n\t\t\t<\/div>\n\t\t\t\t\n\t\t\t\t\n\t\t\t\t\n\t\t\t\t\n\t\t\t<\/div>\n\t\t\t\t\n\t\t\t\t\n\t\t\t<\/div>\n","protected":false},"excerpt":{"rendered":"","protected":false},"author":1,"featured_media":0,"parent":0,"menu_order":0,"comment_status":"open","ping_status":"closed","template":"","meta":{"_acf_changed":false,"inline_featured_image":false,"_et_pb_use_builder":"on","_et_pb_old_content":"L'association Horizon Employeur a \u00e9t\u00e9 cr\u00e9\u00e9e en janvier 2007. La finalit\u00e9 de l'association est \u00ab <em>la mise en oeuvre d'actions collectives, \u00e0 destination prioritairement des membres de l'association et de leurs employ\u00e9s, en particulier dans les domaines du transport, du logement et des services<\/em> \u00bb (statuts version avril 2017).\n\nElle comprend aujourd'hui&nbsp; une quarantaine d'\u00e9tablissements du plateau de V\u00e9lizy (V\u00e9lizy-Villacoublay, Meudon-la-For\u00eat et Bi\u00e8vres (Burospace)), dont la plupart des grandes entreprises. Elle travaille avec les partenaires que sont la Chambre de Commerce et d'Industrie Versailles-Yvelines et les collectivit\u00e9s locales (ville de V\u00e9lizy-Villacoublay, ville de Meudon, communaut\u00e9 d'agglom\u00e9ration Versailles Grand Parc, \u00e9tablissement public territorial Grand Paris Seine Ouest).\n\nCe site, principalement tourn\u00e9 vers les th\u00e9matiques li\u00e9es \u00e0 la mobilit\u00e9 et au logement dans et autour d'Inovel Parc, est g\u00e9r\u00e9 par le secr\u00e9taire de l'association.\n\nContact mail: contact[at]horizonemployeur.fr","_et_gb_content_width":"","footnotes":""},"dipi_cpt_category":[],"class_list":["post-2295","page","type-page","status-publish","hentry"],"acf":[],"dsm_author":{"name":"Association Horizon Employeur","avatar_url":"https:\/\/www.horizonemployeur.fr\/wp2019\/wp-content\/plugins\/ultimate-member\/assets\/img\/default_avatar.jpg","archive_link":"https:\/\/www.horizonemployeur.fr\/wp2019\/author\/horizonemployeur\/","biodata":""},"dsm_categories":[],"dsm_attachment_categories":[],"dsm_featured_image":null,"_links":{"self":[{"href":"https:\/\/www.horizonemployeur.fr\/wp2019\/wp-json\/wp\/v2\/pages\/2295","targetHints":{"allow":["GET"]}}],"collection":[{"href":"https:\/\/www.horizonemployeur.fr\/wp2019\/wp-json\/wp\/v2\/pages"}],"about":[{"href":"https:\/\/www.horizonemployeur.fr\/wp2019\/wp-json\/wp\/v2\/types\/page"}],"author":[{"embeddable":true,"href":"https:\/\/www.horizonemployeur.fr\/wp2019\/wp-json\/wp\/v2\/users\/1"}],"replies":[{"embeddable":true,"href":"https:\/\/www.horizonemployeur.fr\/wp2019\/wp-json\/wp\/v2\/comments?post=2295"}],"version-history":[{"count":0,"href":"https:\/\/www.horizonemployeur.fr\/wp2019\/wp-json\/wp\/v2\/pages\/2295\/revisions"}],"wp:attachment":[{"href":"https:\/\/www.horizonemployeur.fr\/wp2019\/wp-json\/wp\/v2\/media?parent=2295"}],"wp:term":[{"taxonomy":"dipi_cpt_category","embeddable":true,"href":"https:\/\/www.horizonemployeur.fr\/wp2019\/wp-json\/wp\/v2\/dipi_cpt_category?post=2295"}],"curies":[{"name":"wp","href":"https:\/\/api.w.org\/{rel}","templated":true}]}}

<div class="et_d4_element et_pb_section et_pb_section_0  et_pb_css_mix_blend_mode et_section_regular et_block_section" >
				
				
				
				
				
				
				<div class="et_d4_element et_pb_row et_pb_row_0  et_pb_css_mix_blend_mode et_block_row">
				<div class="et_d4_element et_pb_column_4_4 et_pb_column et_pb_column_0  et_pb_css_mix_blend_mode et-last-child et_block_column">
				
				
				
				
				<div class="et_pb_module et_d4_element et_pb_post_title et_pb_post_title_0 et_pb_bg_layout_light  et_pb_text_align_left"   >
				
				
				
				
				
				<div class="et_pb_title_container">
					<h1 class="entry-title"></h1>
				</div>
				
			</div><div class="et_pb_module et_d4_element et_pb_text et_pb_text_0  et_pb_text_align_left et_pb_bg_layout_light">
				
				
				
				
				<div class="et_pb_text_inner">L'association Horizon Employeur a été créée en janvier 2007. La finalité de l'association est « <em>la mise en oeuvre d'actions collectives, à destination prioritairement des membres de l'association et de leurs employés, en particulier dans les domaines du transport, du logement et des services</em> » (statuts version avril 2017).

Elle comprend aujourd'hui&nbsp; une quarantaine d'établissements du plateau de Vélizy (Vélizy-Villacoublay, Meudon-la-Forêt et Bièvres (Burospace)), dont la plupart des grandes entreprises. Elle travaille avec les partenaires que sont la Chambre de Commerce et d'Industrie Versailles-Yvelines et les collectivités locales (ville de Vélizy-Villacoublay, ville de Meudon, communauté d'agglomération Versailles Grand Parc, établissement public territorial Grand Paris Seine Ouest).

Ce site, principalement tourné vers les thématiques liées à la mobilité et au logement dans et autour d'Inovel Parc, est géré par le secrétaire de l'association.

Contact mail: contact[at]horizonemployeur.fr</div>
			</div>
			</div>
				
				
				
				
			</div>
				
				
			</div>

L'association Horizon Employeur a été créée en janvier 2007. La finalité de l'association est « <em>la mise en oeuvre d'actions collectives, à destination prioritairement des membres de l'association et de leurs employés, en particulier dans les domaines du transport, du logement et des services</em> » (statuts version avril 2017).

Elle comprend aujourd'hui&nbsp; une quarantaine d'établissements du plateau de Vélizy (Vélizy-Villacoublay, Meudon-la-Forêt et Bièvres (Burospace)), dont la plupart des grandes entreprises. Elle travaille avec les partenaires que sont la Chambre de Commerce et d'Industrie Versailles-Yvelines et les collectivités locales (ville de Vélizy-Villacoublay, ville de Meudon, communauté d'agglomération Versailles Grand Parc, établissement public territorial Grand Paris Seine Ouest).

Ce site, principalement tourné vers les thématiques liées à la mobilité et au logement dans et autour d'Inovel Parc, est géré par le secrétaire de l'association.

Contact mail: contact[at]horizonemployeur.fr
