{"id":2261,"date":"2016-04-08T10:29:06","date_gmt":"2016-04-08T08:29:06","guid":{"rendered":"https:\/\/horizonmobi.wordpress.com\/?page_id=2261"},"modified":"2026-05-13T17:48:12","modified_gmt":"2026-05-13T15:48:12","slug":"echangeur-a86","status":"publish","type":"page","link":"https:\/\/www.horizonemployeur.fr\/wp2019\/echangeur-a86\/","title":{"rendered":"L&#8217;\u00e9changeur &#8220;V\u00e9lizy 2&#8221; de l&#8217;A 86"},"content":{"rendered":"\n<div class=\"et_pb_section_0 et_pb_section et_section_regular et_block_section\"><div class=\"et_pb_row_0 et_pb_row et_block_row\"><div class=\"et_pb_column_0 et_pb_column et_pb_column_4_4 et-last-child et_block_column et_pb_css_mix_blend_mode_passthrough\"><div class=\"et_pb_text_0 et_pb_text et_pb_bg_layout_light et_pb_module et_block_module\"><div class=\"et_pb_text_inner\"><h1>La situation avant le projet<\/h1>\n<\/div><\/div><\/div><\/div><div class=\"et_pb_row_1 et_pb_row et_block_row\"><div class=\"et_pb_column_1 et_pb_column et_pb_column_4_4 et-last-child et_block_column et_pb_css_mix_blend_mode_passthrough\"><div class=\"et_pb_text_1 et_pb_text et_pb_bg_layout_light et_pb_module et_block_module\"><div class=\"et_pb_text_inner\"><p>Que ce soit pour rejoindre Inovel Parc Nord ou Inovel Parc Sud, il n'existe pratiquement qu'un acc\u00e8s unique c\u00f4t\u00e9 est:<\/p>\n<ul>\n<li>l'\u00e9changeur n\u00b03 de la RN 118 (V\u00e9lizy-Zone d'Emplois - Meudon-la-For\u00eat) pour Inovel Parc Nord, qu'on vienne du nord ou du sud<\/li>\n<li>l'\u00e9changeur n\u00b04.1 de la m\u00eame RN 118 (ZA Villacoublay) pour Inovel Parc Sud, uniquement en venant du nord<\/li>\n<\/ul>\n<p>A c\u00f4t\u00e9 de ces difficult\u00e9s depuis l'ext\u00e9rieur, le simple passage entre Inovel Parc Nord et Inovel Parc Sud, de part et d'autre de l'autoroute A 86, n\u00e9cessite, en voiture, de passer par l'\u00e9changeur A 86 x RN 118 et d'emprunter cette\u00a0RN 118 satur\u00e9e aux heures de pointe sur quelques centaines de m\u00e8tres.<\/p>\n<\/div><\/div><\/div><\/div><div class=\"et_pb_row_2 et_pb_row et_block_row\"><div class=\"et_pb_column_2 et_pb_column et_pb_column_4_4 et-last-child et_block_column et_pb_css_mix_blend_mode_passthrough\"><div class=\"et_pb_text_2 et_pb_text et_pb_bg_layout_light et_pb_module et_block_module\"><div class=\"et_pb_text_inner\"><h1>Le projet<\/h1>\n<\/div><\/div><\/div><\/div><div class=\"et_pb_row_3 et_pb_row et_block_row\"><div class=\"et_pb_column_3 et_pb_column et_pb_column_4_4 et-last-child et_block_column et_pb_css_mix_blend_mode_passthrough\"><div class=\"et_pb_text_3 et_pb_text et_pb_bg_layout_light et_pb_module et_block_module\"><div class=\"et_pb_text_inner\"><p>Pour ces raisons et pour d'autres encore, un projet routier a \u00e9t\u00e9 \u00e9labor\u00e9 visant \u00e0:<\/p>\n<ul>\n<li>cr\u00e9er une nouvelle sortie sur l'A 86 en provenance de Versailles \/ St-Quentin-en-Yvelines et deux nouveaux acc\u00e8s \u00e0 cette m\u00eame A 86 \u00e0 la fois en direction de Versailles \/ St-Quentin-en-Yvelines et d'Antony.<br \/>Il manque effectivement la 4e bretelle, ce qui aurait permis de sortir de l'A 86 en provenance de Cr\u00e9teil. Il faudra pour cela continuer \u00e0 emprunter la RN 118 puis les sorties n\u00b03 ou n\u00b0 4.1.<\/li>\n<li>cr\u00e9er un franchissement de l'A 86, entre Inovel Parc Nord et Inovel Parc Sud, totalement ind\u00e9pendant de la RN 118, ouvert \u00e0 toutes les cat\u00e9gories de v\u00e9hicules (voitures, camions, bus, mais aussi v\u00e9los)<\/li>\n<\/ul>\n<p>Ce nouvel \u00e9changeur se situera dans le prolongement de la partie de l'avenue de l'Europe passant devant le centre commercial V\u00e9lizy 2, et reliera l'avenue de l'Europe au nord et la rue du G\u00e9n\u00e9ral Val\u00e9rie Andr\u00e9 au sud, tout en assaurant les \u00e9changes avec l'autoroute A 86:<\/p>\n<ul>\n<li>la jonction \u00e0 l'avenue de l'Europe au nord s'effectuera moyennant la cr\u00e9ation d'un carrefour \u00e0 feux dont l'emplacement est approximativement celui du restaurant Courte Paille actuel<\/li>\n<li>la jonction \u00e0 la rue du G\u00e9n\u00e9ral Val\u00e9rie Andr\u00e9 au sud s'effectuera par un nouveau rond-point<\/li>\n<li>le franchissement de l'A 86 se fera par un passage sous l'autoroute comportant une voie de circulation g\u00e9n\u00e9rale dans chaque sens et une voie verte pi\u00e9tons - v\u00e9los.<\/li>\n<\/ul>\n<p>Au sud de l'A 86, le rond-point de Gisy plus \u00e0 l'est sera simplifi\u00e9 par la suppression des bretelles de sortie et d'entr\u00e9e de l'A 86 et celle du pont franchissant la bretelle de sortie de la RN 118.<\/p>\n<\/div><\/div><\/div><\/div><div class=\"et_pb_row_4 et_pb_row et_block_row\"><div class=\"et_pb_column_4 et_pb_column et_pb_column_4_4 et-last-child et_block_column et_pb_css_mix_blend_mode_passthrough\"><div class=\"et_pb_text_4 et_pb_text et_pb_bg_layout_light et_pb_module et_block_module\"><div class=\"et_pb_text_inner\"><h2>Quid des pi\u00e9tons, v\u00e9los et bus ?<\/h2>\n<\/div><\/div><\/div><\/div><div class=\"et_pb_row_5 et_pb_row et_block_row\"><div class=\"et_pb_column_5 et_pb_column et_pb_column_4_4 et-last-child et_block_column et_pb_css_mix_blend_mode_passthrough\"><div class=\"et_pb_text_5 et_pb_text et_pb_bg_layout_light et_pb_module et_block_module\"><div class=\"et_pb_text_inner\"><p>Pour ce qui est des pi\u00e9tons et des v\u00e9los, le passage sous l'A 86 comporte donc une largeur qui leur est r\u00e9serv\u00e9e. Cet am\u00e9nagement doit \u00eatre compl\u00e9t\u00e9 par d'autres am\u00e9nagements au nord et au sud de l'ouvrage qui assurent la continuit\u00e9 des itin\u00e9raires. Il remplacera avantageusement le passage assez glauque qui existe aujourd'hui entre l'entr\u00e9e sud du parking du centre commercial et le rond-point de Gisy.<\/p>\n<p>De leur c\u00f4t\u00e9, les bus disposeront d'un passage plus efficace entre Inovel Parc Nord et Inovel Parc Sud ce qui ouvrira la porte \u00e0 la modification de certaines lignes en vue d'assurer une meilleure desserte des 2 secteurs, et plus particulier un rabattement plus efficace vers la station de tramway et la gare routi\u00e8re V\u00e9lizy 2.<\/p>\n<\/div><\/div><\/div><\/div><div class=\"et_pb_row_6 et_pb_row et_block_row\"><div class=\"et_pb_column_6 et_pb_column et_pb_column_4_4 et-last-child et_block_column et_pb_css_mix_blend_mode_passthrough\"><div class=\"et_pb_text_6 et_pb_text et_pb_bg_layout_light et_pb_module et_block_module\"><div class=\"et_pb_text_inner\"><h1>Quel est le co\u00fbt du projet ?<\/h1>\n<\/div><\/div><\/div><\/div><div class=\"et_pb_row_7 et_pb_row et_block_row\"><div class=\"et_pb_column_7 et_pb_column et_pb_column_4_4 et-last-child et_block_column et_pb_css_mix_blend_mode_passthrough\"><div class=\"et_pb_text_7 et_pb_text et_pb_bg_layout_light et_pb_module et_block_module\"><div class=\"et_pb_text_inner\"><p><span style=\"font-size: 14px;\">Le co\u00fbt des travaux, soit 43 millions d'euros, sera approximativement partag\u00e9 en 2 moiti\u00e9s entre:<\/span><\/p>\n<ul>\n<li>les pouvoirs publics: communaut\u00e9s d'agglom\u00e9ration Versailles Grand Parc et Grand Paris Seine Ouest, r\u00e9gion Ile-de-France, d\u00e9partement des Yvelines, villes de V\u00e9lizy-Villacoublay et Meudon, Etat<\/li>\n<li>les propri\u00e9taires fonciers priv\u00e9s: Unibail-Rodamco-Westfield (propri\u00e9taire du centre commercial V\u00e9lizy 2) et le syndicat des copropri\u00e9taires du centre commercial, Covivio (ex Fonci\u00e8re des R\u00e9gions), Bouygues,\u00a0 Eiffage, mais aussi tous les propri\u00e9taires des b\u00e2timents qui seront construits d'ici l'ann\u00e9e apr\u00e8s la mise en service.<\/li>\n<\/ul>\n<\/div><\/div><\/div><\/div><div class=\"et_pb_row_8 et_pb_row et_block_row\"><div class=\"et_pb_column_8 et_pb_column et_pb_column_4_4 et-last-child et_block_column et_pb_css_mix_blend_mode_passthrough\"><div class=\"et_pb_text_8 et_pb_text et_pb_bg_layout_light et_pb_module et_block_module\"><div class=\"et_pb_text_inner\"><h1>Quel est le planning des travaux ?<\/h1>\n<\/div><\/div><\/div><\/div><div class=\"et_pb_row_9 et_pb_row et_block_row\"><div class=\"et_pb_column_9 et_pb_column et_pb_column_4_4 et-last-child et_block_column et_pb_css_mix_blend_mode_passthrough\"><div class=\"et_pb_text_9 et_pb_text et_pb_bg_layout_light et_pb_module et_block_module\"><div class=\"et_pb_text_inner\"><p>Apr\u00e8s les travaux pr\u00e9paratoires (d\u00e9voiements de r\u00e9seaux), les travaux proprement dits ont commenc\u00e9 en novembre 2022. Leur dur\u00e9e pr\u00e9vue est de 2 ans, ce qui laisse entrevoir une mise en service vers la fin de l'ann\u00e9e 2024.<br \/>Une partie d\u00e9licate sera la construction des 2 moiti\u00e9s de l'ouvrage d'art sous les 2 chauss\u00e9es de l'A86, puisqu'il faudra successivement d\u00e9vier les 2 chauss\u00e9es de l'autoroute A86 sur des trac\u00e9s provisoires. La p\u00e9riode choisie devrait se trouver \u00e0 un moment o\u00f9 la circulation est la plus faible, soit probablement durant l'\u00e9t\u00e9 2023.<\/p>\n<\/div><\/div><\/div><\/div><div class=\"et_pb_row_10 et_pb_row et_block_row\"><div class=\"et_pb_column_10 et_pb_column et_pb_column_4_4 et-last-child et_block_column et_pb_css_mix_blend_mode_passthrough\"><div class=\"et_pb_text_10 et_pb_text et_pb_bg_layout_light et_pb_module et_block_module\"><div class=\"et_pb_text_inner\"><h1>Le projet en plan et en image<\/h1>\n<\/div><\/div><\/div><\/div><div class=\"et_pb_row_11 et_pb_row et_block_row\"><div class=\"et_pb_column_11 et_pb_column et_pb_column_4_4 et-last-child et_block_column et_pb_css_mix_blend_mode_passthrough\"><div class=\"et_pb_text_11 et_pb_text et_pb_bg_layout_light et_pb_module et_block_module\"><div class=\"et_pb_text_inner\"><p>Voici un plan complet de l'\u00e9tat final \u00e0 horizon fin 2024 (source DIRIF)<\/p>\n<p><a href=\"https:\/\/www.horizonemployeur.fr\/wp2019\/wp-content\/uploads\/2023\/02\/Echangeur_A86_Velizy_Plan_General_du_Projet_A0.pdf\" rel=\"attachment wp-att-16935\">Plan General du Projet version PDF<\/a><\/p>\n<\/div><\/div><\/div><\/div><div class=\"et_pb_row_12 et_pb_row et_block_row\"><div class=\"et_pb_column_12 et_pb_column et_pb_column_4_4 et-last-child et_block_column et_pb_css_mix_blend_mode_passthrough\"><div class=\"et_pb_image_0 et_pb_image et_pb_module et_block_module\"><span class=\"et_pb_image_wrap\"><img loading=\"lazy\" decoding=\"async\" src=\"https:\/\/www.horizonemployeur.fr\/wp2019\/wp-content\/uploads\/2023\/02\/Plan-general-du-projet-echangeur-A86-Velizy-2.jpg\" width=\"1259\" height=\"891\" srcset=\"https:\/\/www.horizonemployeur.fr\/wp2019\/wp-content\/uploads\/2023\/02\/Plan-general-du-projet-echangeur-A86-Velizy-2.jpg 1259w, https:\/\/www.horizonemployeur.fr\/wp2019\/wp-content\/uploads\/2023\/02\/Plan-general-du-projet-echangeur-A86-Velizy-2-980x694.jpg 980w, https:\/\/www.horizonemployeur.fr\/wp2019\/wp-content\/uploads\/2023\/02\/Plan-general-du-projet-echangeur-A86-Velizy-2-480x340.jpg 480w\" sizes=\"(min-width: 0px) and (max-width: 480px) 480px, (min-width: 481px) and (max-width: 980px) 980px, (min-width: 981px) 1259px, 100vw\" class=\"wp-image-16934\" title=\"Plan g\u00e9n\u00e9ral du projet \u00e9changeur A86 V\u00e9lizy 2\" \/><\/span><\/div><\/div><\/div><div class=\"et_pb_row_13 et_pb_row et_block_row\"><div class=\"et_pb_column_13 et_pb_column et_pb_column_4_4 et-last-child et_block_column et_pb_css_mix_blend_mode_passthrough\"><div class=\"et_pb_text_12 et_pb_text et_pb_bg_layout_light et_pb_module et_block_module\"><div class=\"et_pb_text_inner\"><p>Voil\u00e0 en image ce que sera cet \u00e9changeur (source de l'illustration: site de la DIRIF) :<\/p>\n<\/div><\/div><\/div><\/div><div class=\"et_pb_row_14 et_pb_row et_block_row\"><div class=\"et_pb_column_14 et_pb_column et_pb_column_4_4 et-last-child et_block_column et_pb_css_mix_blend_mode_passthrough\"><div class=\"et_pb_text_13 et_pb_text et_pb_bg_layout_light et_pb_module et_block_module\"><div class=\"et_pb_text_inner\"><p><img loading=\"lazy\" decoding=\"async\" class=\"alignnone size-full wp-image-2293\" src=\"http:\/\/www.horizonemployeur.fr\/wordpress\/wp-content\/uploads\/2016\/04\/projet-c3a9changeur-vc3a9lizy-2.png\" alt=\"Projet \u00e9changeur V\u00e9lizy 2\" width=\"1018\" height=\"877\" srcset=\"https:\/\/www.horizonemployeur.fr\/wp2019\/wp-content\/uploads\/2016\/04\/projet-c3a9changeur-vc3a9lizy-2.png 1018w, https:\/\/www.horizonemployeur.fr\/wp2019\/wp-content\/uploads\/2016\/04\/projet-c3a9changeur-vc3a9lizy-2-300x258.png 300w, https:\/\/www.horizonemployeur.fr\/wp2019\/wp-content\/uploads\/2016\/04\/projet-c3a9changeur-vc3a9lizy-2-768x662.png 768w\" sizes=\"(max-width: 1018px) 100vw, 1018px\" \/><\/p>\n<\/div><\/div><\/div><\/div><div class=\"et_pb_row_15 et_pb_row et_block_row\"><div class=\"et_pb_column_15 et_pb_column et_pb_column_4_4 et-last-child et_block_column et_pb_css_mix_blend_mode_passthrough\"><div class=\"et_pb_text_14 et_pb_text et_pb_bg_layout_light et_pb_module et_block_module\"><div class=\"et_pb_text_inner\"><ul>\n<li>Fl\u00e8ches bleues, l'A 86 Versailles - Cr\u00e9teil<\/li>\n<li>Fl\u00e8ches vertes, les acc\u00e8s en entr\u00e9e et en sortie \u00e0 l'A 86<\/li>\n<li>Fl\u00e8ches orange, le franchissement de l'A 86<\/li>\n<\/ul>\n<p>Pour plus d'information, les documents de l'enqu\u00eate publique se trouvent sur le site de la DIRIF:<br \/><a href=\"http:\/\/www.enroute.ile-de-france.developpement-durable.gouv.fr\/diffuseur-sur-l-a86-a-velizy-villacoublay-a427.html\" target=\"_blank\" rel=\"noopener noreferrer\">http:\/\/www.enroute.ile-de-france.developpement-durable.gouv.fr\/diffuseur-sur-l-a86-a-velizy-villacoublay-a427.html<\/a><\/p>\n<p>&nbsp;<\/p>\n<\/div><\/div><\/div><\/div><\/div>\n","protected":false},"excerpt":{"rendered":"","protected":false},"author":1,"featured_media":2337,"parent":0,"menu_order":0,"comment_status":"closed","ping_status":"closed","template":"","meta":{"_acf_changed":false,"inline_featured_image":false,"footnotes":""},"dipi_cpt_category":[],"class_list":["post-2261","page","type-page","status-publish","has-post-thumbnail","hentry"],"acf":[],"dsm_author":{"name":"Association Horizon Employeur","avatar_url":"https:\/\/www.horizonemployeur.fr\/wp2019\/wp-content\/plugins\/ultimate-member\/assets\/img\/default_avatar.jpg","archive_link":"https:\/\/www.horizonemployeur.fr\/wp2019\/author\/horizonemployeur\/","biodata":""},"dsm_categories":[],"dsm_attachment_categories":[],"dsm_featured_image":{"thumbnail":"https:\/\/www.horizonemployeur.fr\/wp2019\/wp-content\/uploads\/2016\/04\/vignette-projet-c3a9changeur-vc3a9lizy-2-150x150.png","medium":"https:\/\/www.horizonemployeur.fr\/wp2019\/wp-content\/uploads\/2016\/04\/vignette-projet-c3a9changeur-vc3a9lizy-2-300x215.png","medium_large":"https:\/\/www.horizonemployeur.fr\/wp2019\/wp-content\/uploads\/2016\/04\/vignette-projet-c3a9changeur-vc3a9lizy-2.png","large":"https:\/\/www.horizonemployeur.fr\/wp2019\/wp-content\/uploads\/2016\/04\/vignette-projet-c3a9changeur-vc3a9lizy-2.png","1536x1536":"https:\/\/www.horizonemployeur.fr\/wp2019\/wp-content\/uploads\/2016\/04\/vignette-projet-c3a9changeur-vc3a9lizy-2.png","2048x2048":"https:\/\/www.horizonemployeur.fr\/wp2019\/wp-content\/uploads\/2016\/04\/vignette-projet-c3a9changeur-vc3a9lizy-2.png","et-pb-post-main-image":"https:\/\/www.horizonemployeur.fr\/wp2019\/wp-content\/uploads\/2016\/04\/vignette-projet-c3a9changeur-vc3a9lizy-2-400x250.png","et-pb-post-main-image-fullwidth":"https:\/\/www.horizonemployeur.fr\/wp2019\/wp-content\/uploads\/2016\/04\/vignette-projet-c3a9changeur-vc3a9lizy-2.png","et-pb-portfolio-image":"https:\/\/www.horizonemployeur.fr\/wp2019\/wp-content\/uploads\/2016\/04\/vignette-projet-c3a9changeur-vc3a9lizy-2-400x284.png","et-pb-portfolio-module-image":"https:\/\/www.horizonemployeur.fr\/wp2019\/wp-content\/uploads\/2016\/04\/vignette-projet-c3a9changeur-vc3a9lizy-2-510x382.png","et-pb-portfolio-image-single":"https:\/\/www.horizonemployeur.fr\/wp2019\/wp-content\/uploads\/2016\/04\/vignette-projet-c3a9changeur-vc3a9lizy-2.png","et-pb-gallery-module-image-portrait":"https:\/\/www.horizonemployeur.fr\/wp2019\/wp-content\/uploads\/2016\/04\/vignette-projet-c3a9changeur-vc3a9lizy-2-400x430.png","et-pb-post-main-image-fullwidth-large":"https:\/\/www.horizonemployeur.fr\/wp2019\/wp-content\/uploads\/2016\/04\/vignette-projet-c3a9changeur-vc3a9lizy-2.png","et-pb-image--responsive--desktop":"https:\/\/www.horizonemployeur.fr\/wp2019\/wp-content\/uploads\/2016\/04\/vignette-projet-c3a9changeur-vc3a9lizy-2.png","et-pb-image--responsive--tablet":"https:\/\/www.horizonemployeur.fr\/wp2019\/wp-content\/uploads\/2016\/04\/vignette-projet-c3a9changeur-vc3a9lizy-2.png","et-pb-image--responsive--phone":"https:\/\/www.horizonemployeur.fr\/wp2019\/wp-content\/uploads\/2016\/04\/vignette-projet-c3a9changeur-vc3a9lizy-2.png","full":"https:\/\/www.horizonemployeur.fr\/wp2019\/wp-content\/uploads\/2016\/04\/vignette-projet-c3a9changeur-vc3a9lizy-2.png"},"_links":{"self":[{"href":"https:\/\/www.horizonemployeur.fr\/wp2019\/wp-json\/wp\/v2\/pages\/2261","targetHints":{"allow":["GET"]}}],"collection":[{"href":"https:\/\/www.horizonemployeur.fr\/wp2019\/wp-json\/wp\/v2\/pages"}],"about":[{"href":"https:\/\/www.horizonemployeur.fr\/wp2019\/wp-json\/wp\/v2\/types\/page"}],"author":[{"embeddable":true,"href":"https:\/\/www.horizonemployeur.fr\/wp2019\/wp-json\/wp\/v2\/users\/1"}],"replies":[{"embeddable":true,"href":"https:\/\/www.horizonemployeur.fr\/wp2019\/wp-json\/wp\/v2\/comments?post=2261"}],"version-history":[{"count":1,"href":"https:\/\/www.horizonemployeur.fr\/wp2019\/wp-json\/wp\/v2\/pages\/2261\/revisions"}],"predecessor-version":[{"id":20975,"href":"https:\/\/www.horizonemployeur.fr\/wp2019\/wp-json\/wp\/v2\/pages\/2261\/revisions\/20975"}],"wp:featuredmedia":[{"embeddable":true,"href":"https:\/\/www.horizonemployeur.fr\/wp2019\/wp-json\/wp\/v2\/media\/2337"}],"wp:attachment":[{"href":"https:\/\/www.horizonemployeur.fr\/wp2019\/wp-json\/wp\/v2\/media?parent=2261"}],"wp:term":[{"taxonomy":"dipi_cpt_category","embeddable":true,"href":"https:\/\/www.horizonemployeur.fr\/wp2019\/wp-json\/wp\/v2\/dipi_cpt_category?post=2261"}],"curies":[{"name":"wp","href":"https:\/\/api.w.org\/{rel}","templated":true}]}}