{"id":18508,"date":"2023-04-03T13:35:36","date_gmt":"2023-04-03T11:35:36","guid":{"rendered":"https:\/\/www.horizonemployeur.fr\/wp2019\/?page_id=18508"},"modified":"2023-04-03T13:42:19","modified_gmt":"2023-04-03T11:42:19","slug":"accueil-association","status":"publish","type":"page","link":"https:\/\/www.horizonemployeur.fr\/wp2019\/accueil-association\/","title":{"rendered":"D\u00e9couvrir l&#8217;association"},"content":{"rendered":"<div class=\"et_d4_element et_pb_section et_pb_section_0  et_pb_css_mix_blend_mode et_section_regular et_block_section\" >\n\t\t\t\t\n\t\t\t\t\n\t\t\t\t\n\t\t\t\t\n\t\t\t\t\n\t\t\t\t\n\t\t\t\t<div id=\"quisommesnous\" class=\"et_d4_element et_pb_row et_pb_row_0  et_pb_css_mix_blend_mode et_block_row\">\n\t\t\t\t<div class=\"et_d4_element et_pb_column_4_4 et_pb_column et_pb_column_0  et_pb_css_mix_blend_mode et-last-child et_block_column\">\n\t\t\t\t\n\t\t\t\t\n\t\t\t\t\n\t\t\t\t\n\t\t\t\t<div class=\"et_pb_module et_d4_element et_pb_text et_pb_text_0  et_pb_text_align_left et_pb_bg_layout_light\">\n\t\t\t\t\n\t\t\t\t\n\t\t\t\t\n\t\t\t\t\n\t\t\t\t<div class=\"et_pb_text_inner\"><p>L\u2019association Horizon Employeur a \u00e9t\u00e9 cr\u00e9\u00e9e en janvier 2007. La finalit\u00e9 de l\u2019association est \u00ab<span>\u00a0<\/span><em>la mise en oeuvre d\u2019actions collectives, \u00e0 destination prioritairement des membres de l\u2019association et de leurs employ\u00e9s, principalement dans les domaines du transport, du logement et des services<\/em><span>\u00a0<\/span>\u00bb.<\/p>\n<p>Elle comprend aujourd\u2019hui une quarantaine d\u2019entreprises du plateau de V\u00e9lizy (V\u00e9lizy-Villacoublay, Meudon-la-For\u00eat et Bi\u00e8vres (Burospace)), dont la plupart des grandes entreprises. Elle travaille avec les partenaires que sont la Chambre de Commerce et d\u2019Industrie Versailles-Yvelines et les collectivit\u00e9s locales (ville de V\u00e9lizy-Villacoublay, ville de Meudon, territoire Grand Paris Seine Ouest de la m\u00e9tropole du grand Paris, communaut\u00e9 d\u2019agglom\u00e9ration Versailles Grand Parc).<\/p><\/div>\n\t\t\t<\/div>\n\t\t\t<\/div>\n\t\t\t\t\n\t\t\t\t\n\t\t\t\t\n\t\t\t\t\n\t\t\t<\/div><div class=\"et_d4_element et_pb_row et_pb_row_1  et_pb_css_mix_blend_mode et_block_row\">\n\t\t\t\t<div class=\"et_d4_element et_pb_column_1_3 et_pb_column et_pb_column_1  et_pb_css_mix_blend_mode et_block_column\">\n\t\t\t\t\n\t\t\t\t\n\t\t\t\t\n\t\t\t\t\n\t\t\t\t<div class=\"et_pb_module et_d4_element et_pb_number_counter et_pb_number_counter_0  et_pb_text_align_center et_pb_bg_layout_light et_pb_with_title\" data-number-value=\"37\" data-number-separator=\"\">\n\t\t\t\t\n\t\t\t\t\n\t\t\t\t\n\t\t\t\t\n\t\t\t\t<div class=\"percent\" ><p><span class=\"percent-value\"><\/span><span class=\"percent-sign\"><\/span><\/p><\/div>\n\t\t\t\t<h3 class=\"title\">\u00e9tablissements adh\u00e9rents (en janvier 2023)<\/h3>\n\t\t\t<\/div>\n\t\t\t<\/div><div class=\"et_d4_element et_pb_column_1_3 et_pb_column et_pb_column_2  et_pb_css_mix_blend_mode et_block_column\">\n\t\t\t\t\n\t\t\t\t\n\t\t\t\t\n\t\t\t\t\n\t\t\t\t<div class=\"et_pb_module et_d4_element et_pb_number_counter et_pb_number_counter_1  et_pb_text_align_center et_pb_bg_layout_light et_pb_with_title\" data-number-value=\"25000\" data-number-separator=\"\">\n\t\t\t\t\n\t\t\t\t\n\t\t\t\t\n\t\t\t\t\n\t\t\t\t<div class=\"percent\" ><p><span class=\"percent-value\"><\/span><span class=\"percent-sign\"><\/span><\/p><\/div>\n\t\t\t\t<h3 class=\"title\">collaborateurs<\/h3>\n\t\t\t<\/div>\n\t\t\t<\/div><div class=\"et_d4_element et_pb_column_1_3 et_pb_column et_pb_column_3  et_pb_css_mix_blend_mode et-last-child et_block_column\">\n\t\t\t\t\n\t\t\t\t\n\t\t\t\t\n\t\t\t\t\n\t\t\t\t<div class=\"et_pb_module et_d4_element et_pb_number_counter et_pb_number_counter_2  et_pb_text_align_center et_pb_bg_layout_light et_pb_with_title\" data-number-value=\"8\" data-number-separator=\"\">\n\t\t\t\t\n\t\t\t\t\n\t\t\t\t\n\t\t\t\t\n\t\t\t\t<div class=\"percent\" ><p><span class=\"percent-value\"><\/span><span class=\"percent-sign\"><\/span><\/p><\/div>\n\t\t\t\t<h3 class=\"title\">\u00e9tablissements impliqu\u00e9s dans la d\u00e9marche Plan de Mobilit\u00e9 (en janvier 2023)<\/h3>\n\t\t\t<\/div>\n\t\t\t<\/div>\n\t\t\t\t\n\t\t\t\t\n\t\t\t\t\n\t\t\t\t\n\t\t\t<\/div><div class=\"et_d4_element et_pb_row et_pb_row_2 et_pb_gutters1  et_pb_css_mix_blend_mode et_block_row\">\n\t\t\t\t<div class=\"et_d4_element et_pb_column_1_4 et_pb_column et_pb_column_4  et_pb_css_mix_blend_mode et_block_column\">\n\t\t\t\t\n\t\t\t\t\n\t\t\t\t\n\t\t\t\t\n\t\t\t\t<div class=\"et_pb_with_border et_pb_module et_d4_element et_pb_text et_pb_text_1 et_clickable et_pb_section_video_on_hover  et_pb_text_align_left et_pb_bg_layout_light\">\n\t\t\t\t\n\t\t\t\t\n\t\t\t\t\n\t\t\t\t\n\t\t\t\t<div class=\"et_pb_text_inner\" data-et-multi-view=\"{&quot;schema&quot;:{&quot;content&quot;:{&quot;desktop&quot;:&quot;&lt;h3&gt;&lt;span style=\\&quot;color: #000000;\\&quot;&gt;Horizon Employeur&lt;\\\/span&gt;&lt;\\\/h3&gt;\\n&lt;p&gt;&lt;span style=\\&quot;color: #000000;\\&quot;&gt;Association des entreprises de V\\u00e9lizy - Meudon-la-For\\u00eat&lt;\\\/span&gt;&lt;\\\/p&gt;&quot;,&quot;hover&quot;:&quot;&lt;h3&gt;&lt;span style=\\&quot;color: #ff7f59;\\&quot;&gt;Horizon Employeur&lt;\\\/span&gt;&lt;\\\/h3&gt;\\n&lt;p&gt;&lt;span style=\\&quot;color: #ff7f59;\\&quot;&gt;Association des entreprises de V\\u00e9lizy - Meudon-la-For\\u00eat&lt;\\\/span&gt;&lt;\\\/p&gt;&quot;},&quot;target&quot;:&quot;&quot;,&quot;hover_selector&quot;:&quot;&quot;},&quot;slug&quot;:&quot;et_pb_text&quot;}\"><h3><span style=\"color: #000000;\">Horizon Employeur<\/span><\/h3>\n<p><span style=\"color: #000000;\">Association des entreprises de V\u00e9lizy - Meudon-la-For\u00eat<\/span><\/p><\/div>\n\t\t\t<\/div>\n\t\t\t<\/div><div class=\"et_d4_element et_pb_column_1_4 et_pb_column et_pb_column_5  et_pb_css_mix_blend_mode et_block_column et_pb_column_empty\">\n\t\t\t\t\n\t\t\t\t\n\t\t\t\t\n\t\t\t\t\n\t\t\t\t\n\t\t\t<\/div><div class=\"et_d4_element et_pb_column_1_4 et_pb_column et_pb_column_6  et_pb_css_mix_blend_mode et_block_column et_pb_column_empty\">\n\t\t\t\t\n\t\t\t\t\n\t\t\t\t\n\t\t\t\t\n\t\t\t\t\n\t\t\t<\/div><div class=\"et_d4_element et_pb_column_1_4 et_pb_column et_pb_column_7  et_pb_css_mix_blend_mode et-last-child et_block_column et_pb_column_empty\">\n\t\t\t\t\n\t\t\t\t\n\t\t\t\t\n\t\t\t\t\n\t\t\t\t\n\t\t\t<\/div>\n\t\t\t\t\n\t\t\t\t\n\t\t\t\t\n\t\t\t\t\n\t\t\t<\/div>\n\t\t\t\t\n\t\t\t\t\n\t\t\t<\/div>\n","protected":false},"excerpt":{"rendered":"","protected":false},"author":1,"featured_media":0,"parent":0,"menu_order":0,"comment_status":"closed","ping_status":"closed","template":"","meta":{"_acf_changed":false,"inline_featured_image":false,"_et_pb_use_builder":"on","_et_pb_old_content":"","_et_gb_content_width":"","footnotes":""},"dipi_cpt_category":[],"class_list":["post-18508","page","type-page","status-publish","hentry"],"acf":[],"dsm_author":{"name":"Association Horizon Employeur","avatar_url":"https:\/\/www.horizonemployeur.fr\/wp2019\/wp-content\/plugins\/ultimate-member\/assets\/img\/default_avatar.jpg","archive_link":"https:\/\/www.horizonemployeur.fr\/wp2019\/author\/horizonemployeur\/","biodata":""},"dsm_categories":[],"dsm_attachment_categories":[],"dsm_featured_image":null,"_links":{"self":[{"href":"https:\/\/www.horizonemployeur.fr\/wp2019\/wp-json\/wp\/v2\/pages\/18508","targetHints":{"allow":["GET"]}}],"collection":[{"href":"https:\/\/www.horizonemployeur.fr\/wp2019\/wp-json\/wp\/v2\/pages"}],"about":[{"href":"https:\/\/www.horizonemployeur.fr\/wp2019\/wp-json\/wp\/v2\/types\/page"}],"author":[{"embeddable":true,"href":"https:\/\/www.horizonemployeur.fr\/wp2019\/wp-json\/wp\/v2\/users\/1"}],"replies":[{"embeddable":true,"href":"https:\/\/www.horizonemployeur.fr\/wp2019\/wp-json\/wp\/v2\/comments?post=18508"}],"version-history":[{"count":0,"href":"https:\/\/www.horizonemployeur.fr\/wp2019\/wp-json\/wp\/v2\/pages\/18508\/revisions"}],"wp:attachment":[{"href":"https:\/\/www.horizonemployeur.fr\/wp2019\/wp-json\/wp\/v2\/media?parent=18508"}],"wp:term":[{"taxonomy":"dipi_cpt_category","embeddable":true,"href":"https:\/\/www.horizonemployeur.fr\/wp2019\/wp-json\/wp\/v2\/dipi_cpt_category?post=18508"}],"curies":[{"name":"wp","href":"https:\/\/api.w.org\/{rel}","templated":true}]}}

Découvrir l&#8217;association

<div class="et_d4_element et_pb_section et_pb_section_0  et_pb_css_mix_blend_mode et_section_regular et_block_section" >
				
				
				
				
				
				
				<div id="quisommesnous" class="et_d4_element et_pb_row et_pb_row_0  et_pb_css_mix_blend_mode et_block_row">
				<div class="et_d4_element et_pb_column_4_4 et_pb_column et_pb_column_0  et_pb_css_mix_blend_mode et-last-child et_block_column">
				
				
				
				
				<div class="et_pb_module et_d4_element et_pb_text et_pb_text_0  et_pb_text_align_left et_pb_bg_layout_light">
				
				
				
				
				<div class="et_pb_text_inner"><p>L’association Horizon Employeur a été créée en janvier 2007. La finalité de l’association est «<span> </span><em>la mise en oeuvre d’actions collectives, à destination prioritairement des membres de l’association et de leurs employés, principalement dans les domaines du transport, du logement et des services</em><span> </span>».</p>
<p>Elle comprend aujourd’hui une quarantaine d’entreprises du plateau de Vélizy (Vélizy-Villacoublay, Meudon-la-Forêt et Bièvres (Burospace)), dont la plupart des grandes entreprises. Elle travaille avec les partenaires que sont la Chambre de Commerce et d’Industrie Versailles-Yvelines et les collectivités locales (ville de Vélizy-Villacoublay, ville de Meudon, territoire Grand Paris Seine Ouest de la métropole du grand Paris, communauté d’agglomération Versailles Grand Parc).</p></div>
			</div>
			</div>
				
				
				
				
			</div><div class="et_d4_element et_pb_row et_pb_row_1  et_pb_css_mix_blend_mode et_block_row">
				<div class="et_d4_element et_pb_column_1_3 et_pb_column et_pb_column_1  et_pb_css_mix_blend_mode et_block_column">
				
				
				
				
				<div class="et_pb_module et_d4_element et_pb_number_counter et_pb_number_counter_0  et_pb_text_align_center et_pb_bg_layout_light et_pb_with_title" data-number-value="37" data-number-separator="">
				
				
				
				
				<div class="percent" ><p><span class="percent-value"></span><span class="percent-sign"></span></p></div>
				<h3 class="title">établissements adhérents (en janvier 2023)</h3>
			</div>
			</div><div class="et_d4_element et_pb_column_1_3 et_pb_column et_pb_column_2  et_pb_css_mix_blend_mode et_block_column">
				
				
				
				
				<div class="et_pb_module et_d4_element et_pb_number_counter et_pb_number_counter_1  et_pb_text_align_center et_pb_bg_layout_light et_pb_with_title" data-number-value="25000" data-number-separator="">
				
				
				
				
				<div class="percent" ><p><span class="percent-value"></span><span class="percent-sign"></span></p></div>
				<h3 class="title">collaborateurs</h3>
			</div>
			</div><div class="et_d4_element et_pb_column_1_3 et_pb_column et_pb_column_3  et_pb_css_mix_blend_mode et-last-child et_block_column">
				
				
				
				
				<div class="et_pb_module et_d4_element et_pb_number_counter et_pb_number_counter_2  et_pb_text_align_center et_pb_bg_layout_light et_pb_with_title" data-number-value="8" data-number-separator="">
				
				
				
				
				<div class="percent" ><p><span class="percent-value"></span><span class="percent-sign"></span></p></div>
				<h3 class="title">établissements impliqués dans la démarche Plan de Mobilité (en janvier 2023)</h3>
			</div>
			</div>
				
				
				
				
			</div><div class="et_d4_element et_pb_row et_pb_row_2 et_pb_gutters1  et_pb_css_mix_blend_mode et_block_row">
				<div class="et_d4_element et_pb_column_1_4 et_pb_column et_pb_column_4  et_pb_css_mix_blend_mode et_block_column">
				
				
				
				
				<div class="et_pb_with_border et_pb_module et_d4_element et_pb_text et_pb_text_1 et_clickable et_pb_section_video_on_hover  et_pb_text_align_left et_pb_bg_layout_light">
				
				
				
				
				<div class="et_pb_text_inner" data-et-multi-view="{&quot;schema&quot;:{&quot;content&quot;:{&quot;desktop&quot;:&quot;&lt;h3&gt;&lt;span style=\&quot;color: #000000;\&quot;&gt;Horizon Employeur&lt;\/span&gt;&lt;\/h3&gt;\n&lt;p&gt;&lt;span style=\&quot;color: #000000;\&quot;&gt;Association des entreprises de V\u00e9lizy - Meudon-la-For\u00eat&lt;\/span&gt;&lt;\/p&gt;&quot;,&quot;hover&quot;:&quot;&lt;h3&gt;&lt;span style=\&quot;color: #ff7f59;\&quot;&gt;Horizon Employeur&lt;\/span&gt;&lt;\/h3&gt;\n&lt;p&gt;&lt;span style=\&quot;color: #ff7f59;\&quot;&gt;Association des entreprises de V\u00e9lizy - Meudon-la-For\u00eat&lt;\/span&gt;&lt;\/p&gt;&quot;},&quot;target&quot;:&quot;&quot;,&quot;hover_selector&quot;:&quot;&quot;},&quot;slug&quot;:&quot;et_pb_text&quot;}"><h3><span style="color: #000000;">Horizon Employeur</span></h3>
<p><span style="color: #000000;">Association des entreprises de Vélizy - Meudon-la-Forêt</span></p></div>
			</div>
			</div><div class="et_d4_element et_pb_column_1_4 et_pb_column et_pb_column_5  et_pb_css_mix_blend_mode et_block_column et_pb_column_empty">
				
				
				
				
				
			</div><div class="et_d4_element et_pb_column_1_4 et_pb_column et_pb_column_6  et_pb_css_mix_blend_mode et_block_column et_pb_column_empty">
				
				
				
				
				
			</div><div class="et_d4_element et_pb_column_1_4 et_pb_column et_pb_column_7  et_pb_css_mix_blend_mode et-last-child et_block_column et_pb_column_empty">
				
				
				
				
				
			</div>
				
				
				
				
			</div>
				
				
			</div>
