{"id":15913,"date":"2023-01-12T16:45:09","date_gmt":"2023-01-12T15:45:09","guid":{"rendered":"https:\/\/www.horizonemployeur.fr\/wp2019\/?page_id=15913"},"modified":"2023-02-24T16:28:46","modified_gmt":"2023-02-24T15:28:46","slug":"accueil-site","status":"publish","type":"page","link":"https:\/\/www.horizonemployeur.fr\/wp2019\/","title":{"rendered":"Bienvenue sur ce site"},"content":{"rendered":"<div class=\"et_d4_element et_pb_section et_pb_section_0  et_pb_css_mix_blend_mode et_section_regular et_block_section\" >\n\t\t\t\t\n\t\t\t\t\n\t\t\t\t\n\t\t\t\t\n\t\t\t\t\n\t\t\t\t\n\t\t\t\t<div class=\"et_d4_element et_pb_row et_pb_row_0  et_pb_css_mix_blend_mode et_block_row\">\n\t\t\t\t<div class=\"et_d4_element et_pb_column_4_4 et_pb_column et_pb_column_0  et_pb_css_mix_blend_mode et-last-child et_block_column\">\n\t\t\t\t\n\t\t\t\t\n\t\t\t\t\n\t\t\t\t\n\t\t\t\t<div class=\"et_pb_module et_d4_element et_pb_text et_pb_text_0  et_pb_text_align_left et_pb_bg_layout_light\">\n\t\t\t\t\n\t\t\t\t\n\t\t\t\t\n\t\t\t\t\n\t\t\t\t<div class=\"et_pb_text_inner\"><header class=\"entry-header\"><\/header>\n<header class=\"entry-header\"><\/header>\n<header class=\"entry-header\">Inovel Parc, c'est l'ensemble des parcs d'activit\u00e9s de V\u00e9lizy et Meudon-la-For\u00eat (secteur avenue Mar\u00e9chal Juin).<\/header>\n<header class=\"entry-header\">Vous travaillez sur Inovel Parc, de fa\u00e7on permanente ou temporaire, vous y \u00e9tudiez, vous y r\u00e9sidez, vous \u00eates visiteur, ... ?<\/header>\n<header class=\"entry-header\">Ce site a pour objectif de vous aider \u00e0 venir sur le parc, \u00e0 en repartir, \u00e0 vous d\u00e9placer dans le parc\u00a0et autour, mais aussi \u00e0 y trouver un h\u00e9bergement, des services, ...<\/header>\n<header class=\"entry-header\"><\/header>\n<header class=\"entry-header\"><\/header>\n<header class=\"entry-header\"><\/header>\n<header class=\"entry-header\"><\/header>\n<header class=\"entry-header\"><\/header>\n<header class=\"entry-header\"><\/header>\n<header class=\"entry-header\"><\/header>\n<header class=\"entry-header\"><\/header>\n<header class=\"entry-header\"><\/header>\n<header class=\"entry-header\"><\/header>\n<header class=\"entry-header\"><\/header>\n<header class=\"entry-header\"><\/header>\n<header class=\"entry-header\"><\/header>\n<header class=\"entry-header\"><\/header>\n<header class=\"entry-header\"><span>Il vous est propos\u00e9 par l\u2019association \u00ab\u00a0Horizon Employeur\u00a0\u00bb des entreprises de V\u00e9lizy \/ Meudon-la-For\u00eat.<\/span><\/header>\n<header class=\"entry-header\"><span><\/span><\/header>\n<header class=\"entry-header\"><span>Vous trouverez les informations class\u00e9es par cat\u00e9gories, accessibles par le menu principal du site, en haut de chacune des pages.<\/span><\/header>\n<header class=\"entry-header\"><span><\/span><\/header>\n<header class=\"entry-header\"><span>Bonne visite<\/span><\/header><\/div>\n\t\t\t<\/div>\n\t\t\t<\/div>\n\t\t\t\t\n\t\t\t\t\n\t\t\t\t\n\t\t\t\t\n\t\t\t<\/div>\n\t\t\t\t\n\t\t\t\t\n\t\t\t<\/div>\n","protected":false},"excerpt":{"rendered":"","protected":false},"author":1,"featured_media":0,"parent":0,"menu_order":0,"comment_status":"closed","ping_status":"closed","template":"","meta":{"_acf_changed":false,"inline_featured_image":false,"_et_pb_use_builder":"on","_et_pb_old_content":"","_et_gb_content_width":"","footnotes":""},"dipi_cpt_category":[],"class_list":["post-15913","page","type-page","status-publish","hentry"],"acf":[],"dsm_author":{"name":"Association Horizon Employeur","avatar_url":"https:\/\/www.horizonemployeur.fr\/wp2019\/wp-content\/plugins\/ultimate-member\/assets\/img\/default_avatar.jpg","archive_link":"https:\/\/www.horizonemployeur.fr\/wp2019\/author\/horizonemployeur\/","biodata":""},"dsm_categories":[],"dsm_attachment_categories":[],"dsm_featured_image":null,"_links":{"self":[{"href":"https:\/\/www.horizonemployeur.fr\/wp2019\/wp-json\/wp\/v2\/pages\/15913","targetHints":{"allow":["GET"]}}],"collection":[{"href":"https:\/\/www.horizonemployeur.fr\/wp2019\/wp-json\/wp\/v2\/pages"}],"about":[{"href":"https:\/\/www.horizonemployeur.fr\/wp2019\/wp-json\/wp\/v2\/types\/page"}],"author":[{"embeddable":true,"href":"https:\/\/www.horizonemployeur.fr\/wp2019\/wp-json\/wp\/v2\/users\/1"}],"replies":[{"embeddable":true,"href":"https:\/\/www.horizonemployeur.fr\/wp2019\/wp-json\/wp\/v2\/comments?post=15913"}],"version-history":[{"count":0,"href":"https:\/\/www.horizonemployeur.fr\/wp2019\/wp-json\/wp\/v2\/pages\/15913\/revisions"}],"wp:attachment":[{"href":"https:\/\/www.horizonemployeur.fr\/wp2019\/wp-json\/wp\/v2\/media?parent=15913"}],"wp:term":[{"taxonomy":"dipi_cpt_category","embeddable":true,"href":"https:\/\/www.horizonemployeur.fr\/wp2019\/wp-json\/wp\/v2\/dipi_cpt_category?post=15913"}],"curies":[{"name":"wp","href":"https:\/\/api.w.org\/{rel}","templated":true}]}}

<div class="et_d4_element et_pb_section et_pb_section_0  et_pb_css_mix_blend_mode et_section_regular et_block_section" >
				
				
				
				
				
				
				<div class="et_d4_element et_pb_row et_pb_row_0  et_pb_css_mix_blend_mode et_block_row">
				<div class="et_d4_element et_pb_column_4_4 et_pb_column et_pb_column_0  et_pb_css_mix_blend_mode et-last-child et_block_column">
				
				
				
				
				<div class="et_pb_module et_d4_element et_pb_text et_pb_text_0  et_pb_text_align_left et_pb_bg_layout_light">
				
				
				
				
				<div class="et_pb_text_inner"><header class="entry-header"></header>
<header class="entry-header"></header>
<header class="entry-header">Inovel Parc, c'est l'ensemble des parcs d'activités de Vélizy et Meudon-la-Forêt (secteur avenue Maréchal Juin).</header>
<header class="entry-header">Vous travaillez sur Inovel Parc, de façon permanente ou temporaire, vous y étudiez, vous y résidez, vous êtes visiteur, ... ?</header>
<header class="entry-header">Ce site a pour objectif de vous aider à venir sur le parc, à en repartir, à vous déplacer dans le parc et autour, mais aussi à y trouver un hébergement, des services, ...</header>
<header class="entry-header"></header>
<header class="entry-header"></header>
<header class="entry-header"></header>
<header class="entry-header"></header>
<header class="entry-header"></header>
<header class="entry-header"></header>
<header class="entry-header"></header>
<header class="entry-header"></header>
<header class="entry-header"></header>
<header class="entry-header"></header>
<header class="entry-header"></header>
<header class="entry-header"></header>
<header class="entry-header"></header>
<header class="entry-header"></header>
<header class="entry-header"><span>Il vous est proposé par l’association « Horizon Employeur » des entreprises de Vélizy / Meudon-la-Forêt.</span></header>
<header class="entry-header"><span></span></header>
<header class="entry-header"><span>Vous trouverez les informations classées par catégories, accessibles par le menu principal du site, en haut de chacune des pages.</span></header>
<header class="entry-header"><span></span></header>
<header class="entry-header"><span>Bonne visite</span></header></div>
			</div>
			</div>
				
				
				
				
			</div>
				
				
			</div>
