{"id":696,"date":"2015-08-27T15:50:49","date_gmt":"2015-08-27T13:50:49","guid":{"rendered":"https:\/\/horizonmobi.wordpress.com\/?page_id=696"},"modified":"2017-11-14T17:21:27","modified_gmt":"2017-11-14T16:21:27","slug":"adherents","status":"publish","type":"page","link":"https:\/\/www.horizonemployeur.fr\/wordpress\/accueil\/inovelparc\/adherents\/","title":{"rendered":"L&rsquo;association Horizon Employeur"},"content":{"rendered":"<p>L&rsquo;association Horizon Employeur a \u00e9t\u00e9 cr\u00e9\u00e9e en janvier 2007. La finalit\u00e9 de l&rsquo;association est \u00ab <em>la mise en oeuvre d&rsquo;actions collectives, \u00e0 destination prioritairement des membres de l&rsquo;association et de leurs employ\u00e9s, dans les domaines du transport, du logement et des services<\/em> \u00bb.<\/p>\n<p>Elle comprend aujourd&rsquo;hui une quarantaine d&rsquo;entreprises du plateau de V\u00e9lizy (V\u00e9lizy-Villacoublay, Meudon-la-For\u00eat et Bi\u00e8vres (Burospace)), dont la plupart des grandes entreprises. Elle travaille avec les partenaires que sont la Chambre de Commerce et d&rsquo;Industrie Versailles-Yvelines et les collectivit\u00e9s locales (ville de V\u00e9lizy-Villacoublay, ville de Meudon, territoire Grand Paris Seine Ouest de la m\u00e9tropole du grand Paris, communaut\u00e9 d&rsquo;agglom\u00e9ration Versailles Grand Parc).<\/p>\n<p>Vous trouverez leur liste ainsi que leurs localisations respectives sur la carte ci-dessous<\/p>\n<p><a href=\"https:\/\/www.google.com\/maps\/d\/edit?mid=zy2BkqUfRldQ.kVJnnyCwZZh8&amp;usp=sharing\" target=\"_blank\" rel=\"noopener\">Carte Google Maps<\/a><\/p>\n","protected":false},"excerpt":{"rendered":"<p>L&rsquo;association Horizon Employeur a \u00e9t\u00e9 cr\u00e9\u00e9e en janvier 2007. La finalit\u00e9 de l&rsquo;association est \u00ab la mise en oeuvre d&rsquo;actions collectives, \u00e0 destination prioritairement des membres de l&rsquo;association et de leurs employ\u00e9s, dans les domaines du transport, du logement et des services \u00bb. Elle comprend aujourd&rsquo;hui une quarantaine d&rsquo;entreprises du plateau de V\u00e9lizy (V\u00e9lizy-Villacoublay, Meudon-la-For\u00eat [&hellip;]<\/p>\n","protected":false},"author":1,"featured_media":2254,"parent":1785,"menu_order":0,"comment_status":"closed","ping_status":"closed","template":"page-templates\/no-sidebar.php","meta":{"ngg_post_thumbnail":0,"jetpack_post_was_ever_published":false},"jetpack_sharing_enabled":true,"jetpack_shortlink":"https:\/\/wp.me\/P7AoJR-be","jetpack-related-posts":[{"id":2295,"url":"https:\/\/www.horizonemployeur.fr\/wordpress\/a-propos\/","url_meta":{"origin":696,"position":0},"title":"L&rsquo;association Horizon Employeur","date":"26 f\u00e9vrier 2014","format":false,"excerpt":"L'association Horizon Employeur a \u00e9t\u00e9 cr\u00e9\u00e9e en janvier 2007. La finalit\u00e9 de l'association est \u00ab la mise en oeuvre d'actions collectives, \u00e0 destination prioritairement des membres de l'association et de leurs employ\u00e9s, en particulier dans les domaines du transport, du logement et des services \u00bb (statuts version avril 2017). Elle\u2026","rel":"","context":"Article similaire","img":{"alt_text":"","src":"","width":0,"height":0},"classes":[]},{"id":196,"url":"https:\/\/www.horizonemployeur.fr\/wordpress\/accueil\/pdie\/","url_meta":{"origin":696,"position":1},"title":"Le Plan de D\u00e9placements Inter-Entreprise (PDIE)","date":"4 avril 2014","format":false,"excerpt":"Depuis 2010, l'association des entreprises \"Horizon Employeur\" a mis en oeuvre un Plan de D\u00e9placements Inter-Entreprises (PDIE). Pourquoi ? \u00e0 quoi sert-il ? Tel est le sujet de cette page. \u00a0 Le PDIE r\u00e9pond avant tout \u00e0 une n\u00e9cessit\u00e9 r\u00e9glementaire faite principalement\u00a0aux grandes entreprises. Le PDIE, pour qui ? Dans\u2026","rel":"","context":"Avec 2 commentaires","img":{"alt_text":"","src":"https:\/\/i0.wp.com\/www.horizonemployeur.fr\/wordpress\/wp-content\/uploads\/2016\/04\/vignette-pdie-he-600x430-1.png?fit=600%2C430&ssl=1&resize=350%2C200","width":350,"height":200},"classes":[]},{"id":2459,"url":"https:\/\/www.horizonemployeur.fr\/wordpress\/28-05-2016\/restructuration-bus-phase-2\/","url_meta":{"origin":696,"position":2},"title":"La restructuration des lignes de bus du r\u00e9seau Ph\u00e9bus V\u00e9lizy","date":"28 avril 2016","format":false,"excerpt":"Cette phase de restructuration a pour objectifs: de prendre en compte la mise en service du prolongement du tramway T6 \u00e0 Viroflay pour rendre le r\u00e9seau bus compl\u00e9mentaire \u00e0 la nouvelle liaison tramway de proposer une offre plus adapt\u00e9e aux besoins des salari\u00e9s et des V\u00e9liziens sur certains axes Elle\u2026","rel":"","context":"Article similaire","img":{"alt_text":"","src":"","width":0,"height":0},"classes":[]},{"id":1731,"url":"https:\/\/www.horizonemployeur.fr\/wordpress\/inovel-parc\/","url_meta":{"origin":696,"position":3},"title":"Inovel Parc","date":"1 janvier 2017","format":false,"excerpt":"Inovel Parc, c'est l'ensemble des parcs d'activit\u00e9s de V\u00e9lizy-Villacoublay et de Meudon-la-For\u00eat. Inovel Parc, ce sont plus de 40 000 salari\u00e9s et plus de 50 000 clients qui tous les jours se rendent dans les centres commerciaux: V\u00e9lizy 2, L'Usine Mode et Maison (ex Usines Center) et La Maison Villacoublay\u2026","rel":"","context":"Article similaire","img":{"alt_text":"","src":"https:\/\/i0.wp.com\/www.horizonemployeur.fr\/wordpress\/wp-content\/uploads\/2014\/02\/logo-rvb1.jpg?resize=350%2C200","width":350,"height":200},"classes":[]},{"id":30,"url":"https:\/\/www.horizonemployeur.fr\/wordpress\/accueil\/inovelparc\/parc-inovelparc\/","url_meta":{"origin":696,"position":4},"title":"Le parc d&rsquo;activit\u00e9s \u00ab\u00a0Inovel Parc\u00a0\u00bb","date":"27 f\u00e9vrier 2014","format":false,"excerpt":"INOVEL PARC INOVEL PARC, c'est l'ensemble des parcs d'activit\u00e9s de V\u00e9lizy-Villacoublay et de Meudon-la-For\u00eat. INOVEL PARC, ce sont plus de 40 000 salari\u00e9s et plus de 50 000 clients qui tous les jours se rendent dans les centres commerciaux: V\u00e9lizy 2, L'Usine Mode et Maison (ex Usines Center) et La\u2026","rel":"","context":"Avec 2 commentaires","img":{"alt_text":"","src":"https:\/\/i0.wp.com\/www.horizonemployeur.fr\/wordpress\/wp-content\/uploads\/2016\/04\/vignette-inovel-parc-600x430-1.png?fit=600%2C430&ssl=1&resize=350%2C200","width":350,"height":200},"classes":[]},{"id":3613,"url":"https:\/\/www.horizonemployeur.fr\/wordpress\/autolib\/","url_meta":{"origin":696,"position":5},"title":"Le dispositif d&rsquo;autopartage Autolib&rsquo;","date":"17 novembre 2017","format":false,"excerpt":"31 JUILLET 2018: le service Autolib' est ferm\u00e9. Que ce soit sur V\u00e9lizy ou sur Meudon, les places de stationnement d\u00e9di\u00e9es \u00e0 Autolib' sont d\u00e9sormais accessibles aux seuls v\u00e9hicules \u00e9lectriques. A V\u00e9lizy, la dur\u00e9e de stationnement est limit\u00e9e \u00e0 2 heures. Autolib' est devenu en quelques ann\u00e9es le syst\u00e8me d'autopartage\u2026","rel":"","context":"Article similaire","img":{"alt_text":"","src":"https:\/\/i0.wp.com\/www.horizonemployeur.fr\/wordpress\/wp-content\/uploads\/2016\/03\/p1070085_1200x600d.jpg?resize=350%2C200","width":350,"height":200},"classes":[]}],"_links":{"self":[{"href":"https:\/\/www.horizonemployeur.fr\/wordpress\/wp-json\/wp\/v2\/pages\/696"}],"collection":[{"href":"https:\/\/www.horizonemployeur.fr\/wordpress\/wp-json\/wp\/v2\/pages"}],"about":[{"href":"https:\/\/www.horizonemployeur.fr\/wordpress\/wp-json\/wp\/v2\/types\/page"}],"author":[{"embeddable":true,"href":"https:\/\/www.horizonemployeur.fr\/wordpress\/wp-json\/wp\/v2\/users\/1"}],"replies":[{"embeddable":true,"href":"https:\/\/www.horizonemployeur.fr\/wordpress\/wp-json\/wp\/v2\/comments?post=696"}],"version-history":[{"count":1,"href":"https:\/\/www.horizonemployeur.fr\/wordpress\/wp-json\/wp\/v2\/pages\/696\/revisions"}],"predecessor-version":[{"id":3587,"href":"https:\/\/www.horizonemployeur.fr\/wordpress\/wp-json\/wp\/v2\/pages\/696\/revisions\/3587"}],"up":[{"embeddable":true,"href":"https:\/\/www.horizonemployeur.fr\/wordpress\/wp-json\/wp\/v2\/pages\/1785"}],"wp:featuredmedia":[{"embeddable":true,"href":"https:\/\/www.horizonemployeur.fr\/wordpress\/wp-json\/wp\/v2\/media\/2254"}],"wp:attachment":[{"href":"https:\/\/www.horizonemployeur.fr\/wordpress\/wp-json\/wp\/v2\/media?parent=696"}],"curies":[{"name":"wp","href":"https:\/\/api.w.org\/{rel}","templated":true}]}}