{"id":35,"date":"2014-02-27T19:48:51","date_gmt":"2014-02-27T19:48:51","guid":{"rendered":"http:\/\/horizonmobi.wordpress.com\/?page_id=35"},"modified":"2017-11-20T08:36:26","modified_gmt":"2017-11-20T07:36:26","slug":"partager-voiture","status":"publish","type":"page","link":"https:\/\/www.horizonemployeur.fr\/wordpress\/accueil\/sedeplacer\/partager-voiture\/","title":{"rendered":"Partager une voiture"},"content":{"rendered":"<p>Que ce soit par souci d&rsquo;optimiser le remplissage de sa voiture ou de celle d&rsquo;un coll\u00e8gue ou par volont\u00e9 de n&rsquo;effectuer qu&rsquo;une partie de son trajet en voiture, d&rsquo;autres possibilit\u00e9s existent pour utiliser sa voiture avec d&rsquo;autres personnes, ou utiliser une autre voiture que la sienne.<\/p>\n<ul>\n<li><a href=\"http:\/\/www.horizonemployeur.fr\/wordpress\/covoiturage\/\">Le covoiturage<\/a><\/li>\n<li><a href=\"http:\/\/www.horizonemployeur.fr\/wordpress\/autolib\/\">Le dispositif d&rsquo;autopartage Autolib&rsquo;<\/a><\/li>\n<li><a href=\"http:\/\/www.horizonemployeur.fr\/wordpress\/taxis\/\">Les taxis<\/a><\/li>\n<\/ul>\n","protected":false},"excerpt":{"rendered":"<p>Que ce soit par souci d&rsquo;optimiser le remplissage de sa voiture ou de celle d&rsquo;un coll\u00e8gue ou par volont\u00e9 de n&rsquo;effectuer qu&rsquo;une partie de son trajet en voiture, d&rsquo;autres possibilit\u00e9s existent pour utiliser sa voiture avec d&rsquo;autres personnes, ou utiliser une autre voiture que la sienne. Le covoiturage Le dispositif d&rsquo;autopartage Autolib&rsquo; Les taxis<\/p>\n","protected":false},"author":1,"featured_media":0,"parent":1781,"menu_order":2,"comment_status":"open","ping_status":"open","template":"page-templates\/no-sidebar.php","meta":{"ngg_post_thumbnail":0,"jetpack_post_was_ever_published":false},"jetpack_sharing_enabled":true,"jetpack_shortlink":"https:\/\/wp.me\/P7AoJR-z","jetpack-related-posts":[{"id":253,"url":"https:\/\/www.horizonemployeur.fr\/wordpress\/accueil\/pdie\/ppa\/ppa_reg1\/","url_meta":{"origin":35,"position":0},"title":"La mesure r\u00e9glementaire n\u00b01 du PPA","date":"9 mai 2014","format":false,"excerpt":"Que ce soit dans la version de 2006 ou dans la version de 2013, le Plan de Protection de l'Atmosph\u00e8re d'Ile-de-France demande aux grands p\u00f4les g\u00e9n\u00e9rateurs de trafic d'\u00e9laborer et de mettre en oeuvre des Plans de D\u00e9placements. \u00a0 Qu'est-ce qu'un Plan de D\u00e9placements ? Un Plan de D\u00e9placements a\u2026","rel":"","context":"Article similaire","img":{"alt_text":"","src":"","width":0,"height":0},"classes":[]},{"id":569,"url":"https:\/\/www.horizonemployeur.fr\/wordpress\/accueil\/pdie\/pdie-he\/","url_meta":{"origin":35,"position":1},"title":"Le PDIE de l&rsquo;association \u00ab\u00a0Horizon Employeur\u00a0\u00bb","date":"13 juillet 2015","format":false,"excerpt":"Le PDIE s'est mis en place au long d'un processus comportant plusieurs \u00e9tapes: 2008-2009 (9 mois): r\u00e9alisation d'un diagnostic de la mobilit\u00e9 dans les zones d'activit\u00e9s 2009 (3 mois): d\u00e9finition du plan d'actions \u00e0 mettre en oeuvre 2010-2014: mise en oeuvre du 1er plan de d\u00e9placements 2014: bilan des 5\u2026","rel":"","context":"Article similaire","img":{"alt_text":"","src":"","width":0,"height":0},"classes":[]},{"id":196,"url":"https:\/\/www.horizonemployeur.fr\/wordpress\/accueil\/pdie\/","url_meta":{"origin":35,"position":2},"title":"Le Plan de D\u00e9placements Inter-Entreprise (PDIE)","date":"4 avril 2014","format":false,"excerpt":"Depuis 2010, l'association des entreprises \"Horizon Employeur\" a mis en oeuvre un Plan de D\u00e9placements Inter-Entreprises (PDIE). Pourquoi ? \u00e0 quoi sert-il ? Tel est le sujet de cette page. \u00a0 Le PDIE r\u00e9pond avant tout \u00e0 une n\u00e9cessit\u00e9 r\u00e9glementaire faite principalement\u00a0aux grandes entreprises. Le PDIE, pour qui ? Dans\u2026","rel":"","context":"Avec 2 commentaires","img":{"alt_text":"","src":"https:\/\/i0.wp.com\/www.horizonemployeur.fr\/wordpress\/wp-content\/uploads\/2016\/04\/vignette-pdie-he-600x430-1.png?fit=600%2C430&ssl=1&resize=350%2C200","width":350,"height":200},"classes":[]},{"id":3800,"url":"https:\/\/www.horizonemployeur.fr\/wordpress\/travaux-l15-pt-sevres-6\/","url_meta":{"origin":35,"position":3},"title":"Les travaux de la ligne 15 \u00e0 Pont de S\u00e8vres (partie 6)","date":"18 d\u00e9cembre 2017","format":false,"excerpt":"Que faire pendant ces 34 mois ? Suivant les probl\u00e8mes qui surviendront, il conviendra d'\u00eatre particuli\u00e8rement inventifs... Quelques r\u00e9ponses possibles, qui ne s'appliqueront pas n\u00e9cessairement toutes \u00e0 toutes les personnes impact\u00e9es, dont l'objectif principal reste de limiter les flux de v\u00e9hicules en particulier aux heures de pointe. Les itin\u00e9raires bis\u2026","rel":"","context":"Article similaire","img":{"alt_text":"","src":"https:\/\/i0.wp.com\/www.horizonemployeur.fr\/wordpress\/wp-content\/uploads\/2018\/01\/Page-Waze-RD1.png?resize=350%2C200","width":350,"height":200},"classes":[]},{"id":1781,"url":"https:\/\/www.horizonemployeur.fr\/wordpress\/accueil\/sedeplacer\/","url_meta":{"origin":35,"position":4},"title":"Se d\u00e9placer vers\/de\/dans Inovel Parc","date":"14 mars 2016","format":false,"excerpt":"Pour beaucoup de salari\u00e9s, de clients, de visiteurs, la solution la plus \"\u00e9vidente\" pour rejoindre Inovel Parc ou en partir est de recourir \u00e0 la voiture. C'est le moyen de transport qui donne, au moins en apparence, la plus grande libert\u00e9 quant \u00e0 l'heure de d\u00e9part, au trajet suivi, \u00e0\u2026","rel":"","context":"Article similaire","img":{"alt_text":"","src":"https:\/\/i0.wp.com\/www.horizonemployeur.fr\/wordpress\/wp-content\/uploads\/2016\/04\/p1140124_600d-1.jpg?fit=600%2C430&ssl=1&resize=350%2C200","width":350,"height":200},"classes":[]},{"id":33,"url":"https:\/\/www.horizonemployeur.fr\/wordpress\/accueil\/sedeplacer\/circulations-douces\/","url_meta":{"origin":35,"position":5},"title":"Les Circulations Douces","date":"27 f\u00e9vrier 2014","format":false,"excerpt":"Les circulations douces (ou circulations actives) sont les modes de transport dans lesquels seule (ou pratiquement seule) l'\u00e9nergie du voyageur est mis en oeuvre. \u00a0 La marche \u00e0 pied Pour qui habite V\u00e9lizy ou Meudon-la-For\u00eat, voire quelques autres communes environnantes, la marche \u00e0 pied peut \u00eatre, surtout par beau temps,\u2026","rel":"","context":"Article similaire","img":{"alt_text":"","src":"https:\/\/i0.wp.com\/www.horizonemployeur.fr\/wordpress\/wp-content\/uploads\/2016\/03\/20141121_175251_1200x600d.jpg?fit=1200%2C600&ssl=1&resize=350%2C200","width":350,"height":200},"classes":[]}],"_links":{"self":[{"href":"https:\/\/www.horizonemployeur.fr\/wordpress\/wp-json\/wp\/v2\/pages\/35"}],"collection":[{"href":"https:\/\/www.horizonemployeur.fr\/wordpress\/wp-json\/wp\/v2\/pages"}],"about":[{"href":"https:\/\/www.horizonemployeur.fr\/wordpress\/wp-json\/wp\/v2\/types\/page"}],"author":[{"embeddable":true,"href":"https:\/\/www.horizonemployeur.fr\/wordpress\/wp-json\/wp\/v2\/users\/1"}],"replies":[{"embeddable":true,"href":"https:\/\/www.horizonemployeur.fr\/wordpress\/wp-json\/wp\/v2\/comments?post=35"}],"version-history":[{"count":5,"href":"https:\/\/www.horizonemployeur.fr\/wordpress\/wp-json\/wp\/v2\/pages\/35\/revisions"}],"predecessor-version":[{"id":3622,"href":"https:\/\/www.horizonemployeur.fr\/wordpress\/wp-json\/wp\/v2\/pages\/35\/revisions\/3622"}],"up":[{"embeddable":true,"href":"https:\/\/www.horizonemployeur.fr\/wordpress\/wp-json\/wp\/v2\/pages\/1781"}],"wp:attachment":[{"href":"https:\/\/www.horizonemployeur.fr\/wordpress\/wp-json\/wp\/v2\/media?parent=35"}],"curies":[{"name":"wp","href":"https:\/\/api.w.org\/{rel}","templated":true}]}}