{"id":3443,"date":"2017-11-02T17:12:09","date_gmt":"2017-11-02T16:12:09","guid":{"rendered":"http:\/\/www.horizonemployeur.fr\/wordpress\/?page_id=3443"},"modified":"2017-11-02T17:12:31","modified_gmt":"2017-11-02T16:12:31","slug":"semiv","status":"publish","type":"page","link":"https:\/\/www.horizonemployeur.fr\/wordpress\/se-loger\/semiv\/","title":{"rendered":"La SEMIV"},"content":{"rendered":"<p>La SEMIV, Soci\u00e9t\u00e9 d&rsquo;Economie Mixte Immobili\u00e8re de V\u00e9lizy, est l&rsquo;organisme propri\u00e9taire de la majorit\u00e9 des appartements en location sur le territoire de&nbsp;V\u00e9lizy. Ces appartements sont de type interm\u00e9diaire (et non social).<\/p>\n<p>Si vous \u00eates salari\u00e9(e) d&rsquo;une des entreprises d&rsquo;Inovel Parc, vous avez la possibilit\u00e9 de faire acte de candidature pour louer un logement disponible.<\/p>\n<p>Renseignez-vous sur le site de la SEMIV: <a href=\"http:\/\/www.semiv-velizy.fr\" target=\"_blank\" rel=\"noopener\">www.semiv-velizy.fr<\/a> en utilisant le pav\u00e9 \u00ab\u00a0Offre locative Salari\u00e9s Inovel Parc\u00a0\u00bb situ\u00e9 dans la colonne de gauche de la page d&rsquo;accueil.<\/p>\n<p><img data-attachment-id=\"3433\" data-permalink=\"https:\/\/www.horizonemployeur.fr\/wordpress\/portail-semiv-2\/\" data-orig-file=\"https:\/\/i0.wp.com\/www.horizonemployeur.fr\/wordpress\/wp-content\/uploads\/2017\/11\/Portail-SEMIV-1.png?fit=1012%2C922&amp;ssl=1\" data-orig-size=\"1012,922\" data-comments-opened=\"1\" data-image-meta=\"{&quot;aperture&quot;:&quot;0&quot;,&quot;credit&quot;:&quot;&quot;,&quot;camera&quot;:&quot;&quot;,&quot;caption&quot;:&quot;&quot;,&quot;created_timestamp&quot;:&quot;0&quot;,&quot;copyright&quot;:&quot;&quot;,&quot;focal_length&quot;:&quot;0&quot;,&quot;iso&quot;:&quot;0&quot;,&quot;shutter_speed&quot;:&quot;0&quot;,&quot;title&quot;:&quot;&quot;,&quot;orientation&quot;:&quot;0&quot;}\" data-image-title=\"Portail SEMIV\" data-image-description=\"\" data-image-caption=\"\" data-medium-file=\"https:\/\/i0.wp.com\/www.horizonemployeur.fr\/wordpress\/wp-content\/uploads\/2017\/11\/Portail-SEMIV-1.png?fit=300%2C273&amp;ssl=1\" data-large-file=\"https:\/\/i0.wp.com\/www.horizonemployeur.fr\/wordpress\/wp-content\/uploads\/2017\/11\/Portail-SEMIV-1.png?fit=700%2C638&amp;ssl=1\" decoding=\"async\" loading=\"lazy\" class=\"alignnone wp-image-3433\" src=\"https:\/\/i0.wp.com\/www.horizonemployeur.fr\/wordpress\/wp-content\/uploads\/2017\/11\/Portail-SEMIV-1.png?resize=600%2C547\" alt=\"\" width=\"600\" height=\"547\" srcset=\"https:\/\/i0.wp.com\/www.horizonemployeur.fr\/wordpress\/wp-content\/uploads\/2017\/11\/Portail-SEMIV-1.png?w=1012&amp;ssl=1 1012w, https:\/\/i0.wp.com\/www.horizonemployeur.fr\/wordpress\/wp-content\/uploads\/2017\/11\/Portail-SEMIV-1.png?resize=300%2C273&amp;ssl=1 300w, https:\/\/i0.wp.com\/www.horizonemployeur.fr\/wordpress\/wp-content\/uploads\/2017\/11\/Portail-SEMIV-1.png?resize=768%2C700&amp;ssl=1 768w\" sizes=\"(max-width: 600px) 100vw, 600px\" data-recalc-dims=\"1\" \/><\/p>\n<p>Vous trouverez ci-dessous une brochure de la pr\u00e9sentation de la SEMIV (2014):<\/p>\n<p><a href=\"http:\/\/www.horizonemployeur.fr\/wordpress\/wp-content\/uploads\/2017\/11\/Brochure-SEMIV-D%C3%A9cembre-2014.pdf\" target=\"_blank\" rel=\"noopener\"><img data-attachment-id=\"3435\" data-permalink=\"https:\/\/www.horizonemployeur.fr\/wordpress\/brochure-semiv\/\" data-orig-file=\"https:\/\/i0.wp.com\/www.horizonemployeur.fr\/wordpress\/wp-content\/uploads\/2017\/11\/Brochure-SEMIV.png?fit=250%2C250&amp;ssl=1\" data-orig-size=\"250,250\" data-comments-opened=\"1\" data-image-meta=\"{&quot;aperture&quot;:&quot;0&quot;,&quot;credit&quot;:&quot;&quot;,&quot;camera&quot;:&quot;&quot;,&quot;caption&quot;:&quot;&quot;,&quot;created_timestamp&quot;:&quot;0&quot;,&quot;copyright&quot;:&quot;&quot;,&quot;focal_length&quot;:&quot;0&quot;,&quot;iso&quot;:&quot;0&quot;,&quot;shutter_speed&quot;:&quot;0&quot;,&quot;title&quot;:&quot;&quot;,&quot;orientation&quot;:&quot;0&quot;}\" data-image-title=\"Brochure SEMIV\" data-image-description=\"\" data-image-caption=\"\" data-medium-file=\"https:\/\/i0.wp.com\/www.horizonemployeur.fr\/wordpress\/wp-content\/uploads\/2017\/11\/Brochure-SEMIV.png?fit=250%2C250&amp;ssl=1\" data-large-file=\"https:\/\/i0.wp.com\/www.horizonemployeur.fr\/wordpress\/wp-content\/uploads\/2017\/11\/Brochure-SEMIV.png?fit=250%2C250&amp;ssl=1\" decoding=\"async\" loading=\"lazy\" class=\"alignnone size-full wp-image-3435\" src=\"https:\/\/i0.wp.com\/www.horizonemployeur.fr\/wordpress\/wp-content\/uploads\/2017\/11\/Brochure-SEMIV.png?resize=250%2C250\" alt=\"\" width=\"250\" height=\"250\" srcset=\"https:\/\/i0.wp.com\/www.horizonemployeur.fr\/wordpress\/wp-content\/uploads\/2017\/11\/Brochure-SEMIV.png?w=250&amp;ssl=1 250w, https:\/\/i0.wp.com\/www.horizonemployeur.fr\/wordpress\/wp-content\/uploads\/2017\/11\/Brochure-SEMIV.png?resize=150%2C150&amp;ssl=1 150w\" sizes=\"(max-width: 250px) 100vw, 250px\" data-recalc-dims=\"1\" \/><br \/>\n<\/a><em>(cliquez sur l&rsquo;image)<\/em><\/p>\n","protected":false},"excerpt":{"rendered":"<p>La SEMIV, Soci\u00e9t\u00e9 d&rsquo;Economie Mixte Immobili\u00e8re de V\u00e9lizy, est l&rsquo;organisme propri\u00e9taire de la majorit\u00e9 des appartements en location sur le territoire de&nbsp;V\u00e9lizy. Ces appartements sont de type interm\u00e9diaire (et non social). Si vous \u00eates salari\u00e9(e) d&rsquo;une des entreprises d&rsquo;Inovel Parc, vous avez la possibilit\u00e9 de faire acte de candidature pour louer un logement disponible. Renseignez-vous [&hellip;]<\/p>\n","protected":false},"author":1,"featured_media":0,"parent":3418,"menu_order":0,"comment_status":"closed","ping_status":"closed","template":"page-templates\/no-sidebar.php","meta":{"ngg_post_thumbnail":0,"jetpack_post_was_ever_published":false},"jetpack_sharing_enabled":true,"jetpack_shortlink":"https:\/\/wp.me\/P7AoJR-Tx","jetpack-related-posts":[{"id":714,"url":"https:\/\/www.horizonemployeur.fr\/wordpress\/accueil\/sedeplacer\/plans-cartes\/","url_meta":{"origin":3443,"position":0},"title":"Des plans et des cartes","date":"8 septembre 2015","format":false,"excerpt":"La meilleure solution pour savoir o\u00f9 aller, c'est d'avoir le bon plan ou la bonne carte. C'est ici que vous trouverez tous ces documents. Vous rep\u00e9rer sur Inovel Parc: une carte Google Maps avec les ensembles immobiliers, les b\u00e2timents, les h\u00f4tels, les r\u00e9sidences h\u00f4teli\u00e8res... et nos adh\u00e9rents Vous d\u00e9placer en\u2026","rel":"","context":"Article similaire","img":{"alt_text":"","src":"https:\/\/i0.wp.com\/www.horizonemployeur.fr\/wordpress\/wp-content\/uploads\/2016\/03\/plan-inovel-parc-nord-12-2014-partiel.png?fit=1200%2C600&ssl=1&resize=350%2C200","width":350,"height":200},"classes":[]},{"id":107,"url":"https:\/\/www.horizonemployeur.fr\/wordpress\/vehicule-motorise\/","url_meta":{"origin":3443,"position":1},"title":"Utiliser son propre v\u00e9hicule motoris\u00e9","date":"7 mars 2014","format":false,"excerpt":"Les pages pr\u00e9c\u00e9dentes ne vous ont pas permis de trouver la solution adapt\u00e9e pour vous rendre \u00e0 Inovel Parc ou le quitter. Il reste donc le v\u00e9hicule individuel motoris\u00e9, que celui-ci ait\u00a02 (v\u00e9lomoteurs, scooters, motos), 3 (scooters) ou 4 (voitures) roues. La circulation autour d'Inovel Parc \u00e9tant ce qu'elle est\u2026","rel":"","context":"Article similaire","img":{"alt_text":"","src":"","width":0,"height":0},"classes":[]},{"id":2318,"url":"https:\/\/www.horizonemployeur.fr\/wordpress\/vehicule-motorise-2\/","url_meta":{"origin":3443,"position":2},"title":"Utiliser son propre v\u00e9hicule motoris\u00e9","date":"7 mars 2014","format":false,"excerpt":"Les pages pr\u00e9c\u00e9dentes ne vous ont pas permis de trouver la solution adapt\u00e9e pour vous rendre \u00e0 Inovel Parc ou le quitter. Il reste donc le v\u00e9hicule individuel motoris\u00e9, que celui-ci ait\u00a02 (v\u00e9lomoteurs, scooters, motos), 3 (scooters) ou 4 (voitures) roues. La circulation autour d'Inovel Parc \u00e9tant ce qu'elle est\u2026","rel":"","context":"Article similaire","img":{"alt_text":"","src":"","width":0,"height":0},"classes":[]},{"id":3613,"url":"https:\/\/www.horizonemployeur.fr\/wordpress\/autolib\/","url_meta":{"origin":3443,"position":3},"title":"Le dispositif d&rsquo;autopartage Autolib&rsquo;","date":"17 novembre 2017","format":false,"excerpt":"31 JUILLET 2018: le service Autolib' est ferm\u00e9. Que ce soit sur V\u00e9lizy ou sur Meudon, les places de stationnement d\u00e9di\u00e9es \u00e0 Autolib' sont d\u00e9sormais accessibles aux seuls v\u00e9hicules \u00e9lectriques. A V\u00e9lizy, la dur\u00e9e de stationnement est limit\u00e9e \u00e0 2 heures. Autolib' est devenu en quelques ann\u00e9es le syst\u00e8me d'autopartage\u2026","rel":"","context":"Article similaire","img":{"alt_text":"","src":"https:\/\/i0.wp.com\/www.horizonemployeur.fr\/wordpress\/wp-content\/uploads\/2016\/03\/p1070085_1200x600d.jpg?resize=350%2C200","width":350,"height":200},"classes":[]},{"id":1731,"url":"https:\/\/www.horizonemployeur.fr\/wordpress\/inovel-parc\/","url_meta":{"origin":3443,"position":4},"title":"Inovel Parc","date":"1 janvier 2017","format":false,"excerpt":"Inovel Parc, c'est l'ensemble des parcs d'activit\u00e9s de V\u00e9lizy-Villacoublay et de Meudon-la-For\u00eat. Inovel Parc, ce sont plus de 40 000 salari\u00e9s et plus de 50 000 clients qui tous les jours se rendent dans les centres commerciaux: V\u00e9lizy 2, L'Usine Mode et Maison (ex Usines Center) et La Maison Villacoublay\u2026","rel":"","context":"Article similaire","img":{"alt_text":"","src":"https:\/\/i0.wp.com\/www.horizonemployeur.fr\/wordpress\/wp-content\/uploads\/2014\/02\/logo-rvb1.jpg?resize=350%2C200","width":350,"height":200},"classes":[]},{"id":179,"url":"https:\/\/www.horizonemployeur.fr\/wordpress\/accueil\/sedeplacer\/en-2-3-ou-4-roues-motorises-voiture-moto-scooter\/","url_meta":{"origin":3443,"position":5},"title":"En 2, 3 ou 4 roues motoris\u00e9s: voiture, moto, scooter, &#8230;","date":"24 mars 2014","format":false,"excerpt":"Inovel Parc se trouve \u00e0 l'intersection de 2 axes majeurs de l'Ile de France: la route nationale 118, voie express joignant le pont de S\u00e8vres et l'autoroute A 10 au niveau des Ulis Au pont de S\u00e8vres, vous aurez le choix entre la RD 910 rejoignant le boulevard p\u00e9riph\u00e9rique \u00e0\u2026","rel":"","context":"Article similaire","img":{"alt_text":"","src":"https:\/\/i0.wp.com\/www.horizonemployeur.fr\/wordpress\/wp-content\/uploads\/2016\/03\/p1100423_600.jpg?fit=600%2C450&ssl=1&resize=350%2C200","width":350,"height":200},"classes":[]}],"_links":{"self":[{"href":"https:\/\/www.horizonemployeur.fr\/wordpress\/wp-json\/wp\/v2\/pages\/3443"}],"collection":[{"href":"https:\/\/www.horizonemployeur.fr\/wordpress\/wp-json\/wp\/v2\/pages"}],"about":[{"href":"https:\/\/www.horizonemployeur.fr\/wordpress\/wp-json\/wp\/v2\/types\/page"}],"author":[{"embeddable":true,"href":"https:\/\/www.horizonemployeur.fr\/wordpress\/wp-json\/wp\/v2\/users\/1"}],"replies":[{"embeddable":true,"href":"https:\/\/www.horizonemployeur.fr\/wordpress\/wp-json\/wp\/v2\/comments?post=3443"}],"version-history":[{"count":1,"href":"https:\/\/www.horizonemployeur.fr\/wordpress\/wp-json\/wp\/v2\/pages\/3443\/revisions"}],"predecessor-version":[{"id":3444,"href":"https:\/\/www.horizonemployeur.fr\/wordpress\/wp-json\/wp\/v2\/pages\/3443\/revisions\/3444"}],"up":[{"embeddable":true,"href":"https:\/\/www.horizonemployeur.fr\/wordpress\/wp-json\/wp\/v2\/pages\/3418"}],"wp:attachment":[{"href":"https:\/\/www.horizonemployeur.fr\/wordpress\/wp-json\/wp\/v2\/media?parent=3443"}],"curies":[{"name":"wp","href":"https:\/\/api.w.org\/{rel}","templated":true}]}}

<p>La SEMIV, Société d&rsquo;Economie Mixte Immobilière de Vélizy, est l&rsquo;organisme propriétaire de la majorité des appartements en location sur le territoire de&nbsp;Vélizy. Ces appartements sont de type intermédiaire (et non social).</p>
<p>Si vous êtes salarié(e) d&rsquo;une des entreprises d&rsquo;Inovel Parc, vous avez la possibilité de faire acte de candidature pour louer un logement disponible.</p>
<p>Renseignez-vous sur le site de la SEMIV: <a href="http://www.semiv-velizy.fr" target="_blank" rel="noopener">www.semiv-velizy.fr</a> en utilisant le pavé « Offre locative Salariés Inovel Parc » situé dans la colonne de gauche de la page d&rsquo;accueil.</p>
<p><img data-attachment-id="3433" data-permalink="https://www.horizonemployeur.fr/wordpress/portail-semiv-2/" data-orig-file="https://i0.wp.com/www.horizonemployeur.fr/wordpress/wp-content/uploads/2017/11/Portail-SEMIV-1.png?fit=1012%2C922&amp;ssl=1" data-orig-size="1012,922" data-comments-opened="1" data-image-meta="{&quot;aperture&quot;:&quot;0&quot;,&quot;credit&quot;:&quot;&quot;,&quot;camera&quot;:&quot;&quot;,&quot;caption&quot;:&quot;&quot;,&quot;created_timestamp&quot;:&quot;0&quot;,&quot;copyright&quot;:&quot;&quot;,&quot;focal_length&quot;:&quot;0&quot;,&quot;iso&quot;:&quot;0&quot;,&quot;shutter_speed&quot;:&quot;0&quot;,&quot;title&quot;:&quot;&quot;,&quot;orientation&quot;:&quot;0&quot;}" data-image-title="Portail SEMIV" data-image-description="" data-image-caption="" data-medium-file="https://i0.wp.com/www.horizonemployeur.fr/wordpress/wp-content/uploads/2017/11/Portail-SEMIV-1.png?fit=300%2C273&amp;ssl=1" data-large-file="https://i0.wp.com/www.horizonemployeur.fr/wordpress/wp-content/uploads/2017/11/Portail-SEMIV-1.png?fit=700%2C638&amp;ssl=1" decoding="async" loading="lazy" class="alignnone wp-image-3433" src="https://i0.wp.com/www.horizonemployeur.fr/wordpress/wp-content/uploads/2017/11/Portail-SEMIV-1.png?resize=600%2C547" alt="" width="600" height="547" srcset="https://i0.wp.com/www.horizonemployeur.fr/wordpress/wp-content/uploads/2017/11/Portail-SEMIV-1.png?w=1012&amp;ssl=1 1012w, https://i0.wp.com/www.horizonemployeur.fr/wordpress/wp-content/uploads/2017/11/Portail-SEMIV-1.png?resize=300%2C273&amp;ssl=1 300w, https://i0.wp.com/www.horizonemployeur.fr/wordpress/wp-content/uploads/2017/11/Portail-SEMIV-1.png?resize=768%2C700&amp;ssl=1 768w" sizes="(max-width: 600px) 100vw, 600px" data-recalc-dims="1" /></p>
<p>Vous trouverez ci-dessous une brochure de la présentation de la SEMIV (2014):</p>
<p><a href="http://www.horizonemployeur.fr/wordpress/wp-content/uploads/2017/11/Brochure-SEMIV-D%C3%A9cembre-2014.pdf" target="_blank" rel="noopener"><img data-attachment-id="3435" data-permalink="https://www.horizonemployeur.fr/wordpress/brochure-semiv/" data-orig-file="https://i0.wp.com/www.horizonemployeur.fr/wordpress/wp-content/uploads/2017/11/Brochure-SEMIV.png?fit=250%2C250&amp;ssl=1" data-orig-size="250,250" data-comments-opened="1" data-image-meta="{&quot;aperture&quot;:&quot;0&quot;,&quot;credit&quot;:&quot;&quot;,&quot;camera&quot;:&quot;&quot;,&quot;caption&quot;:&quot;&quot;,&quot;created_timestamp&quot;:&quot;0&quot;,&quot;copyright&quot;:&quot;&quot;,&quot;focal_length&quot;:&quot;0&quot;,&quot;iso&quot;:&quot;0&quot;,&quot;shutter_speed&quot;:&quot;0&quot;,&quot;title&quot;:&quot;&quot;,&quot;orientation&quot;:&quot;0&quot;}" data-image-title="Brochure SEMIV" data-image-description="" data-image-caption="" data-medium-file="https://i0.wp.com/www.horizonemployeur.fr/wordpress/wp-content/uploads/2017/11/Brochure-SEMIV.png?fit=250%2C250&amp;ssl=1" data-large-file="https://i0.wp.com/www.horizonemployeur.fr/wordpress/wp-content/uploads/2017/11/Brochure-SEMIV.png?fit=250%2C250&amp;ssl=1" decoding="async" loading="lazy" class="alignnone size-full wp-image-3435" src="https://i0.wp.com/www.horizonemployeur.fr/wordpress/wp-content/uploads/2017/11/Brochure-SEMIV.png?resize=250%2C250" alt="" width="250" height="250" srcset="https://i0.wp.com/www.horizonemployeur.fr/wordpress/wp-content/uploads/2017/11/Brochure-SEMIV.png?w=250&amp;ssl=1 250w, https://i0.wp.com/www.horizonemployeur.fr/wordpress/wp-content/uploads/2017/11/Brochure-SEMIV.png?resize=150%2C150&amp;ssl=1 150w" sizes="(max-width: 250px) 100vw, 250px" data-recalc-dims="1" /><br />
</a><em>(cliquez sur l&rsquo;image)</em></p>

<p>La SEMIV, Société d&rsquo;Economie Mixte Immobilière de Vélizy, est l&rsquo;organisme propriétaire de la majorité des appartements en location sur le territoire de&nbsp;Vélizy. Ces appartements sont de type intermédiaire (et non social). Si vous êtes salarié(e) d&rsquo;une des entreprises d&rsquo;Inovel Parc, vous avez la possibilité de faire acte de candidature pour louer un logement disponible. Renseignez-vous [&hellip;]</p>

La meilleure solution pour savoir où aller, c'est d'avoir le bon plan ou la bonne carte. C'est ici que vous trouverez tous ces documents. Vous repérer sur Inovel Parc: une carte Google Maps avec les ensembles immobiliers, les bâtiments, les hôtels, les résidences hôtelières... et nos adhérents Vous déplacer en…

Utiliser son propre véhicule motorisé

Les pages précédentes ne vous ont pas permis de trouver la solution adaptée pour vous rendre à Inovel Parc ou le quitter. Il reste donc le véhicule individuel motorisé, que celui-ci ait 2 (vélomoteurs, scooters, motos), 3 (scooters) ou 4 (voitures) roues. La circulation autour d'Inovel Parc étant ce qu'elle est…

31 JUILLET 2018: le service Autolib' est fermé. Que ce soit sur Vélizy ou sur Meudon, les places de stationnement dédiées à Autolib' sont désormais accessibles aux seuls véhicules électriques. A Vélizy, la durée de stationnement est limitée à 2 heures. Autolib' est devenu en quelques années le système d'autopartage…

Inovel Parc, c'est l'ensemble des parcs d'activités de Vélizy-Villacoublay et de Meudon-la-Forêt. Inovel Parc, ce sont plus de 40 000 salariés et plus de 50 000 clients qui tous les jours se rendent dans les centres commerciaux: Vélizy 2, L'Usine Mode et Maison (ex Usines Center) et La Maison Villacoublay…

En 2, 3 ou 4 roues motorisés: voiture, moto, scooter, &#8230;

Inovel Parc se trouve à l'intersection de 2 axes majeurs de l'Ile de France: la route nationale 118, voie express joignant le pont de Sèvres et l'autoroute A 10 au niveau des Ulis Au pont de Sèvres, vous aurez le choix entre la RD 910 rejoignant le boulevard périphérique à…
