{"id":253,"date":"2014-05-09T16:27:21","date_gmt":"2014-05-09T14:27:21","guid":{"rendered":"http:\/\/horizonmobi.wordpress.com\/?page_id=253"},"modified":"2014-05-09T16:27:21","modified_gmt":"2014-05-09T14:27:21","slug":"ppa_reg1","status":"publish","type":"page","link":"https:\/\/www.horizonemployeur.fr\/wordpress\/accueil\/pdie\/ppa\/ppa_reg1\/","title":{"rendered":"La mesure r\u00e9glementaire n\u00b01 du PPA"},"content":{"rendered":"<p>Que ce soit dans la version de 2006 ou dans la version de 2013, le Plan de Protection de l&rsquo;Atmosph\u00e8re d&rsquo;Ile-de-France demande aux grands p\u00f4les g\u00e9n\u00e9rateurs de trafic d&rsquo;\u00e9laborer et de mettre en oeuvre des Plans de D\u00e9placements.<\/p>\n<p>&nbsp;<\/p>\n<h2>Qu&rsquo;est-ce qu&rsquo;un Plan de D\u00e9placements ?<\/h2>\n<p>Un <strong>Plan de D\u00e9placements<\/strong> a pour objectif de rationaliser les d\u00e9placements des voyageurs qu&rsquo;ils soient salari\u00e9s (domicile &#8211; travail ou professionnels), clients ou\u00a0visiteurs,\u00a0mais aussi\u00a0des marchandises: il s&rsquo;agit de tout mettre en oeuvre pour \u00e9viter que la personne se d\u00e9place seule dans sa voiture ou que la marchandise fasse l&rsquo;objet d&rsquo;une livraison sp\u00e9cifique de bout en bout.<\/p>\n<p>Pour le d\u00e9placement d&rsquo;une personne, les alternatives sont de diverses cat\u00e9gories:<\/p>\n<ul>\n<li>autres modes de transport\n<ul>\n<li>recours aux modes actifs (marche \u00e0 pied, v\u00e9lo)<\/li>\n<li>utilisation des transports en commun<\/li>\n<li>si n\u00e9cessaire, de fa\u00e7on combin\u00e9e<\/li>\n<\/ul>\n<\/li>\n<li>autres modes\u00a0d&rsquo;utilisation de la voiture\n<ul>\n<li>covoiturage<\/li>\n<li>taxi<\/li>\n<li>autopartage<\/li>\n<\/ul>\n<\/li>\n<li>si n\u00e9cessaire, de fa\u00e7on combin\u00e9e<\/li>\n<\/ul>\n<p>mais\u00a0le d\u00e9placement le moins polluant \u00e9tant celui qu&rsquo;on \u00e9vite, on peut ajouter, suivant les possibilit\u00e9s:<\/p>\n<ul>\n<li>le recours \u00e0 des moyens audiovisuels pour organiser une r\u00e9union \u00e0 distance<\/li>\n<li>le t\u00e9l\u00e9travail pour \u00e9viter le d\u00e9placement domicile &#8211; travail certains jours<\/li>\n<\/ul>\n<p>&nbsp;<\/p>\n<h2>Qui est assujetti \u00e0 la mise en oeuvre d&rsquo;un plan de d\u00e9placements ?<\/h2>\n<p>L&rsquo;arr\u00eat\u00e9 interpr\u00e9fectoral de mars 2013 assujettit tous les p\u00f4les g\u00e9n\u00e9rateurs d&rsquo;un trafic de plus de 500 automobiles chaque jour \u00e0 cette mise en oeuvre. Mais comment d\u00e9terminer le trafic g\u00e9n\u00e9r\u00e9 par une entreprise ? Celui-ci est calcul\u00e9 \u00e0 partir de 2 donn\u00e9es statistiques:<\/p>\n<ul>\n<li>le nombre de salari\u00e9s d\u00e9clar\u00e9 par l&rsquo;entreprise&#8230; en 2008<\/li>\n<li>les donn\u00e9es du recensement g\u00e9n\u00e9ral de la population de 2007 concernant la part des salari\u00e9s qui viennent travailler en voiture dans une commune donn\u00e9e (cette part varie d&rsquo;environ 12 % dans le centre de Paris \u00e0 plus de 90 % dans certaines communes \u00e9loign\u00e9es de Paris et des axes majeurs des transports en commun)<\/li>\n<\/ul>\n<p>Si le produit de ces 2 chiffres pour une entreprise est sup\u00e9rieur \u00e0 500, alors l&rsquo;entreprise est assujettie \u00e0 la mise en place d&rsquo;un plan de d\u00e9placements d&rsquo;entreprise.<\/p>\n<p>L&rsquo;article 8 de l&rsquo;arr\u00eat\u00e9 interpr\u00e9fectoral 2013-084 du 25 mars indique cependant qu&rsquo;en cas de modification de l&rsquo;effectif de l&rsquo;entreprise, celle-ci deviendra assujettie \u00e0 obligation de plan de d\u00e9placement ou inversement ne le sera plus.<\/p>\n<p><span style=\"color:#0000ff;\">En\u00a02007,\u00a0la part des salari\u00e9s qui viennent travailler en voiture \u00e9tait:<\/span><\/p>\n<ul>\n<li><span style=\"color:#0000ff;\">\u00e0 V\u00e9lizy-Villacoublay, 68,5 %<\/span><br \/>\n<span style=\"color:#0000ff;\"> Une entreprise v\u00e9lizienne de plus de 730\u00a0salari\u00e9s est donc assujettie \u00e0 l&rsquo;obligation<\/span><\/li>\n<li><span style=\"color:#0000ff;\">\u00e0 Meudon, 52,0 %<\/span><br \/>\n<span style=\"color:#0000ff;\"> Une entreprise meudonnaise de plus de 962 salari\u00e9s est donc assujettie \u00e0 l&rsquo;obligation<\/span><\/li>\n<\/ul>\n<p>&nbsp;<\/p>\n<h2>Qu&rsquo;est-ce qu&rsquo;un Plan de D\u00e9placements Inter-Entreprises ?<\/h2>\n<p>Illustrant la maxime \u00ab\u00a0L&rsquo;union fait la force\u00a0\u00bb, la r\u00e9glementation donne la possibilit\u00e9 de d\u00e9finir et mettre en oeuvre un Plan de D\u00e9placements Inter-Etablissements (si une entreprise a plusieurs \u00e9tablissements situ\u00e9s \u00e0 proximit\u00e9 les uns des autres), ou un Plan de D\u00e9placements Inter-Entreprises (dans ce cas plusieurs entreprises situ\u00e9es \u00e0 proximit\u00e9 les unes des autres d\u00e9cident de travailler ensemble \u00e0 la d\u00e9finition et \u00e0 la mise en oeuvre d&rsquo;un Plan de D\u00e9placements commun).<\/p>\n","protected":false},"excerpt":{"rendered":"<p>Que ce soit dans la version de 2006 ou dans la version de 2013, le Plan de Protection de l&rsquo;Atmosph\u00e8re d&rsquo;Ile-de-France demande aux grands p\u00f4les g\u00e9n\u00e9rateurs de trafic d&rsquo;\u00e9laborer et de mettre en oeuvre des Plans de D\u00e9placements. &nbsp; Qu&rsquo;est-ce qu&rsquo;un Plan de D\u00e9placements ? Un Plan de D\u00e9placements a pour objectif de rationaliser les [&hellip;]<\/p>\n","protected":false},"author":1,"featured_media":0,"parent":242,"menu_order":1,"comment_status":"open","ping_status":"open","template":"","meta":{"ngg_post_thumbnail":0,"jetpack_post_was_ever_published":false},"jetpack_sharing_enabled":true,"jetpack_shortlink":"https:\/\/wp.me\/P7AoJR-45","jetpack-related-posts":[{"id":196,"url":"https:\/\/www.horizonemployeur.fr\/wordpress\/accueil\/pdie\/","url_meta":{"origin":253,"position":0},"title":"Le Plan de D\u00e9placements Inter-Entreprise (PDIE)","date":"4 avril 2014","format":false,"excerpt":"Depuis 2010, l'association des entreprises \"Horizon Employeur\" a mis en oeuvre un Plan de D\u00e9placements Inter-Entreprises (PDIE). Pourquoi ? \u00e0 quoi sert-il ? Tel est le sujet de cette page. \u00a0 Le PDIE r\u00e9pond avant tout \u00e0 une n\u00e9cessit\u00e9 r\u00e9glementaire faite principalement\u00a0aux grandes entreprises. Le PDIE, pour qui ? Dans\u2026","rel":"","context":"Avec 2 commentaires","img":{"alt_text":"","src":"https:\/\/i0.wp.com\/www.horizonemployeur.fr\/wordpress\/wp-content\/uploads\/2016\/04\/vignette-pdie-he-600x430-1.png?fit=600%2C430&ssl=1&resize=350%2C200","width":350,"height":200},"classes":[]},{"id":569,"url":"https:\/\/www.horizonemployeur.fr\/wordpress\/accueil\/pdie\/pdie-he\/","url_meta":{"origin":253,"position":1},"title":"Le PDIE de l&rsquo;association \u00ab\u00a0Horizon Employeur\u00a0\u00bb","date":"13 juillet 2015","format":false,"excerpt":"Le PDIE s'est mis en place au long d'un processus comportant plusieurs \u00e9tapes: 2008-2009 (9 mois): r\u00e9alisation d'un diagnostic de la mobilit\u00e9 dans les zones d'activit\u00e9s 2009 (3 mois): d\u00e9finition du plan d'actions \u00e0 mettre en oeuvre 2010-2014: mise en oeuvre du 1er plan de d\u00e9placements 2014: bilan des 5\u2026","rel":"","context":"Article similaire","img":{"alt_text":"","src":"","width":0,"height":0},"classes":[]},{"id":3610,"url":"https:\/\/www.horizonemployeur.fr\/wordpress\/covoiturage\/","url_meta":{"origin":253,"position":2},"title":"Le covoiturage","date":"17 novembre 2017","format":false,"excerpt":"Le covoiturage, c'est un trajet partag\u00e9 entre membres de la famille ou voisins, ou entre coll\u00e8gues d'un m\u00eame service ou d'une m\u00eame entreprise. Mais ce dispositif peut \u00eatre \u00e9largi entre salari\u00e9s de diff\u00e9rentes entreprises d'Inovel Parc ou personnes partageant simplement toute ou partie d'un m\u00eame trajet. Afin de faciliter la\u2026","rel":"","context":"Article similaire","img":{"alt_text":"","src":"","width":0,"height":0},"classes":[]},{"id":2843,"url":"https:\/\/www.horizonemployeur.fr\/wordpress\/juin2016\/","url_meta":{"origin":253,"position":3},"title":"Travaux \u00e9t\u00e9 2016 sur l&rsquo;avenue Mar\u00e9chal Juin","date":"7 juin 2016","format":false,"excerpt":"Afin de fluidifier la circulation de la zone d\u2019activit\u00e9 de Meudon la For\u00eat, et dans la continuit\u00e9 de l\u2019am\u00e9nagement r\u00e9alis\u00e9 en 2014 au niveau du carrefour avenue Morane Saulnier\/ avenue Mar\u00e9chal Juin, Grand Paris Seine Ouest va entreprendre des travaux avenue Mar\u00e9chal Juin entre le 13 juin et fin ao\u00fbt\u2026","rel":"","context":"Article similaire","img":{"alt_text":"","src":"","width":0,"height":0},"classes":[]},{"id":235,"url":"https:\/\/www.horizonemployeur.fr\/wordpress\/accueil\/pdie\/ppa\/laure_1996\/","url_meta":{"origin":253,"position":4},"title":"Loi 96-1236 du 30 d\u00e9cembre 1996 (LAURE)","date":"7 mai 2014","format":false,"excerpt":"La loi 96-1236 du 30 d\u00e9cembre 1996, Loi sur l'Air et l'Utilisation Rationnelle de l'Energie (LAURE) est la loi de r\u00e9f\u00e9rence fran\u00e7aise sur la qualit\u00e9 de l'air. Bien qu'abrog\u00e9e depuis\u00a0et int\u00e9gr\u00e9e dans le Code de l'Environnement, elle reste le point de d\u00e9part \"du droit reconnu \u00e0 chacun \u00e0 respirer un\u2026","rel":"","context":"Article similaire","img":{"alt_text":"","src":"","width":0,"height":0},"classes":[]},{"id":242,"url":"https:\/\/www.horizonemployeur.fr\/wordpress\/accueil\/pdie\/ppa\/","url_meta":{"origin":253,"position":5},"title":"Les Plans de Protection de l&rsquo;Atmosph\u00e8re d&rsquo;Ile-de-France","date":"7 mai 2014","format":false,"excerpt":"Conform\u00e9ment \u00e0 la\u00a0Loi sur l'Air et l'Utilisation Rationnelle de l'Energie (LAURE) 96-1236 du 30 d\u00e9cembre 1996 et \u00e0 sa retranscription dans le Code de l'Environnement, la r\u00e9gion Ile-de-France a \u00e9t\u00e9 dot\u00e9e d\u00e8s 2005 d'un Plan de Protection de l'Atmosph\u00e8re (PPA): le premier a couvert les ann\u00e9es 2005 \u00e0 2010 le\u2026","rel":"","context":"Article similaire","img":{"alt_text":"","src":"","width":0,"height":0},"classes":[]}],"_links":{"self":[{"href":"https:\/\/www.horizonemployeur.fr\/wordpress\/wp-json\/wp\/v2\/pages\/253"}],"collection":[{"href":"https:\/\/www.horizonemployeur.fr\/wordpress\/wp-json\/wp\/v2\/pages"}],"about":[{"href":"https:\/\/www.horizonemployeur.fr\/wordpress\/wp-json\/wp\/v2\/types\/page"}],"author":[{"embeddable":true,"href":"https:\/\/www.horizonemployeur.fr\/wordpress\/wp-json\/wp\/v2\/users\/1"}],"replies":[{"embeddable":true,"href":"https:\/\/www.horizonemployeur.fr\/wordpress\/wp-json\/wp\/v2\/comments?post=253"}],"version-history":[{"count":0,"href":"https:\/\/www.horizonemployeur.fr\/wordpress\/wp-json\/wp\/v2\/pages\/253\/revisions"}],"up":[{"embeddable":true,"href":"https:\/\/www.horizonemployeur.fr\/wordpress\/wp-json\/wp\/v2\/pages\/242"}],"wp:attachment":[{"href":"https:\/\/www.horizonemployeur.fr\/wordpress\/wp-json\/wp\/v2\/media?parent=253"}],"curies":[{"name":"wp","href":"https:\/\/api.w.org\/{rel}","templated":true}]}}

La mesure réglementaire n°1 du PPA

<p>Que ce soit dans la version de 2006 ou dans la version de 2013, le Plan de Protection de l&rsquo;Atmosphère d&rsquo;Ile-de-France demande aux grands pôles générateurs de trafic d&rsquo;élaborer et de mettre en oeuvre des Plans de Déplacements.</p>
<p>&nbsp;</p>
<h2>Qu&rsquo;est-ce qu&rsquo;un Plan de Déplacements ?</h2>
<p>Un <strong>Plan de Déplacements</strong> a pour objectif de rationaliser les déplacements des voyageurs qu&rsquo;ils soient salariés (domicile &#8211; travail ou professionnels), clients ou visiteurs, mais aussi des marchandises: il s&rsquo;agit de tout mettre en oeuvre pour éviter que la personne se déplace seule dans sa voiture ou que la marchandise fasse l&rsquo;objet d&rsquo;une livraison spécifique de bout en bout.</p>
<p>Pour le déplacement d&rsquo;une personne, les alternatives sont de diverses catégories:</p>
<ul>
<li>autres modes de transport
<ul>
<li>recours aux modes actifs (marche à pied, vélo)</li>
<li>utilisation des transports en commun</li>
<li>si nécessaire, de façon combinée</li>
</ul>
</li>
<li>autres modes d&rsquo;utilisation de la voiture
<ul>
<li>covoiturage</li>
<li>taxi</li>
<li>autopartage</li>
</ul>
</li>
<li>si nécessaire, de façon combinée</li>
</ul>
<p>mais le déplacement le moins polluant étant celui qu&rsquo;on évite, on peut ajouter, suivant les possibilités:</p>
<ul>
<li>le recours à des moyens audiovisuels pour organiser une réunion à distance</li>
<li>le télétravail pour éviter le déplacement domicile &#8211; travail certains jours</li>
</ul>
<p>&nbsp;</p>
<h2>Qui est assujetti à la mise en oeuvre d&rsquo;un plan de déplacements ?</h2>
<p>L&rsquo;arrêté interpréfectoral de mars 2013 assujettit tous les pôles générateurs d&rsquo;un trafic de plus de 500 automobiles chaque jour à cette mise en oeuvre. Mais comment déterminer le trafic généré par une entreprise ? Celui-ci est calculé à partir de 2 données statistiques:</p>
<ul>
<li>le nombre de salariés déclaré par l&rsquo;entreprise&#8230; en 2008</li>
<li>les données du recensement général de la population de 2007 concernant la part des salariés qui viennent travailler en voiture dans une commune donnée (cette part varie d&rsquo;environ 12 % dans le centre de Paris à plus de 90 % dans certaines communes éloignées de Paris et des axes majeurs des transports en commun)</li>
</ul>
<p>Si le produit de ces 2 chiffres pour une entreprise est supérieur à 500, alors l&rsquo;entreprise est assujettie à la mise en place d&rsquo;un plan de déplacements d&rsquo;entreprise.</p>
<p>L&rsquo;article 8 de l&rsquo;arrêté interpréfectoral 2013-084 du 25 mars indique cependant qu&rsquo;en cas de modification de l&rsquo;effectif de l&rsquo;entreprise, celle-ci deviendra assujettie à obligation de plan de déplacement ou inversement ne le sera plus.</p>
<p><span style="color:#0000ff;">En 2007, la part des salariés qui viennent travailler en voiture était:</span></p>
<ul>
<li><span style="color:#0000ff;">à Vélizy-Villacoublay, 68,5 %</span><br />
<span style="color:#0000ff;"> Une entreprise vélizienne de plus de 730 salariés est donc assujettie à l&rsquo;obligation</span></li>
<li><span style="color:#0000ff;">à Meudon, 52,0 %</span><br />
<span style="color:#0000ff;"> Une entreprise meudonnaise de plus de 962 salariés est donc assujettie à l&rsquo;obligation</span></li>
</ul>
<p>&nbsp;</p>
<h2>Qu&rsquo;est-ce qu&rsquo;un Plan de Déplacements Inter-Entreprises ?</h2>
<p>Illustrant la maxime « L&rsquo;union fait la force », la réglementation donne la possibilité de définir et mettre en oeuvre un Plan de Déplacements Inter-Etablissements (si une entreprise a plusieurs établissements situés à proximité les uns des autres), ou un Plan de Déplacements Inter-Entreprises (dans ce cas plusieurs entreprises situées à proximité les unes des autres décident de travailler ensemble à la définition et à la mise en oeuvre d&rsquo;un Plan de Déplacements commun).</p>

<p>Que ce soit dans la version de 2006 ou dans la version de 2013, le Plan de Protection de l&rsquo;Atmosphère d&rsquo;Ile-de-France demande aux grands pôles générateurs de trafic d&rsquo;élaborer et de mettre en oeuvre des Plans de Déplacements. &nbsp; Qu&rsquo;est-ce qu&rsquo;un Plan de Déplacements ? Un Plan de Déplacements a pour objectif de rationaliser les [&hellip;]</p>

Le Plan de Déplacements Inter-Entreprise (PDIE)

Depuis 2010, l'association des entreprises "Horizon Employeur" a mis en oeuvre un Plan de Déplacements Inter-Entreprises (PDIE). Pourquoi ? à quoi sert-il ? Tel est le sujet de cette page.   Le PDIE répond avant tout à une nécessité réglementaire faite principalement aux grandes entreprises. Le PDIE, pour qui ? Dans…

Le PDIE s'est mis en place au long d'un processus comportant plusieurs étapes: 2008-2009 (9 mois): réalisation d'un diagnostic de la mobilité dans les zones d'activités 2009 (3 mois): définition du plan d'actions à mettre en oeuvre 2010-2014: mise en oeuvre du 1er plan de déplacements 2014: bilan des 5…

Le covoiturage, c'est un trajet partagé entre membres de la famille ou voisins, ou entre collègues d'un même service ou d'une même entreprise. Mais ce dispositif peut être élargi entre salariés de différentes entreprises d'Inovel Parc ou personnes partageant simplement toute ou partie d'un même trajet. Afin de faciliter la…

Travaux été 2016 sur l&rsquo;avenue Maréchal Juin

Afin de fluidifier la circulation de la zone d’activité de Meudon la Forêt, et dans la continuité de l’aménagement réalisé en 2014 au niveau du carrefour avenue Morane Saulnier/ avenue Maréchal Juin, Grand Paris Seine Ouest va entreprendre des travaux avenue Maréchal Juin entre le 13 juin et fin août…

Loi 96-1236 du 30 décembre 1996 (LAURE)

La loi 96-1236 du 30 décembre 1996, Loi sur l'Air et l'Utilisation Rationnelle de l'Energie (LAURE) est la loi de référence française sur la qualité de l'air. Bien qu'abrogée depuis et intégrée dans le Code de l'Environnement, elle reste le point de départ "du droit reconnu à chacun à respirer un…

Les Plans de Protection de l&rsquo;Atmosphère d&rsquo;Ile-de-France

Conformément à la Loi sur l'Air et l'Utilisation Rationnelle de l'Energie (LAURE) 96-1236 du 30 décembre 1996 et à sa retranscription dans le Code de l'Environnement, la région Ile-de-France a été dotée dès 2005 d'un Plan de Protection de l'Atmosphère (PPA): le premier a couvert les années 2005 à 2010 le…
