{"id":2521,"date":"2016-04-29T14:54:44","date_gmt":"2016-04-29T12:54:44","guid":{"rendered":"http:\/\/www.horizonemployeur.fr\/wordpress\/?page_id=2521"},"modified":"2016-05-09T10:14:23","modified_gmt":"2016-05-09T08:14:23","slug":"ligne-phebus-32","status":"publish","type":"page","link":"https:\/\/www.horizonemployeur.fr\/wordpress\/28-05-2016\/restructuration-bus-phase-2\/ligne-phebus-32\/","title":{"rendered":"La ligne Ph\u00e9bus 32 en d\u00e9tails"},"content":{"rendered":"<h2>Un itin\u00e9raire modifi\u00e9<\/h2>\n<p><a href=\"https:\/\/i0.wp.com\/www.horizonemployeur.fr\/wordpress\/wp-content\/uploads\/2016\/04\/Ph%C3%A9bus-32-mai-2016.png\"><img data-attachment-id=\"2490\" data-permalink=\"https:\/\/www.horizonemployeur.fr\/wordpress\/28-05-2016\/restructuration-bus-phase-2\/ligne-phebus-34\/phebus-32-mai-2016\/\" data-orig-file=\"https:\/\/i0.wp.com\/www.horizonemployeur.fr\/wordpress\/wp-content\/uploads\/2016\/04\/Ph\u00e9bus-32-mai-2016.png?fit=518%2C1093&amp;ssl=1\" data-orig-size=\"518,1093\" data-comments-opened=\"1\" data-image-meta=\"{&quot;aperture&quot;:&quot;0&quot;,&quot;credit&quot;:&quot;&quot;,&quot;camera&quot;:&quot;&quot;,&quot;caption&quot;:&quot;&quot;,&quot;created_timestamp&quot;:&quot;0&quot;,&quot;copyright&quot;:&quot;&quot;,&quot;focal_length&quot;:&quot;0&quot;,&quot;iso&quot;:&quot;0&quot;,&quot;shutter_speed&quot;:&quot;0&quot;,&quot;title&quot;:&quot;&quot;,&quot;orientation&quot;:&quot;0&quot;}\" data-image-title=\"Ph\u00e9bus 32 &#8211; mai 2016\" data-image-description=\"\" data-image-caption=\"\" data-medium-file=\"https:\/\/i0.wp.com\/www.horizonemployeur.fr\/wordpress\/wp-content\/uploads\/2016\/04\/Ph\u00e9bus-32-mai-2016.png?fit=142%2C300&amp;ssl=1\" data-large-file=\"https:\/\/i0.wp.com\/www.horizonemployeur.fr\/wordpress\/wp-content\/uploads\/2016\/04\/Ph\u00e9bus-32-mai-2016.png?fit=485%2C1024&amp;ssl=1\" decoding=\"async\" loading=\"lazy\" class=\"alignnone wp-image-2490\" src=\"https:\/\/i0.wp.com\/www.horizonemployeur.fr\/wordpress\/wp-content\/uploads\/2016\/04\/Ph\u00e9bus-32-mai-2016-142x300.png?resize=300%2C634\" alt=\"Ph\u00e9bus 32 - mai 2016\" width=\"300\" height=\"634\" srcset=\"https:\/\/i0.wp.com\/www.horizonemployeur.fr\/wordpress\/wp-content\/uploads\/2016\/04\/Ph\u00e9bus-32-mai-2016.png?resize=142%2C300&amp;ssl=1 142w, https:\/\/i0.wp.com\/www.horizonemployeur.fr\/wordpress\/wp-content\/uploads\/2016\/04\/Ph\u00e9bus-32-mai-2016.png?resize=485%2C1024&amp;ssl=1 485w, https:\/\/i0.wp.com\/www.horizonemployeur.fr\/wordpress\/wp-content\/uploads\/2016\/04\/Ph\u00e9bus-32-mai-2016.png?resize=91%2C192&amp;ssl=1 91w, https:\/\/i0.wp.com\/www.horizonemployeur.fr\/wordpress\/wp-content\/uploads\/2016\/04\/Ph\u00e9bus-32-mai-2016.png?w=518&amp;ssl=1 518w\" sizes=\"(max-width: 300px) 100vw, 300px\" data-recalc-dims=\"1\" \/><\/a><\/p>\n<p><span style=\"color: #808080;\"><em>Cliquez sur l\u2019image pour la t\u00e9l\u00e9charger dans son format originel<\/em><\/span><\/p>\n<p>Si la ligne 32 continue \u00e0 assurer la liaison entre les 3 gares de Chaville, V\u00e9lizy et la gare de Jouy-en-Josas, son itin\u00e9raire est simplifi\u00e9 en 2 endroits sur Jouy-en-Josas:<\/p>\n<ul>\n<li>suppression de l&rsquo;arr\u00eat Les Gen\u00eats: en direction de V\u00e9lizy et Chaville, l&rsquo;itin\u00e9raire par les rues Abel Nicolle et L\u00e9on Blum est abandonn\u00e9 au profit d&rsquo;un passage par la rue des Fonds<\/li>\n<li>suppression de la boucle de desserte de l&rsquo;INRA<\/li>\n<\/ul>\n<p><span style=\"color: #0000ff;\">En milieu de journ\u00e9e, la ligne 32 assure une desserte de la pointe Ouest (voir ci-dessous).<\/span><\/p>\n<h2>Des horaires modifi\u00e9s<\/h2>\n<p>Afin, en particulier, de faciliter le rabattement des Jovaciens sur le tramway T6, la ligne 32 est renforc\u00e9e pour avoir:<\/p>\n<ul>\n<li>une fr\u00e9quence de 15 min en pointe, 30 min en journ\u00e9e, du lundi au vendredi<\/li>\n<li>une fr\u00e9quence de 30 min le samedi<\/li>\n<li>une fr\u00e9quence de 60 min le dimanche (y compris en plein \u00e9t\u00e9)<\/li>\n<\/ul>\n<p>Au d\u00e9part de Chaville-Rive Droite, les d\u00e9parts ont lieu aux heures suivantes:<\/p>\n<table style=\"width: 100%;\">\n<tbody>\n<tr>\n<th>06h<\/th>\n<th>07h<\/th>\n<th>08h<\/th>\n<th>09h<\/th>\n<th>10h<\/th>\n<th>11h<\/th>\n<th>12h<\/th>\n<th>13h<\/th>\n<th>14h<\/th>\n<\/tr>\n<tr>\n<td>30<br \/>\n55<\/td>\n<td>10<br \/>\n25<br \/>\n40<br \/>\n55<\/td>\n<td>10<br \/>\n25<br \/>\n40<br \/>\n55<\/td>\n<td>10<br \/>\n<span style=\"color: #0000ff;\">40p<\/span><\/td>\n<td><span style=\"color: #0000ff;\">10p<\/span><br \/>\n<span style=\"color: #0000ff;\">40p<\/span><\/td>\n<td><span style=\"color: #0000ff;\">10p<\/span><br \/>\n<span style=\"color: #0000ff;\">40p<\/span><\/td>\n<td><span style=\"color: #0000ff;\">10p<\/span><br \/>\n<span style=\"color: #0000ff;\">40p<\/span><\/td>\n<td><span style=\"color: #0000ff;\">10p<\/span><br \/>\n<span style=\"color: #0000ff;\">40p<\/span><\/td>\n<td><span style=\"color: #0000ff;\">10p<\/span><br \/>\n<span style=\"color: #0000ff;\">40p<\/span><\/td>\n<\/tr>\n<tr>\n<th>15h<\/th>\n<th>16h<\/th>\n<th>17h<\/th>\n<th>18h<\/th>\n<th>19h<\/th>\n<th>20h<\/th>\n<th>21h<\/th>\n<th>22h<\/th>\n<th>23h<\/th>\n<\/tr>\n<tr>\n<td><span style=\"color: #0000ff;\">10p<\/span><br \/>\n40<\/td>\n<td>10<br \/>\n25<br \/>\n40<br \/>\n55<\/td>\n<td>10<br \/>\n25<br \/>\n40<br \/>\n55<\/td>\n<td>10<br \/>\n25<br \/>\n40<br \/>\n55<\/td>\n<td>10<br \/>\n25<br \/>\n40<br \/>\n55<\/td>\n<td>30<\/td>\n<td>00<\/td>\n<td>00<\/td>\n<td>00<\/td>\n<\/tr>\n<\/tbody>\n<\/table>\n<p>Au d\u00e9part de Wagner <span style=\"text-decoration: underline;\">en direction de Chaville-Rive Droite<\/span>, les d\u00e9parts ont lieu aux heures suivantes:<\/p>\n<table style=\"width: 100%;\">\n<tbody>\n<tr>\n<th>06h<\/th>\n<th>07h<\/th>\n<th>08h<\/th>\n<th>09h<\/th>\n<th>10h<\/th>\n<th>11h<\/th>\n<th>12h<\/th>\n<th>13h<\/th>\n<th>14h<\/th>\n<\/tr>\n<tr>\n<td>13<br \/>\n43<\/td>\n<td>14<br \/>\n29<br \/>\n46<\/td>\n<td>01<br \/>\n16<br \/>\n31<br \/>\n46<\/td>\n<td>01<br \/>\n16<br \/>\n31<br \/>\n46<\/td>\n<td><span style=\"color: #0000ff;\">07p<\/span><br \/>\n<span style=\"color: #0000ff;\">36p<\/span><\/td>\n<td><span style=\"color: #0000ff;\">06p<\/span><br \/>\n<span style=\"color: #0000ff;\">36p<\/span><\/td>\n<td><span style=\"color: #0000ff;\">07p<\/span><br \/>\n<span style=\"color: #0000ff;\">37p<\/span><\/td>\n<td><span style=\"color: #0000ff;\">08p<\/span><br \/>\n<span style=\"color: #0000ff;\">38p<\/span><\/td>\n<td><span style=\"color: #0000ff;\">08p<\/span><br \/>\n<span style=\"color: #0000ff;\">38p<\/span><\/td>\n<\/tr>\n<tr>\n<th>15h<\/th>\n<th>16h<\/th>\n<th>17h<\/th>\n<th>18h<\/th>\n<th>19h<\/th>\n<th>20h<\/th>\n<th>21h<\/th>\n<th>22h<\/th>\n<th>23h<\/th>\n<\/tr>\n<tr>\n<td><span style=\"color: #0000ff;\">08p<\/span><br \/>\n<span style=\"color: #0000ff;\">38p<\/span><\/td>\n<td>06<br \/>\n31<br \/>\n46<\/td>\n<td>01<br \/>\n16<br \/>\n31<br \/>\n46<\/td>\n<td>01<br \/>\n16<br \/>\n31<br \/>\n46<\/td>\n<td>01<br \/>\n16<br \/>\n31<br \/>\n46<\/td>\n<td>01<br \/>\n30<\/td>\n<td>00<br \/>\n45<\/td>\n<td>45<\/td>\n<td><\/td>\n<\/tr>\n<\/tbody>\n<\/table>\n<p>Au d\u00e9part de Jouy-en-Josas, les d\u00e9parts ont lieu aux heures suivantes:<\/p>\n<table style=\"width: 100%;\">\n<tbody>\n<tr>\n<th>06h<\/th>\n<th>07h<\/th>\n<th>08h<\/th>\n<th>09h<\/th>\n<th>10h<\/th>\n<th>11h<\/th>\n<th>12h<\/th>\n<th>13h<\/th>\n<th>14h<\/th>\n<\/tr>\n<tr>\n<td>00<br \/>\n30<\/td>\n<td>00<br \/>\n15<br \/>\n30<br \/>\n45<\/td>\n<td>00<br \/>\n15<br \/>\n30<br \/>\n45<\/td>\n<td>00<br \/>\n15<br \/>\n30<br \/>\n<span style=\"color: #0000ff;\">50p<\/span><\/td>\n<td><span style=\"color: #0000ff;\">20p<\/span><br \/>\n<span style=\"color: #0000ff;\">50p<\/span><\/td>\n<td><span style=\"color: #0000ff;\">20p<\/span><br \/>\n<span style=\"color: #0000ff;\">50p<\/span><\/td>\n<td><span style=\"color: #0000ff;\">20p<\/span><br \/>\n<span style=\"color: #0000ff;\">50p<\/span><\/td>\n<td><span style=\"color: #0000ff;\">20p<\/span><br \/>\n<span style=\"color: #0000ff;\">50p<\/span><\/td>\n<td><span style=\"color: #0000ff;\">20p<\/span><br \/>\n<span style=\"color: #0000ff;\">50p<\/span><\/td>\n<\/tr>\n<tr>\n<th>15h<\/th>\n<th>16h<\/th>\n<th>17h<\/th>\n<th>18h<\/th>\n<th>19h<\/th>\n<th>20h<\/th>\n<th>21h<\/th>\n<th>22h<\/th>\n<th>23h<\/th>\n<\/tr>\n<tr>\n<td><span style=\"color: #0000ff;\">20p<\/span><br \/>\n50<\/td>\n<td>15<br \/>\n30<br \/>\n45<\/td>\n<td>00<br \/>\n15<br \/>\n30<br \/>\n45<\/td>\n<td>00<br \/>\n15<br \/>\n30<br \/>\n45<\/td>\n<td>00<br \/>\n15<br \/>\n30<br \/>\n45<\/td>\n<td>15<br \/>\n45<\/td>\n<td>30<\/td>\n<td>30<\/td>\n<td><\/td>\n<\/tr>\n<\/tbody>\n<\/table>\n<p>Au d\u00e9part de Wagner <span style=\"text-decoration: underline;\">en direction de Jouy-en-Josas<\/span>, les d\u00e9parts ont lieu aux heures suivantes:<\/p>\n<table style=\"width: 100%;\">\n<tbody>\n<tr>\n<th>06h<\/th>\n<th>07h<\/th>\n<th>08h<\/th>\n<th>09h<\/th>\n<th>10h<\/th>\n<th>11h<\/th>\n<th>12h<\/th>\n<th>13h<\/th>\n<th>14h<\/th>\n<\/tr>\n<tr>\n<td>40<\/td>\n<td>05<br \/>\n20<br \/>\n36<br \/>\n51<\/td>\n<td>06<br \/>\n21<br \/>\n36<br \/>\n51<\/td>\n<td>06<br \/>\n21<br \/>\n<span style=\"color: #0000ff;\">51p<\/span><\/td>\n<td><span style=\"color: #0000ff;\">21p<\/span><br \/>\n<span style=\"color: #0000ff;\">51p<\/span><\/td>\n<td><span style=\"color: #0000ff;\">21p<\/span><br \/>\n<span style=\"color: #0000ff;\">51p<\/span><\/td>\n<td><span style=\"color: #0000ff;\">21p<\/span><br \/>\n<span style=\"color: #0000ff;\">51p<\/span><\/td>\n<td><span style=\"color: #0000ff;\">21p<\/span><br \/>\n<span style=\"color: #0000ff;\">51p<\/span><\/td>\n<td><span style=\"color: #0000ff;\">21p<\/span><br \/>\n<span style=\"color: #0000ff;\">52p<\/span><\/td>\n<\/tr>\n<tr>\n<th>15h<\/th>\n<th>16h<\/th>\n<th>17h<\/th>\n<th>18h<\/th>\n<th>19h<\/th>\n<th>20h<\/th>\n<th>21h<\/th>\n<th>22h<\/th>\n<th>23h<\/th>\n<\/tr>\n<tr>\n<td><span style=\"color: #0000ff;\">22p<\/span><br \/>\n52<\/td>\n<td>22<br \/>\n37<br \/>\n52<\/td>\n<td>07<br \/>\n23<br \/>\n38<br \/>\n53<\/td>\n<td>08<br \/>\n23<br \/>\n38<br \/>\n53<\/td>\n<td>07<br \/>\n22<br \/>\n37<br \/>\n51<\/td>\n<td>06<br \/>\n41<\/td>\n<td>11<\/td>\n<td>09<\/td>\n<td>09<\/td>\n<\/tr>\n<\/tbody>\n<\/table>\n<p>Au d\u00e9part de Chaville-Rive Droite, le temps de parcours est de 9 \u00e0 13 minutes jusqu&rsquo;\u00e0 Wagner, 25 \u00e0 31 minutes jusqu&rsquo;\u00e0 Jouy-en-Josas.<\/p>\n<p>Au d\u00e9part de Jouy-en-Josas, le temps de parcours est de 13 \u00e0 16\u00a0minutes jusqu&rsquo;\u00e0 Wagner, 25 \u00e0 32 minutes jusqu&rsquo;\u00e0 .Chaville-Rive Droite<\/p>\n<p><span style=\"color: #0000ff;\">Pour les missions de milieu de journ\u00e9e via la Pointe Ouest, les temps de parcours sont respectivement au d\u00e9part de Chaville-Rive Droite de 11 \u00e0 12 minutes et de 32 \u00e0 34 minutes, et au d\u00e9part de Jouy-en-Josas de 17 \u00e0 18 minutes et de 31 \u00e0 32 minutes.<\/span><\/p>\n<h2>Les nouveaux documents<\/h2>\n<ul>\n<li><a href=\"http:\/\/www.horizonemployeur.fr\/wordpress\/wp-content\/uploads\/2016\/05\/Plan-32.pdf\" target=\"_blank\">Plan<\/a><\/li>\n<li><a href=\"http:\/\/www.horizonemployeur.fr\/wordpress\/wp-content\/uploads\/2016\/05\/32-A-partir-du-28-mai-2016.pdf\" target=\"_blank\">Horaires\u00a0\u00e0\u00a0partir du 28 mai 2016<\/a><\/li>\n<\/ul>\n","protected":false},"excerpt":{"rendered":"<p>Un itin\u00e9raire modifi\u00e9 Cliquez sur l\u2019image pour la t\u00e9l\u00e9charger dans son format originel Si la ligne 32 continue \u00e0 assurer la liaison entre les 3 gares de Chaville, V\u00e9lizy et la gare de Jouy-en-Josas, son itin\u00e9raire est simplifi\u00e9 en 2 endroits sur Jouy-en-Josas: suppression de l&rsquo;arr\u00eat Les Gen\u00eats: en direction de V\u00e9lizy et Chaville, l&rsquo;itin\u00e9raire [&hellip;]<\/p>\n","protected":false},"author":1,"featured_media":0,"parent":2459,"menu_order":12,"comment_status":"closed","ping_status":"closed","template":"","meta":{"ngg_post_thumbnail":0,"jetpack_post_was_ever_published":false},"jetpack_sharing_enabled":true,"jetpack_shortlink":"https:\/\/wp.me\/P7AoJR-EF","jetpack-related-posts":[{"id":2463,"url":"https:\/\/www.horizonemployeur.fr\/wordpress\/28-05-2016\/restructuration-bus-phase-2\/restructuration-bus-phase-2-chaville\/","url_meta":{"origin":2521,"position":0},"title":"La restructuration bus sur l&rsquo;axe Chaville","date":"28 avril 2016","format":false,"excerpt":"Depuis d\u00e9cembre 2014, l'offre sur l'axe Chaville\u00a0est compos\u00e9e, hors lignes scolaires de 4 lignes: la ligne 30, Chaville-V\u00e9lizy\u00a0- V\u00e9lizy 2, assure la liaison des diff\u00e9rents quartiers de la ville, de la partie sud d'Inovel Parc Nord et du centre commercial V\u00e9lizy 2, avec la gare de Chaville-V\u00e9lizy la ligne 31,\u2026","rel":"","context":"Article similaire","img":{"alt_text":"","src":"https:\/\/i0.wp.com\/www.horizonemployeur.fr\/wordpress\/wp-content\/uploads\/2016\/04\/Plan-bus-mai-2016-axe-Chaville-300x275.png?resize=350%2C200","width":350,"height":200},"classes":[]},{"id":51,"url":"https:\/\/www.horizonemployeur.fr\/wordpress\/accueil\/sedeplacer\/transports-en-commun\/bus-chaville\/","url_meta":{"origin":2521,"position":1},"title":"Les bus c\u00f4t\u00e9 Chaville","date":"28 f\u00e9vrier 2014","format":false,"excerpt":"En dehors d\u2019assurer la desserte des communes de Viroflay (quartier est) et Chaville, ces lignes donnent correspondance avec: en gare de Chaville-V\u00e9lizy: RER branches C5 (Versailles-Ch\u00e2teau-Rive Gauche) et C7 (St Quentin-en-Yvelines) en gare de Chaville-Rive Gauche: Transilien (Paris-Montparnasse - Versailles-Chantiers - Rambouillet \/ Dreux \/ Mantes) en gare de Chaville-Rive\u2026","rel":"","context":"Avec 2 commentaires","img":{"alt_text":"","src":"https:\/\/i0.wp.com\/www.horizonemployeur.fr\/wordpress\/wp-content\/uploads\/2016\/04\/p1100542-600x430.jpg?fit=600%2C430&ssl=1&resize=350%2C200","width":350,"height":200},"classes":[]},{"id":2469,"url":"https:\/\/www.horizonemployeur.fr\/wordpress\/28-05-2016\/restructuration-bus-phase-2\/jouy\/","url_meta":{"origin":2521,"position":2},"title":"La restructuration bus sur l&rsquo;axe Jouy-en-Josas","date":"28 avril 2016","format":false,"excerpt":"Comme c'\u00e9tait le cas depuis d\u00e9cembre 2014, c'est toujours la ligne 32 qui assure la liaison entre V\u00e9lizy et Jouy-en-Josas. Cette ligne est cependant modifi\u00e9e: elle ne dessert plus l'arr\u00eat Les Gen\u00eats, arr\u00eat que les contraintes li\u00e9es \u00e0 la voirie locale rendaient difficile d'acc\u00e8s elle ne dessert plus le site\u2026","rel":"","context":"Article similaire","img":{"alt_text":"","src":"","width":0,"height":0},"classes":[]},{"id":2517,"url":"https:\/\/www.horizonemployeur.fr\/wordpress\/28-05-2016\/restructuration-bus-phase-2\/ligne-phebus-31\/","url_meta":{"origin":2521,"position":3},"title":"La ligne Ph\u00e9bus 31 en d\u00e9tails","date":"29 avril 2016","format":false,"excerpt":"Un itin\u00e9raire modifi\u00e9 Cliquez sur l\u2019image pour la t\u00e9l\u00e9charger dans son format originel Une seule modification est apport\u00e9e \u00e0 l'itin\u00e9raire de la ligne mais elle est d'importance pour les habitants de V\u00e9lizy-le-Bas. La ligne est en effet prolong\u00e9e jusqu'\u00e0 Robert Wagner de fa\u00e7on \u00e0 apporter une correspondance directe avec le\u2026","rel":"","context":"Article similaire","img":{"alt_text":"","src":"https:\/\/i0.wp.com\/www.horizonemployeur.fr\/wordpress\/wp-content\/uploads\/2016\/04\/Ph\u00c3\u00a9bus-31-mai-2016-263x300.png?resize=350%2C200","width":350,"height":200},"classes":[]},{"id":2599,"url":"https:\/\/www.horizonemployeur.fr\/wordpress\/28-05-2016\/documentation\/","url_meta":{"origin":2521,"position":4},"title":"Se renseigner","date":"4 mai 2016","format":false,"excerpt":"Avec le d\u00e9veloppement des affichages dans les gares routi\u00e8res et aux arr\u00eats, d'Internet, des sites, des applications, les canaux d'information \u00e0 votre disposition se sont multipli\u00e9s. Que peuvent-ils vous apporter ? en quoi peuvent-ils vous aider ? Qui fait quoi ? Face \u00e0 une mutiplicit\u00e9 de noms et d'abr\u00e9viations, il\u2026","rel":"","context":"Article similaire","img":{"alt_text":"","src":"","width":0,"height":0},"classes":[]},{"id":2477,"url":"https:\/\/www.horizonemployeur.fr\/wordpress\/28-05-2016\/t6-viroflay\/viroflay-rive-gauche\/","url_meta":{"origin":2521,"position":5},"title":"Viroflay-Rive Gauche","date":"28 avril 2016","format":false,"excerpt":"Viroflay-Rive Droite est la 20e et avant-derni\u00e8re station de la ligne T6. Elle se situe dans le tunnel de Viroflay emprunt\u00e9 par le tramway \u00e0 partir de la c\u00f4te de Chaville et\u00a0donc\u00a0sous la place du Mar\u00e9chal Koenig. Elle propose les\u00a0correspondances avec: la ligne RER C Paris - Versailles-Ch\u00e2teau-Rive Gauche \/\u2026","rel":"","context":"Article similaire","img":{"alt_text":"P1130441_800d","src":"https:\/\/i0.wp.com\/www.horizonemployeur.fr\/wordpress\/wp-content\/uploads\/2016\/04\/P1130441_800d-300x150.jpg?resize=350%2C200","width":350,"height":200},"classes":[]}],"_links":{"self":[{"href":"https:\/\/www.horizonemployeur.fr\/wordpress\/wp-json\/wp\/v2\/pages\/2521"}],"collection":[{"href":"https:\/\/www.horizonemployeur.fr\/wordpress\/wp-json\/wp\/v2\/pages"}],"about":[{"href":"https:\/\/www.horizonemployeur.fr\/wordpress\/wp-json\/wp\/v2\/types\/page"}],"author":[{"embeddable":true,"href":"https:\/\/www.horizonemployeur.fr\/wordpress\/wp-json\/wp\/v2\/users\/1"}],"replies":[{"embeddable":true,"href":"https:\/\/www.horizonemployeur.fr\/wordpress\/wp-json\/wp\/v2\/comments?post=2521"}],"version-history":[{"count":4,"href":"https:\/\/www.horizonemployeur.fr\/wordpress\/wp-json\/wp\/v2\/pages\/2521\/revisions"}],"predecessor-version":[{"id":2639,"href":"https:\/\/www.horizonemployeur.fr\/wordpress\/wp-json\/wp\/v2\/pages\/2521\/revisions\/2639"}],"up":[{"embeddable":true,"href":"https:\/\/www.horizonemployeur.fr\/wordpress\/wp-json\/wp\/v2\/pages\/2459"}],"wp:attachment":[{"href":"https:\/\/www.horizonemployeur.fr\/wordpress\/wp-json\/wp\/v2\/media?parent=2521"}],"curies":[{"name":"wp","href":"https:\/\/api.w.org\/{rel}","templated":true}]}}