{"id":2455,"date":"2016-04-28T10:05:08","date_gmt":"2016-04-28T08:05:08","guid":{"rendered":"http:\/\/www.horizonemployeur.fr\/wordpress\/?page_id=2455"},"modified":"2016-05-17T20:26:34","modified_gmt":"2016-05-17T18:26:34","slug":"28-05-2016","status":"publish","type":"page","link":"https:\/\/www.horizonemployeur.fr\/wordpress\/28-05-2016\/","title":{"rendered":"28 mai 2016: le tramway T6 arrive \u00e0 Viroflay"},"content":{"rendered":"<p>Samedi 13 d\u00e9cembre 2014: apr\u00e8s plusieurs ann\u00e9es de longs et p\u00e9nibles travaux, le tramway est mis en service entre Ch\u00e2tillon-Montrouge, terminus de la ligne M13, et V\u00e9lizy-Robert Wagner, station situ\u00e9e le plus \u00e0 l&rsquo;ouest sur la commune de V\u00e9lizy<\/p>\n<p>Samedi 28 mai 2016: apr\u00e8s une autre p\u00e9riode de travaux qui, elle, aura surtout g\u00ean\u00e9 les habitants de Viroflay et les usagers des gares SNCF de Viroflay-Rive Gauche et Viroflay-Rive Droite, le prolongement du tramway est ouvert jusqu&rsquo;\u00e0 Viroflay-Rive Droite.<\/p>\n<p>Coupl\u00e9e \u00e0 une restructuration de plusieurs lignes de bus, cette mise en service a des cons\u00e9quences pour un certain nombre d&rsquo;entre nous.<\/p>\n<ul>\n<li><a href=\"http:\/\/www.horizonemployeur.fr\/wordpress\/28-05-2016\/t6-viroflay\/\">la mise en service du tramway T6 jusqu&rsquo;\u00e0 Viroflay-Rive Droite<\/a><\/li>\n<li><a href=\"http:\/\/www.horizonemployeur.fr\/wordpress\/28-05-2016\/restructuration-bus-phase-2\/\">la restructuration des lignes de bus du r\u00e9seau Ph\u00e9bus V\u00e9lizy<\/a><\/li>\n<li><a href=\"http:\/\/www.horizonemployeur.fr\/wordpress\/28-05-2016\/documentation\/\">la documentation disponible<\/a><\/li>\n<\/ul>\n<p><span style=\"color: #800000;\">Attention, certaines modifications mineures de derni\u00e8re minute peuvent \u00eatre intervenues. Ce sont les documents officiels produits par le STIF, les op\u00e9rateurs ou les collectivit\u00e9s qui font foi.<\/span><\/p>\n<p><span style=\"color: #800000;\">Pour toute remarque, une adresse mail: <\/span><a href=\"mailto:t6bus2016@horizonemployeur.fr\">t6bus2016@horizonemployeur.fr<\/a><\/p>\n<p><script>\n  (function(i,s,o,g,r,a,m){i['GoogleAnalyticsObject']=r;i[r]=i[r]||function(){\n  (i[r].q=i[r].q||[]).push(arguments)},i[r].l=1*new Date();a=s.createElement(o),\n  m=s.getElementsByTagName(o)[0];a.async=1;a.src=g;m.parentNode.insertBefore(a,m)\n  })(window,document,'script','https:\/\/www.google-analytics.com\/analytics.js','ga');<\/p>\n<p>  ga('create', 'UA-77901100-1', 'auto');\n  ga('send', 'pageview');<\/p>\n<p><\/script><\/p>\n","protected":false},"excerpt":{"rendered":"<p>Samedi 13 d\u00e9cembre 2014: apr\u00e8s plusieurs ann\u00e9es de longs et p\u00e9nibles travaux, le tramway est mis en service entre Ch\u00e2tillon-Montrouge, terminus de la ligne M13, et V\u00e9lizy-Robert Wagner, station situ\u00e9e le plus \u00e0 l&rsquo;ouest sur la commune de V\u00e9lizy Samedi 28 mai 2016: apr\u00e8s une autre p\u00e9riode de travaux qui, elle, aura surtout g\u00ean\u00e9 les [&hellip;]<\/p>\n","protected":false},"author":1,"featured_media":0,"parent":0,"menu_order":0,"comment_status":"closed","ping_status":"closed","template":"","meta":{"ngg_post_thumbnail":0,"jetpack_post_was_ever_published":false},"jetpack_sharing_enabled":true,"jetpack_shortlink":"https:\/\/wp.me\/P7AoJR-DB","jetpack-related-posts":[{"id":2477,"url":"https:\/\/www.horizonemployeur.fr\/wordpress\/28-05-2016\/t6-viroflay\/viroflay-rive-gauche\/","url_meta":{"origin":2455,"position":0},"title":"Viroflay-Rive Gauche","date":"28 avril 2016","format":false,"excerpt":"Viroflay-Rive Droite est la 20e et avant-derni\u00e8re station de la ligne T6. Elle se situe dans le tunnel de Viroflay emprunt\u00e9 par le tramway \u00e0 partir de la c\u00f4te de Chaville et\u00a0donc\u00a0sous la place du Mar\u00e9chal Koenig. Elle propose les\u00a0correspondances avec: la ligne RER C Paris - Versailles-Ch\u00e2teau-Rive Gauche \/\u2026","rel":"","context":"Article similaire","img":{"alt_text":"P1130441_800d","src":"https:\/\/i0.wp.com\/www.horizonemployeur.fr\/wordpress\/wp-content\/uploads\/2016\/04\/P1130441_800d-300x150.jpg?resize=350%2C200","width":350,"height":200},"classes":[]},{"id":2742,"url":"https:\/\/www.horizonemployeur.fr\/wordpress\/28-05-2016\/t6-viroflay\/viroflay-rive-gauche\/photos-t6-viroflay-rive-gauche\/","url_meta":{"origin":2455,"position":1},"title":"Photos de la station T6 Viroflay-Rive Gauche","date":"29 mai 2016","format":false,"excerpt":"Le tunnel c\u00f4t\u00e9 V\u00e9lizy Le quai direction Viroflay-Rive Droite Le tunnel direction Viroflay-Rive Droite La mezzanine vue du quai Ch\u00e2tillon La sortie du quai Ch\u00e2tillon situ\u00e9e en t\u00eate de quai L'arriv\u00e9e d'un tramway en provenance de V\u00e9lizy (on l'entend arriver bien avant qu'on ne le voit) Le tramway \u00e0 quai\u2026","rel":"","context":"Article similaire","img":{"alt_text":"P1140110_800","src":"https:\/\/i0.wp.com\/www.horizonemployeur.fr\/wordpress\/wp-content\/uploads\/2016\/05\/P1140110_800.jpg?resize=350%2C200","width":350,"height":200},"classes":[]},{"id":46,"url":"https:\/\/www.horizonemployeur.fr\/wordpress\/accueil\/sedeplacer\/transports-en-commun\/tramway-t6\/","url_meta":{"origin":2455,"position":2},"title":"Le Tramway T6 (Ch\u00e2tillon &#8211; V\u00e9lizy &#8211; Viroflay)","date":"28 f\u00e9vrier 2014","format":false,"excerpt":"Depuis le 13 d\u00e9cembre 2014,\u00a0les tramways de la ligne T6 sont entr\u00e9s\u00a0en service commercial entre le terminus de la ligne 13 du m\u00e9tro, Ch\u00e2tillon-Montrouge, et la station V\u00e9lizy-Robert Wagner situ\u00e9e \u00e0 l'ouest de V\u00e9lizy. Le 28 mai 2016, la ligne T6 a \u00e9t\u00e9 prolong\u00e9e jusqu'aux 2 gares Rive Gauche et\u2026","rel":"","context":"Article similaire","img":{"alt_text":"","src":"https:\/\/i0.wp.com\/www.horizonemployeur.fr\/wordpress\/wp-content\/uploads\/2014\/02\/p1070314_800.jpg?fit=800%2C600&ssl=1&resize=350%2C200","width":350,"height":200},"classes":[]},{"id":2585,"url":"https:\/\/www.horizonemployeur.fr\/wordpress\/28-05-2016\/t6-viroflay\/t6-viroflay-pratique\/","url_meta":{"origin":2455,"position":3},"title":"Le prolongement du T6 en pratique","date":"2 mai 2016","format":false,"excerpt":"Quelques questions avec leurs r\u00e9ponses, aussi pr\u00e9cises que possible \u00e0 la date de leur r\u00e9daction: \u00a0 Combien \u00e7a co\u00fbte ? La tarification du tramway est identique sur la 1e section et sur le prolongement. Sont donc accept\u00e9s: les tickets t+, qui permettent dans la limite de 90 minutes apr\u00e8s la\u2026","rel":"","context":"Article similaire","img":{"alt_text":"","src":"","width":0,"height":0},"classes":[]},{"id":2475,"url":"https:\/\/www.horizonemployeur.fr\/wordpress\/28-05-2016\/t6-viroflay\/viroflay-rive-droite\/","url_meta":{"origin":2455,"position":4},"title":"Viroflay-Rive Droite","date":"28 avril 2016","format":false,"excerpt":"Viroflay-Rive Droite est la 21e et derni\u00e8re station de la ligne T6. Souterraine comme sa sym\u00e9trique de la rive gauche, elle se situe sous la place de la Bataille de Stalingrad et donne acc\u00e8s \u00e0 la correspondance avec la ligne L2 Paris-St-Lazare - La D\u00e9fense - St-Cloud - Versailles-Rive Droite.\u2026","rel":"","context":"Article similaire","img":{"alt_text":"P1140102_800","src":"https:\/\/i0.wp.com\/www.horizonemployeur.fr\/wordpress\/wp-content\/uploads\/2016\/04\/P1140102_800.jpg?resize=350%2C200","width":350,"height":200},"classes":[]},{"id":2457,"url":"https:\/\/www.horizonemployeur.fr\/wordpress\/28-05-2016\/t6-viroflay\/","url_meta":{"origin":2455,"position":5},"title":"Le prolongement du tramway T6 jusqu&rsquo;\u00e0 Viroflay","date":"28 avril 2016","format":false,"excerpt":"Depuis le 13 d\u00e9cembre 2014, la ligne T6 allait de Ch\u00e2tillon-Montrouge \u00e0 Robert Wagner. Cela repr\u00e9sentait une longueur de 11,4 km avec 19 stations. La mise en service du prolongement permet d'allonger la ligne de 2,6 km, portant sa longueur totale \u00e0 14 km, et d'ajouter 2 stations, Viroflay-Rive Gauche\u2026","rel":"","context":"Article similaire","img":{"alt_text":"","src":"","width":0,"height":0},"classes":[]}],"_links":{"self":[{"href":"https:\/\/www.horizonemployeur.fr\/wordpress\/wp-json\/wp\/v2\/pages\/2455"}],"collection":[{"href":"https:\/\/www.horizonemployeur.fr\/wordpress\/wp-json\/wp\/v2\/pages"}],"about":[{"href":"https:\/\/www.horizonemployeur.fr\/wordpress\/wp-json\/wp\/v2\/types\/page"}],"author":[{"embeddable":true,"href":"https:\/\/www.horizonemployeur.fr\/wordpress\/wp-json\/wp\/v2\/users\/1"}],"replies":[{"embeddable":true,"href":"https:\/\/www.horizonemployeur.fr\/wordpress\/wp-json\/wp\/v2\/comments?post=2455"}],"version-history":[{"count":6,"href":"https:\/\/www.horizonemployeur.fr\/wordpress\/wp-json\/wp\/v2\/pages\/2455\/revisions"}],"predecessor-version":[{"id":2685,"href":"https:\/\/www.horizonemployeur.fr\/wordpress\/wp-json\/wp\/v2\/pages\/2455\/revisions\/2685"}],"wp:attachment":[{"href":"https:\/\/www.horizonemployeur.fr\/wordpress\/wp-json\/wp\/v2\/media?parent=2455"}],"curies":[{"name":"wp","href":"https:\/\/api.w.org\/{rel}","templated":true}]}}