{"id":206,"date":"2014-04-30T15:27:22","date_gmt":"2014-04-30T13:27:22","guid":{"rendered":"http:\/\/horizonmobi.wordpress.com\/?page_id=206"},"modified":"2018-04-23T12:22:52","modified_gmt":"2018-04-23T10:22:52","slug":"polluants","status":"publish","type":"page","link":"https:\/\/www.horizonemployeur.fr\/wordpress\/accueil\/pdie\/ppa\/air-pollution\/polluants\/","title":{"rendered":"Polluants de l&rsquo;air"},"content":{"rendered":"<p>Les polluants sont pr\u00e9sents sous diff\u00e9rents \u00e9tats dans l&rsquo;air: gaz, liquides, solides.<\/p>\n<p>Certains de ces polluants sont d&rsquo;origine naturelle (volcans, oc\u00e9ans, v\u00e9g\u00e9tation, mais aussi respiration, digestion, \u2026), d&rsquo;autres sont \u00e9mis par les activit\u00e9s humaines (agriculture, industrie, transport, habitat, &#8230;).<\/p>\n<p>On distingue \u00e9galement:<\/p>\n<ul>\n<li>les <span style=\"text-decoration: underline;\">polluants primaires<\/span> qui sont directement \u00e9mis par les diverses sources<\/li>\n<li>les <span style=\"text-decoration: underline;\">polluants secondaires<\/span> qui sont issus de r\u00e9actions physiques ou chimiques mettant en jeu les polluants primaires.<br \/>\nLa cr\u00e9ation de l&rsquo;ozone est par exemple le r\u00e9sultat de la transformation de l&rsquo;oxyg\u00e8ne en pr\u00e9sence \u00e0 la fois d&rsquo;autres produits et de rayons UV issus du rayonnement solaire, par temp\u00e9rature \u00e9lev\u00e9e.<\/li>\n<\/ul>\n<p>On utilise enfin un classement des sources de pollution avec:<\/p>\n<ul>\n<li>les <span style=\"text-decoration: underline;\">sources mobiles<\/span> qui correspondent la plupart du temps aux moyens de transport<\/li>\n<li>les <span style=\"text-decoration: underline;\">sources fixes<\/span>, li\u00e9es \u00e0 l&rsquo;industrie, \u00e0 l&rsquo;habitat, &#8230;<\/li>\n<\/ul>\n<p>Airparif publie sur son site un tableau synth\u00e9tique des principaux polluants:<\/p>\n<p><img data-attachment-id=\"208\" data-permalink=\"https:\/\/www.horizonemployeur.fr\/wordpress\/tableau-polluants-airparif\/\" data-orig-file=\"https:\/\/i0.wp.com\/www.horizonemployeur.fr\/wordpress\/wp-content\/uploads\/2014\/04\/tableau-polluants-airparif.png?fit=812%2C562&amp;ssl=1\" data-orig-size=\"812,562\" data-comments-opened=\"1\" data-image-meta=\"{&quot;aperture&quot;:&quot;0&quot;,&quot;credit&quot;:&quot;&quot;,&quot;camera&quot;:&quot;&quot;,&quot;caption&quot;:&quot;&quot;,&quot;created_timestamp&quot;:&quot;0&quot;,&quot;copyright&quot;:&quot;&quot;,&quot;focal_length&quot;:&quot;0&quot;,&quot;iso&quot;:&quot;0&quot;,&quot;shutter_speed&quot;:&quot;0&quot;,&quot;title&quot;:&quot;&quot;,&quot;orientation&quot;:&quot;0&quot;}\" data-image-title=\"Tableau polluants Airparif\" data-image-description=\"\" data-image-caption=\"\" data-medium-file=\"https:\/\/i0.wp.com\/www.horizonemployeur.fr\/wordpress\/wp-content\/uploads\/2014\/04\/tableau-polluants-airparif.png?fit=300%2C208&amp;ssl=1\" data-large-file=\"https:\/\/i0.wp.com\/www.horizonemployeur.fr\/wordpress\/wp-content\/uploads\/2014\/04\/tableau-polluants-airparif.png?fit=700%2C484&amp;ssl=1\" decoding=\"async\" loading=\"lazy\" class=\"alignnone wp-image-208 size-full\" src=\"https:\/\/i0.wp.com\/www.horizonemployeur.fr\/wordpress\/wp-content\/uploads\/2014\/04\/tableau-polluants-airparif.png?resize=700%2C484\" alt=\"\" width=\"700\" height=\"484\" srcset=\"https:\/\/i0.wp.com\/www.horizonemployeur.fr\/wordpress\/wp-content\/uploads\/2014\/04\/tableau-polluants-airparif.png?w=812&amp;ssl=1 812w, https:\/\/i0.wp.com\/www.horizonemployeur.fr\/wordpress\/wp-content\/uploads\/2014\/04\/tableau-polluants-airparif.png?resize=300%2C208&amp;ssl=1 300w, https:\/\/i0.wp.com\/www.horizonemployeur.fr\/wordpress\/wp-content\/uploads\/2014\/04\/tableau-polluants-airparif.png?resize=768%2C532&amp;ssl=1 768w, https:\/\/i0.wp.com\/www.horizonemployeur.fr\/wordpress\/wp-content\/uploads\/2014\/04\/tableau-polluants-airparif.png?resize=648%2C448&amp;ssl=1 648w, https:\/\/i0.wp.com\/www.horizonemployeur.fr\/wordpress\/wp-content\/uploads\/2014\/04\/tableau-polluants-airparif.png?resize=277%2C192&amp;ssl=1 277w\" sizes=\"(max-width: 700px) 100vw, 700px\" data-recalc-dims=\"1\" \/><\/p>\n<p><em>(source, site Airparif, URL&nbsp;<a title=\"Tableau polluants Airparif\" href=\"http:\/\/airparif.fr\/_pdf\/tableau-polluants-origine-impacts.pdf\">http:\/\/airparif.fr\/_pdf\/tableau-polluants-origine-impacts.pdf<\/a>)<\/em><\/p>\n<p>&nbsp;<\/p>\n<p>Les <strong>\u00e9missions<\/strong> de polluants sont les quantit\u00e9s de gaz, liquides, solides qui sont rejet\u00e9es par les diff\u00e9rentes sources.<\/p>\n<p>Elles&nbsp;ne sont pas constantes&nbsp;et&nbsp;varient suivant plusieurs cycles qui se combinent:<\/p>\n<ul>\n<li>un cycle <span style=\"text-decoration: underline;\">annuel<\/span>:\n<ul>\n<li>les \u00e9missions li\u00e9es au fonctionnement des appareils de chauffage sont en diminution durant l&rsquo;\u00e9t\u00e9 par rapport \u00e0 ce qu&rsquo;elles sont en p\u00e9riode hivernale<\/li>\n<li>entre le 15 juillet et le 15 ao\u00fbt environ, les \u00e9missions li\u00e9es \u00e0 la circulation automobile sont en diminution (il y a moins de v\u00e9hicules et ils roulent plus facilement)<\/li>\n<\/ul>\n<\/li>\n<li>un cycle <span style=\"text-decoration: underline;\">hebdomadaire<\/span>:\n<ul>\n<li>le samedi et le dimanche, de nombreuses installations industrielles ne sont pas en service<\/li>\n<\/ul>\n<\/li>\n<li>un cycle <span style=\"text-decoration: underline;\">journalier<\/span>:\n<ul>\n<li>aux heures de pointe le matin et le soir, la circulation automobile est \u00e0 son maximum et les conditions de trafic peuvent \u00eatre tr\u00e8s d\u00e9grad\u00e9es<\/li>\n<li>la nuit, certaines installations industrielles sont en veille ou \u00e0 l&rsquo;arr\u00eat<\/li>\n<\/ul>\n<\/li>\n<\/ul>\n<p>&nbsp;<\/p>\n<p>Les <strong>concentrations<\/strong> sont les&nbsp;taux de pr\u00e9sence des divers polluants \u00e0 l&rsquo;endroit concern\u00e9.<\/p>\n<p>Comme le tableau pr\u00e9c\u00e9dent l&rsquo;\u00e9voque, les polluants peuvent avoir, au-del\u00e0 d&rsquo;une certaine concentration dans l&rsquo;air ambiant, des effets sur la sant\u00e9 et\/ou l&rsquo;environnement.<\/p>\n","protected":false},"excerpt":{"rendered":"<p>Les polluants sont pr\u00e9sents sous diff\u00e9rents \u00e9tats dans l&rsquo;air: gaz, liquides, solides. Certains de ces polluants sont d&rsquo;origine naturelle (volcans, oc\u00e9ans, v\u00e9g\u00e9tation, mais aussi respiration, digestion, \u2026), d&rsquo;autres sont \u00e9mis par les activit\u00e9s humaines (agriculture, industrie, transport, habitat, &#8230;). On distingue \u00e9galement: les polluants primaires qui sont directement \u00e9mis par les diverses sources les polluants [&hellip;]<\/p>\n","protected":false},"author":1,"featured_media":0,"parent":200,"menu_order":1,"comment_status":"open","ping_status":"open","template":"page-templates\/no-sidebar.php","meta":{"ngg_post_thumbnail":0,"jetpack_post_was_ever_published":false},"jetpack_sharing_enabled":true,"jetpack_shortlink":"https:\/\/wp.me\/P7AoJR-3k","jetpack-related-posts":[{"id":216,"url":"https:\/\/www.horizonemployeur.fr\/wordpress\/accueil\/pdie\/ppa\/air-pollution\/pollution-limitation-concentrations\/","url_meta":{"origin":206,"position":0},"title":"Qualit\u00e9 de l&rsquo;air &#8211; la limitation des concentrations","date":"30 avril 2014","format":false,"excerpt":"Les \u00e9tudes \u00e9pid\u00e9miologiques et environnementales ont permis de d\u00e9finir des concentrations en polluants au-del\u00e0 desquelles la sant\u00e9 des individus ou l'environnement peuvent \u00eatre impact\u00e9s. Les recommandations de l'OMS (Organisation Mondiale de la Sant\u00e9) d\u00e9finissent des seuils d'exposition, donc des couples (concentration, dur\u00e9e) applicables \u00e0 chacun des polluants. On aura entre\u2026","rel":"","context":"Article similaire","img":{"alt_text":"","src":"","width":0,"height":0},"classes":[]},{"id":200,"url":"https:\/\/www.horizonemployeur.fr\/wordpress\/accueil\/pdie\/ppa\/air-pollution\/","url_meta":{"origin":206,"position":1},"title":"Air et pollution atmosph\u00e9rique","date":"29 avril 2014","format":false,"excerpt":"L'air qui nous entoure est un \u00e9l\u00e9ment indispensable \u00e0 la vie. C'est en particulier lui qui nous apporte l'oxyg\u00e8ne dont nous avons besoin par le m\u00e9canisme de la respiration, nous inspirons ainsi chacun environ 15 m3 d'air tous les jours. Sa composition standard est la suivante: 78 % d\u2019azote (N2)\u2026","rel":"","context":"Article similaire","img":{"alt_text":"","src":"","width":0,"height":0},"classes":[]},{"id":854,"url":"https:\/\/www.horizonemployeur.fr\/wordpress\/pics-pollution\/","url_meta":{"origin":206,"position":2},"title":"Les pics de pollution","date":"21 octobre 2015","format":false,"excerpt":"Pratiquement quelle que soit la saison de l'ann\u00e9e, la pollution atmosph\u00e9rique est susceptible de pr\u00e9senter des pics n\u00e9cessitant la mise en place de dispositifs d'information puis d'alerte. La gestion de la pollution en termes de mesures de la qualit\u00e9 de l'air (en particulier par l'association Airparif), de dispositifs de lutte\u2026","rel":"","context":"Article similaire","img":{"alt_text":"","src":"https:\/\/i0.wp.com\/www.horizonemployeur.fr\/wordpress\/wp-content\/uploads\/2016\/11\/Facture-certificat-qualit\u00c3\u00a9-de-lair.jpg?resize=350%2C200","width":350,"height":200},"classes":[]},{"id":219,"url":"https:\/\/www.horizonemployeur.fr\/wordpress\/accueil\/pdie\/ppa\/air-pollution\/pollution-limitation-emissions\/","url_meta":{"origin":206,"position":3},"title":"Qualit\u00e9 de l&rsquo;air &#8211; la limitation des \u00e9missions","date":"5 mai 2014","format":false,"excerpt":"La meilleure fa\u00e7on de limiter la pr\u00e9sence des polluants dans l'air ambiant consiste, pour les sources, \u00e0 en \u00e9mettre le moins possible. Lors des n\u00e9gociations internationales, les Etats ont \u00e9t\u00e9\u00a0amen\u00e9s \u00e0 signer un certain nombre de\u00a0conventions internationales\u00a0et \u00e0 prendre des engagements sur les sujets correspondants. Il s'agit l\u00e0 de r\u00e9duire\u2026","rel":"","context":"Article similaire","img":{"alt_text":"","src":"","width":0,"height":0},"classes":[]},{"id":248,"url":"https:\/\/www.horizonemployeur.fr\/wordpress\/accueil\/pdie\/ppa\/ppa_reg11\/","url_meta":{"origin":206,"position":4},"title":"La mesure r\u00e9glementaire n\u00b011 du PPA","date":"9 mai 2014","format":false,"excerpt":"La mesure r\u00e9glementaire n\u00b011 du PPA d\u00e9taille les mesures qui peuvent \u00eatre mises en oeuvre en cas d'alerte pollution. Ces mesures concernent diff\u00e9rents domaines dont celui des transports. Le texte du PPA en fait la liste suivante : \"renforcement des contr\u00f4les de vitesse et de pollution, immobilisation des v\u00e9hicules des\u2026","rel":"","context":"Article similaire","img":{"alt_text":"Contournement PL agglom\u00c3\u00a9ration parisienne","src":"https:\/\/i0.wp.com\/www.horizonemployeur.fr\/wordpress\/wp-content\/uploads\/2014\/05\/contournement-pl-agglomc3a9ration-parisienne.png?resize=350%2C200","width":350,"height":200},"classes":[]},{"id":242,"url":"https:\/\/www.horizonemployeur.fr\/wordpress\/accueil\/pdie\/ppa\/","url_meta":{"origin":206,"position":5},"title":"Les Plans de Protection de l&rsquo;Atmosph\u00e8re d&rsquo;Ile-de-France","date":"7 mai 2014","format":false,"excerpt":"Conform\u00e9ment \u00e0 la\u00a0Loi sur l'Air et l'Utilisation Rationnelle de l'Energie (LAURE) 96-1236 du 30 d\u00e9cembre 1996 et \u00e0 sa retranscription dans le Code de l'Environnement, la r\u00e9gion Ile-de-France a \u00e9t\u00e9 dot\u00e9e d\u00e8s 2005 d'un Plan de Protection de l'Atmosph\u00e8re (PPA): le premier a couvert les ann\u00e9es 2005 \u00e0 2010 le\u2026","rel":"","context":"Article similaire","img":{"alt_text":"","src":"","width":0,"height":0},"classes":[]}],"_links":{"self":[{"href":"https:\/\/www.horizonemployeur.fr\/wordpress\/wp-json\/wp\/v2\/pages\/206"}],"collection":[{"href":"https:\/\/www.horizonemployeur.fr\/wordpress\/wp-json\/wp\/v2\/pages"}],"about":[{"href":"https:\/\/www.horizonemployeur.fr\/wordpress\/wp-json\/wp\/v2\/types\/page"}],"author":[{"embeddable":true,"href":"https:\/\/www.horizonemployeur.fr\/wordpress\/wp-json\/wp\/v2\/users\/1"}],"replies":[{"embeddable":true,"href":"https:\/\/www.horizonemployeur.fr\/wordpress\/wp-json\/wp\/v2\/comments?post=206"}],"version-history":[{"count":4,"href":"https:\/\/www.horizonemployeur.fr\/wordpress\/wp-json\/wp\/v2\/pages\/206\/revisions"}],"predecessor-version":[{"id":4518,"href":"https:\/\/www.horizonemployeur.fr\/wordpress\/wp-json\/wp\/v2\/pages\/206\/revisions\/4518"}],"up":[{"embeddable":true,"href":"https:\/\/www.horizonemployeur.fr\/wordpress\/wp-json\/wp\/v2\/pages\/200"}],"wp:attachment":[{"href":"https:\/\/www.horizonemployeur.fr\/wordpress\/wp-json\/wp\/v2\/media?parent=206"}],"curies":[{"name":"wp","href":"https:\/\/api.w.org\/{rel}","templated":true}]}}