{"id":179,"date":"2014-03-24T14:27:30","date_gmt":"2014-03-24T13:27:30","guid":{"rendered":"http:\/\/horizonmobi.wordpress.com\/?page_id=179"},"modified":"2018-02-26T16:27:42","modified_gmt":"2018-02-26T15:27:42","slug":"en-2-3-ou-4-roues-motorises-voiture-moto-scooter","status":"publish","type":"page","link":"https:\/\/www.horizonemployeur.fr\/wordpress\/accueil\/sedeplacer\/en-2-3-ou-4-roues-motorises-voiture-moto-scooter\/","title":{"rendered":"En 2, 3 ou 4 roues motoris\u00e9s: voiture, moto, scooter, &#8230;"},"content":{"rendered":"<p><img data-attachment-id=\"3697\" data-permalink=\"https:\/\/www.horizonemployeur.fr\/wordpress\/accueil\/sedeplacer\/en-2-3-ou-4-roues-motorises-voiture-moto-scooter\/situation-inovel-parc\/\" data-orig-file=\"https:\/\/i0.wp.com\/www.horizonemployeur.fr\/wordpress\/wp-content\/uploads\/2017\/12\/Situation-Inovel-Parc.png?fit=638%2C639&amp;ssl=1\" data-orig-size=\"638,639\" data-comments-opened=\"1\" data-image-meta=\"{&quot;aperture&quot;:&quot;0&quot;,&quot;credit&quot;:&quot;&quot;,&quot;camera&quot;:&quot;&quot;,&quot;caption&quot;:&quot;&quot;,&quot;created_timestamp&quot;:&quot;0&quot;,&quot;copyright&quot;:&quot;&quot;,&quot;focal_length&quot;:&quot;0&quot;,&quot;iso&quot;:&quot;0&quot;,&quot;shutter_speed&quot;:&quot;0&quot;,&quot;title&quot;:&quot;&quot;,&quot;orientation&quot;:&quot;0&quot;}\" data-image-title=\"Situation Inovel Parc\" data-image-description=\"\" data-image-caption=\"\" data-medium-file=\"https:\/\/i0.wp.com\/www.horizonemployeur.fr\/wordpress\/wp-content\/uploads\/2017\/12\/Situation-Inovel-Parc.png?fit=300%2C300&amp;ssl=1\" data-large-file=\"https:\/\/i0.wp.com\/www.horizonemployeur.fr\/wordpress\/wp-content\/uploads\/2017\/12\/Situation-Inovel-Parc.png?fit=638%2C639&amp;ssl=1\" decoding=\"async\" loading=\"lazy\" class=\"alignnone wp-image-3697 size-full\" src=\"https:\/\/i0.wp.com\/www.horizonemployeur.fr\/wordpress\/wp-content\/uploads\/2017\/12\/Situation-Inovel-Parc.png?resize=638%2C639\" alt=\"\" width=\"638\" height=\"639\" srcset=\"https:\/\/i0.wp.com\/www.horizonemployeur.fr\/wordpress\/wp-content\/uploads\/2017\/12\/Situation-Inovel-Parc.png?w=638&amp;ssl=1 638w, https:\/\/i0.wp.com\/www.horizonemployeur.fr\/wordpress\/wp-content\/uploads\/2017\/12\/Situation-Inovel-Parc.png?resize=150%2C150&amp;ssl=1 150w, https:\/\/i0.wp.com\/www.horizonemployeur.fr\/wordpress\/wp-content\/uploads\/2017\/12\/Situation-Inovel-Parc.png?resize=300%2C300&amp;ssl=1 300w\" sizes=\"(max-width: 638px) 100vw, 638px\" data-recalc-dims=\"1\" \/><\/p>\n<p>Inovel Parc se trouve \u00e0 l&rsquo;intersection de 2 axes majeurs de l&rsquo;Ile de France:<\/p>\n<ul>\n<li><strong>la route nationale 118<\/strong>, voie express joignant le pont de S\u00e8vres et l&rsquo;autoroute A 10 au niveau des Ulis<\/li>\n<\/ul>\n<p>Au pont de S\u00e8vres, vous aurez le choix entre la RD 910 rejoignant le boulevard p\u00e9riph\u00e9rique \u00e0 la porte de St-Cloud moyennant la travers\u00e9e de Boulogne-Billancourt, et les quais de Seine (RD 7 c\u00f4t\u00e9 rive gauche, RD 1 c\u00f4t\u00e9 rive droite) rejoignant Paris (niveau quai d&rsquo;Issy ou voie express Georges Pompidou), La D\u00e9fense, &#8230;Aux Ulis, la RN 118 donne acc\u00e8s \u00e0 l&rsquo;A 10 directions&nbsp;Bordeaux \/ Clermont-Ferrand \/ Nantes \/ Rennes, mais aussi \u00e0 la RN 104 (Francilienne, 3e contournement de Paris) permettant de rejoindre les autoroutes A 6 (Lyon \/ Dijon \/ Mulhouse \/ Gen\u00e8ve) et A 5 (Troyes).<\/p>\n<ul>\n<li><strong>l&rsquo;autoroute A 86<\/strong>, autoroute constituant le 2e contournement de Paris en en faisant le tour \u00e0 environ 5 km du boulevard p\u00e9riph\u00e9rique<\/li>\n<\/ul>\n<p>Cette autoroute est gratuite sur tout son parcours, sauf sur la section en tunnel \u00e0 l&rsquo;ouest entre Rueil, Vaucresson (acc\u00e8s A 13) et V\u00e9lizy (acc\u00e8s RN 12).<\/p>\n<p><em>Sur cette derni\u00e8re section, le tarif du p\u00e9age d\u00e9pend du cr\u00e9neau horaire (entre 1,50 EUR et 12,50 EUR suivant le jour et l&rsquo;heure pour un aller simple, en novembre 2017) et du mode de paiement. Seuls les v\u00e9hicules \u00e0 4 roues, de hauteur inf\u00e9rieure \u00e0 2 m, ne fonctionnant pas au GPL et dont le PTAC ne d\u00e9passe pas 3,5 t y sont autoris\u00e9s.<\/em><\/p>\n<p><em>La vitesse est limit\u00e9e \u00e0 70 km\/h sur toute cette section, avec de nombreux contr\u00f4les de vitesse automatiques.<\/em><\/p>\n<p><em>Pour en savoir plus:&nbsp;<a href=\"http:\/\/www.duplexa86.fr\/\" target=\"_blank\" rel=\"noopener\">www.duplexa86.fr<\/a><\/em><\/p>\n<p>Ces 2 axes importants par l&rsquo;int\u00e9r\u00eat qu&rsquo;ils procurent aux automobilistes de la r\u00e9gion souffrent en contrepartie d&rsquo;une saturation quotidienne aux heures de pointe matin et soir. D\u00e9caler son horaire de d\u00e9part peut, dans certains cas, apporter un net avantage en termes de temps de parcours.<\/p>\n<p>Les sorties desservant Inovel Parc sont:<\/p>\n<ul>\n<li>sur la RN 118, la sortie 3 (V\u00e9lizy \/ Meudon-la-For\u00eat) situ\u00e9e au point kilom\u00e9trique 5 (5 km depuis l&rsquo;entr\u00e9e pont de S\u00e8vres)<\/li>\n<li>sur l&rsquo;A 86 provenance Cr\u00e9teil \/ Orly, la bifurcation vers la RN 118 direction Boulogne \/ Paris situ\u00e9e juste apr\u00e8s la sortie 30 (Clamart). Une fois en direction de la RN 118, la sortie 3 mentionn\u00e9e pr\u00e9c\u00e9demment vous permet de sortir immediatement.<\/li>\n<li>sur la RN 12 provenance Dreux \/ St Quentin-en-Yvelines, la sortie 1 (V\u00e9lizy). Rester alors sur la voie de gauche (V\u00e9lizy-Zone d&rsquo;Emplois) puis prendre tout de suite \u00e0 droite une fois l&rsquo;A 86 franchie<\/li>\n<li>sur l&rsquo;A 86 provenance Rueil (Duplex \u00e0 p\u00e9age), direction RN 12 (Dreux) puis sortie V\u00e9lizy. Vous rejoignez alors la sortie 1 mentionn\u00e9e pr\u00e9c\u00e9demment.<\/li>\n<\/ul>\n<p>&nbsp;<img data-attachment-id=\"3972\" data-permalink=\"https:\/\/www.horizonemployeur.fr\/wordpress\/accueil\/sedeplacer\/en-2-3-ou-4-roues-motorises-voiture-moto-scooter\/carte-environs-de-paris-sur-base-scanexpress1000-ign-2018\/\" data-orig-file=\"https:\/\/i0.wp.com\/www.horizonemployeur.fr\/wordpress\/wp-content\/uploads\/2018\/02\/Carte-Environs-de-Paris-sur-base-ScanExpress1000-IGN-2018.png?fit=821%2C697&amp;ssl=1\" data-orig-size=\"821,697\" data-comments-opened=\"1\" data-image-meta=\"{&quot;aperture&quot;:&quot;0&quot;,&quot;credit&quot;:&quot;&quot;,&quot;camera&quot;:&quot;&quot;,&quot;caption&quot;:&quot;&quot;,&quot;created_timestamp&quot;:&quot;0&quot;,&quot;copyright&quot;:&quot;&quot;,&quot;focal_length&quot;:&quot;0&quot;,&quot;iso&quot;:&quot;0&quot;,&quot;shutter_speed&quot;:&quot;0&quot;,&quot;title&quot;:&quot;&quot;,&quot;orientation&quot;:&quot;0&quot;}\" data-image-title=\"Carte Environs de Paris sur base ScanExpress1000 IGN 2018\" data-image-description=\"\" data-image-caption=\"\" data-medium-file=\"https:\/\/i0.wp.com\/www.horizonemployeur.fr\/wordpress\/wp-content\/uploads\/2018\/02\/Carte-Environs-de-Paris-sur-base-ScanExpress1000-IGN-2018.png?fit=300%2C255&amp;ssl=1\" data-large-file=\"https:\/\/i0.wp.com\/www.horizonemployeur.fr\/wordpress\/wp-content\/uploads\/2018\/02\/Carte-Environs-de-Paris-sur-base-ScanExpress1000-IGN-2018.png?fit=700%2C594&amp;ssl=1\" decoding=\"async\" loading=\"lazy\" class=\"alignnone size-full wp-image-3972\" src=\"https:\/\/i0.wp.com\/www.horizonemployeur.fr\/wordpress\/wp-content\/uploads\/2018\/02\/Carte-Environs-de-Paris-sur-base-ScanExpress1000-IGN-2018.png?resize=700%2C594\" alt=\"\" width=\"700\" height=\"594\" srcset=\"https:\/\/i0.wp.com\/www.horizonemployeur.fr\/wordpress\/wp-content\/uploads\/2018\/02\/Carte-Environs-de-Paris-sur-base-ScanExpress1000-IGN-2018.png?w=821&amp;ssl=1 821w, https:\/\/i0.wp.com\/www.horizonemployeur.fr\/wordpress\/wp-content\/uploads\/2018\/02\/Carte-Environs-de-Paris-sur-base-ScanExpress1000-IGN-2018.png?resize=300%2C255&amp;ssl=1 300w, https:\/\/i0.wp.com\/www.horizonemployeur.fr\/wordpress\/wp-content\/uploads\/2018\/02\/Carte-Environs-de-Paris-sur-base-ScanExpress1000-IGN-2018.png?resize=768%2C652&amp;ssl=1 768w\" sizes=\"(max-width: 700px) 100vw, 700px\" data-recalc-dims=\"1\" \/><br \/>\n(cartographie de base IGN ScanExpress1000 \u00e9dition 2018:&nbsp;<a href=\"http:\/\/professionnels.ign.fr\/scanexpress\" target=\"_blank\" rel=\"noopener\">professionnels.ign.fr\/scanexpress<\/a>)&nbsp;<\/p>\n<p><img data-attachment-id=\"3971\" data-permalink=\"https:\/\/www.horizonemployeur.fr\/wordpress\/accueil\/sedeplacer\/en-2-3-ou-4-roues-motorises-voiture-moto-scooter\/carte-sud-ouest-de-paris-sur-base-scanexpress250-ign-2018\/\" data-orig-file=\"https:\/\/i0.wp.com\/www.horizonemployeur.fr\/wordpress\/wp-content\/uploads\/2018\/02\/Carte-Sud-ouest-de-Paris-sur-base-ScanExpress250-IGN-2018.png?fit=1127%2C878&amp;ssl=1\" data-orig-size=\"1127,878\" data-comments-opened=\"1\" data-image-meta=\"{&quot;aperture&quot;:&quot;0&quot;,&quot;credit&quot;:&quot;&quot;,&quot;camera&quot;:&quot;&quot;,&quot;caption&quot;:&quot;&quot;,&quot;created_timestamp&quot;:&quot;0&quot;,&quot;copyright&quot;:&quot;&quot;,&quot;focal_length&quot;:&quot;0&quot;,&quot;iso&quot;:&quot;0&quot;,&quot;shutter_speed&quot;:&quot;0&quot;,&quot;title&quot;:&quot;&quot;,&quot;orientation&quot;:&quot;0&quot;}\" data-image-title=\"Carte Sud-ouest de Paris sur base ScanExpress250 IGN 2018\" data-image-description=\"\" data-image-caption=\"\" data-medium-file=\"https:\/\/i0.wp.com\/www.horizonemployeur.fr\/wordpress\/wp-content\/uploads\/2018\/02\/Carte-Sud-ouest-de-Paris-sur-base-ScanExpress250-IGN-2018.png?fit=300%2C234&amp;ssl=1\" data-large-file=\"https:\/\/i0.wp.com\/www.horizonemployeur.fr\/wordpress\/wp-content\/uploads\/2018\/02\/Carte-Sud-ouest-de-Paris-sur-base-ScanExpress250-IGN-2018.png?fit=700%2C546&amp;ssl=1\" decoding=\"async\" loading=\"lazy\" class=\"alignnone size-full wp-image-3971\" src=\"https:\/\/i0.wp.com\/www.horizonemployeur.fr\/wordpress\/wp-content\/uploads\/2018\/02\/Carte-Sud-ouest-de-Paris-sur-base-ScanExpress250-IGN-2018.png?resize=700%2C545\" alt=\"\" width=\"700\" height=\"545\" srcset=\"https:\/\/i0.wp.com\/www.horizonemployeur.fr\/wordpress\/wp-content\/uploads\/2018\/02\/Carte-Sud-ouest-de-Paris-sur-base-ScanExpress250-IGN-2018.png?w=1127&amp;ssl=1 1127w, https:\/\/i0.wp.com\/www.horizonemployeur.fr\/wordpress\/wp-content\/uploads\/2018\/02\/Carte-Sud-ouest-de-Paris-sur-base-ScanExpress250-IGN-2018.png?resize=300%2C234&amp;ssl=1 300w, https:\/\/i0.wp.com\/www.horizonemployeur.fr\/wordpress\/wp-content\/uploads\/2018\/02\/Carte-Sud-ouest-de-Paris-sur-base-ScanExpress250-IGN-2018.png?resize=768%2C598&amp;ssl=1 768w, https:\/\/i0.wp.com\/www.horizonemployeur.fr\/wordpress\/wp-content\/uploads\/2018\/02\/Carte-Sud-ouest-de-Paris-sur-base-ScanExpress250-IGN-2018.png?resize=1024%2C798&amp;ssl=1 1024w\" sizes=\"(max-width: 700px) 100vw, 700px\" data-recalc-dims=\"1\" \/><br \/>\n(cartographie de base IGN ScanExpress250 \u00e9dition 2018:&nbsp;<a href=\"http:\/\/professionnels.ign.fr\/scanexpress\" target=\"_blank\" rel=\"noopener\">professionnels.ign.fr\/scanexpress<\/a>)&nbsp;<\/p>\n<p>Quelques itin\u00e9raires classiques (\u00e0 confirmer en fonction du trafic en temps r\u00e9el, voir sites d&rsquo;information ci-dessous)<\/p>\n<ul>\n<li>provenance de <strong>La D\u00e9fense<\/strong> (<em>Roissy-CDG<\/em>): RD 7 direction Suresnes jusqu&rsquo;\u00e0 S\u00e8vres, puis RN 118 jusqu&rsquo;\u00e0\n<ul>\n<li>pour Inovel Parc Nord et Est: la sortie 3&nbsp;<\/li>\n<li>pour Inovel Parc Sud et Burospace: la sortie 4.1&nbsp;<\/li>\n<\/ul>\n<\/li>\n<li>provenance de <strong>Paris-Centre<\/strong> et du <strong>bd p\u00e9riph\u00e9rique nord<\/strong> (<em>Roissy-CDG<\/em>): rejoindre la Porte de St-Cloud, RD 910 pour traverser Boulogne, puis RN 118 jusqu&rsquo;\u00e0\n<ul>\n<li>pour Inovel Parc Nord et Est: la sortie 3<\/li>\n<li>pour Inovel Parc Sud et Burospace: la sortie 4.1&nbsp;&nbsp;<\/li>\n<\/ul>\n<\/li>\n<li>provenance de <strong>Paris-Sud<\/strong> et du <strong>bd p\u00e9riph\u00e9rique sud<\/strong>: rejoindre le quai d&rsquo;Issy (rive gauche de la Seine, \u00e0 l&rsquo;endroit o\u00f9 la Seine quitte Paris), RD 7 pour traverser Issy les Moulineaux, Meudon et S\u00e8vres, puis RN 118 jusqu&rsquo;\u00e0\n<ul>\n<li>pour Inovel Parc Nord et Est: la sortie 3<\/li>\n<li>pour Inovel Parc Sud et Burospace: la sortie 4.1&nbsp;<\/li>\n<\/ul>\n<\/li>\n<li>provenance de <strong>Cr\u00e9teil<\/strong>, <strong>Orly<\/strong> et <strong>Antony<\/strong>: RN 186 \/ A 86 direction Versailles\n<ul>\n<li>pour Inovel Parc Nord et Est: apr\u00e8s la sortie 30, bifurcation vers la RN 118 direction Boulogne \/ Paris, puis sortie 3 imm\u00e9diatement<\/li>\n<li>pour Inovel Parc Sud et Burospace: sortie 30, traverser le rond-point du Petit Clamart direction Versailles (en face), suivre ensuite la direction Z.A. Villacoublay pour rejoindre la RN 118 direction province. L&#8217;emprunter sur quelques centaines de m\u00e8tres et la quitter \u00e0 la sortie 4.1&nbsp;<\/li>\n<\/ul>\n<\/li>\n<li>provenance de l&rsquo;<strong>A 10<\/strong>, <strong>Saclay<\/strong>, <strong>Massy (par RD 444)<\/strong> et <strong>Bi\u00e8vres<\/strong>, suivre la RN 118 direction Boulogne &#8211; Paris :\n<ul>\n<li>pour Inovel Parc Nord et Est:&nbsp;jusqu&rsquo;\u00e0 la sortie 3<\/li>\n<li>pour Inovel Parc Sud et Burospace: apr\u00e8s la sortie 5, rester sur la voie de droite en direction de Versailles &#8211; V\u00e9lizy (autres secteurs). Suivre cette m\u00eame direction en prenant la sortie \u00e0 droite. Vous arrivez sur une voie lat\u00e9rale de l&rsquo;A 86. La quitter presque tout de suite en suivant la direction Z.A. Villacoublay et&nbsp;rejoindre la RN 118 direction province. L&#8217;emprunter sur quelques centaines de m\u00e8tres et la quitter \u00e0 la sortie 4.1&nbsp;<\/li>\n<\/ul>\n<\/li>\n<li>provenance de <strong>St Quentin en Yvelines<\/strong> \/ <strong>Versailles<\/strong>: RN 12 direction Cr\u00e9teil, sortie 1 puis\n<ul>\n<li>pour Inovel Parc Nord et Est: direction V\u00e9lizy-Zone d&rsquo;Emplois (franchir l&rsquo;autoroute A 86 puis prendre tout de suite \u00e0 droite) puis direction Inovel Parc Nord<\/li>\n<li>pour Inovel Parc Sud et Burospace: direction Z.A. Louis Breguet puis direction Inovel Parc Sud<\/li>\n<\/ul>\n<\/li>\n<\/ul>\n<p>Vous pouvez vous renseigner via les sites suivants:<\/p>\n<ul>\n<li>cartographie: les sites&nbsp;<a title=\"www.mappy.fr\" href=\"http:\/\/www.mappy.fr\">www.mappy.fr<\/a><a target=\"_blank\">,&nbsp;<\/a><a title=\"www.viamichelin.fr\" href=\"http:\/\/www.viamichelin.fr\">www.viamichelin.fr<\/a><a target=\"_blank\">,&nbsp;<\/a><a href=\"http:\/\/maps.google.fr\/\" target=\"_blank\" rel=\"noopener\">maps.google.fr<\/a>,&nbsp;<a href=\"http:\/\/www.openstreetmap.org\/\" target=\"_blank\" rel=\"noopener\">www.openstreetmap.org,&nbsp;<\/a>les applications Mappy, ViaMichelin, Maps, &#8230;<\/li>\n<li>informations trafic:&nbsp;<a title=\"www.mappy.fr\" href=\"http:\/\/www.mappy.fr\">www.mappy.fr<\/a><a target=\"_blank\">,&nbsp;<\/a><a title=\"www.viamichelin.fr\" href=\"http:\/\/www.viamichelin.fr\">www.viamichelin.fr<\/a><a target=\"_blank\">,&nbsp;<\/a><a href=\"http:\/\/maps.google.fr\/\" target=\"_blank\" rel=\"noopener\">maps.google.fr<\/a>&nbsp;(en activant l&rsquo;option Trafic), <a href=\"http:\/\/www.waze.fr\" target=\"_blank\" rel=\"noopener\">www.waze.fr<\/a> mais aussi&nbsp;<a href=\"http:\/\/www.sytadin.fr\/\" target=\"_blank\" rel=\"noopener\">www.sytadin.fr<\/a>&nbsp;(site de la Direction des Routes Ile de France, incluant les informations relatives aux fermetures nocturnes),&nbsp;les applications Mappy, ViaMichelin, Maps, Waze, Sytadin, &#8230; ou le service&nbsp;<a href=\"http:\/\/www.infotrafic.com\/route.php?region=IDF\">www.infotrafic.com<\/a><\/li>\n<\/ul>\n<p>Sur les grands axes routiers et autoroutiers nationaux de la r\u00e9gion, ainsi que sur quelques axes majeurs du d\u00e9partement des Hauts-de-Seine, des panneaux \u00e0 messages variables vous donnent les temps de parcours jusqu&rsquo;aux prochains principaux \u00e9changeurs. Ce sont respectivement les syst\u00e8mes SIRIUS et SITER.<\/p>\n","protected":false},"excerpt":{"rendered":"<p>Inovel Parc se trouve \u00e0 l&rsquo;intersection de 2 axes majeurs de l&rsquo;Ile de France: la route nationale 118, voie express joignant le pont de S\u00e8vres et l&rsquo;autoroute A 10 au niveau des Ulis Au pont de S\u00e8vres, vous aurez le choix entre la RD 910 rejoignant le boulevard p\u00e9riph\u00e9rique \u00e0 la porte de St-Cloud moyennant [&hellip;]<\/p>\n","protected":false},"author":1,"featured_media":1805,"parent":1781,"menu_order":3,"comment_status":"open","ping_status":"open","template":"page-templates\/no-sidebar.php","meta":{"ngg_post_thumbnail":0,"jetpack_post_was_ever_published":false},"jetpack_sharing_enabled":true,"jetpack_shortlink":"https:\/\/wp.me\/P7AoJR-2T","jetpack-related-posts":[{"id":107,"url":"https:\/\/www.horizonemployeur.fr\/wordpress\/vehicule-motorise\/","url_meta":{"origin":179,"position":0},"title":"Utiliser son propre v\u00e9hicule motoris\u00e9","date":"7 mars 2014","format":false,"excerpt":"Les pages pr\u00e9c\u00e9dentes ne vous ont pas permis de trouver la solution adapt\u00e9e pour vous rendre \u00e0 Inovel Parc ou le quitter. Il reste donc le v\u00e9hicule individuel motoris\u00e9, que celui-ci ait\u00a02 (v\u00e9lomoteurs, scooters, motos), 3 (scooters) ou 4 (voitures) roues. La circulation autour d'Inovel Parc \u00e9tant ce qu'elle est\u2026","rel":"","context":"Article similaire","img":{"alt_text":"","src":"","width":0,"height":0},"classes":[]},{"id":2318,"url":"https:\/\/www.horizonemployeur.fr\/wordpress\/vehicule-motorise-2\/","url_meta":{"origin":179,"position":1},"title":"Utiliser son propre v\u00e9hicule motoris\u00e9","date":"7 mars 2014","format":false,"excerpt":"Les pages pr\u00e9c\u00e9dentes ne vous ont pas permis de trouver la solution adapt\u00e9e pour vous rendre \u00e0 Inovel Parc ou le quitter. Il reste donc le v\u00e9hicule individuel motoris\u00e9, que celui-ci ait\u00a02 (v\u00e9lomoteurs, scooters, motos), 3 (scooters) ou 4 (voitures) roues. La circulation autour d'Inovel Parc \u00e9tant ce qu'elle est\u2026","rel":"","context":"Article similaire","img":{"alt_text":"","src":"","width":0,"height":0},"classes":[]},{"id":3743,"url":"https:\/\/www.horizonemployeur.fr\/wordpress\/travaux-l15-pt-sevres-4\/","url_meta":{"origin":179,"position":2},"title":"Les travaux de la ligne 15 \u00e0 Pont de S\u00e8vres (partie 4)","date":"14 d\u00e9cembre 2017","format":false,"excerpt":"Les itin\u00e9raires de d\u00e9viation\u00a0 (Version provisoire) La coupure du quai Georges Gorse, entre le pont de S\u00e8vres et le pont Renault qui donne acc\u00e8s \u00e0 l'\u00eele Seguin, aura d'importantes cons\u00e9quences sur les d\u00e9placements dans le secteur: on a pu en avoir un aper\u00e7u le 12 d\u00e9cembre 2017, lors du One\u2026","rel":"","context":"Article similaire","img":{"alt_text":"","src":"https:\/\/i0.wp.com\/www.horizonemployeur.fr\/wordpress\/wp-content\/uploads\/2017\/12\/D\u00c3\u00a9viations-M15-Pt-de-S\u00c3\u00a8vres-A.jpg?resize=350%2C200","width":350,"height":200},"classes":[]},{"id":3690,"url":"https:\/\/www.horizonemployeur.fr\/wordpress\/projets-routiers\/","url_meta":{"origin":179,"position":3},"title":"Les projets routiers","date":"1 d\u00e9cembre 2017","format":false,"excerpt":"Outre l'\u00e9changeur \"V\u00e9lizy 2\" de l'autoroute A 86, un certain nombre de projets routiers sont en cours \u00e0 proximit\u00e9 d'Inovel Parc. En voici quelques-uns (liste non exhaustive): Sur la RN 118 dans l'Essonne Plusieurs \u00e9changeurs de cette voie express sont des sources d'encombrement, mais aussi dans certains cas d'ins\u00e9curit\u00e9 routi\u00e8re.\u2026","rel":"","context":"Article similaire","img":{"alt_text":"","src":"https:\/\/i0.wp.com\/www.horizonemployeur.fr\/wordpress\/wp-content\/uploads\/2017\/12\/Christ-de-Saclay-2019-300x268.png?resize=350%2C200","width":350,"height":200},"classes":[]},{"id":3756,"url":"https:\/\/www.horizonemployeur.fr\/wordpress\/travaux-l15-pt-sevres-5\/","url_meta":{"origin":179,"position":4},"title":"Les travaux de la ligne 15 \u00e0 Pont de S\u00e8vres (partie 5)","date":"14 d\u00e9cembre 2017","format":false,"excerpt":"Comment sera r\u00e9ellement le trafic pendant ces 34 mois de travaux ? (version provisoire) C'est bien la question la plus importante pour les salari\u00e9s et visiteurs d'Inovel Parc. En p\u00e9riode normale, le trafic routier (et donc celui des lignes de bus entre le pont de S\u00e8vres et Inovel Parc, Ph\u00e9bus\u2026","rel":"","context":"Article similaire","img":{"alt_text":"","src":"https:\/\/i0.wp.com\/www.horizonemployeur.fr\/wordpress\/wp-content\/uploads\/2017\/12\/D\u00c3\u00a9viations-M15-Pt-de-S\u00c3\u00a8vres-d\u00c3\u00a9tail.png?resize=350%2C200","width":350,"height":200},"classes":[]},{"id":850,"url":"https:\/\/www.horizonemployeur.fr\/wordpress\/accueil\/sedeplacer\/securite-routiere\/conduire-en-hiver-2\/le-pnvif-plan-neige-ou-verglas-en-ile-de-france\/","url_meta":{"origin":179,"position":5},"title":"Le PNVIF, Plan Neige ou Verglas en Ile-de-France","date":"20 octobre 2015","format":false,"excerpt":"En cas d'intemp\u00e9ries hivernales, principalement importantes chutes de neige ou formation de verglas, il est n\u00e9cessaire de coordonner l'action des diff\u00e9rents intervenants pour optimiser, autant que faire se peut, le fonctionnement du r\u00e9seau routier. C'est le r\u00f4le du PNVIF, Plan Neige ou Verglas en Ile-de-France, qui existe depuis 2004. PPrama,\u2026","rel":"","context":"Article similaire","img":{"alt_text":"","src":"","width":0,"height":0},"classes":[]}],"_links":{"self":[{"href":"https:\/\/www.horizonemployeur.fr\/wordpress\/wp-json\/wp\/v2\/pages\/179"}],"collection":[{"href":"https:\/\/www.horizonemployeur.fr\/wordpress\/wp-json\/wp\/v2\/pages"}],"about":[{"href":"https:\/\/www.horizonemployeur.fr\/wordpress\/wp-json\/wp\/v2\/types\/page"}],"author":[{"embeddable":true,"href":"https:\/\/www.horizonemployeur.fr\/wordpress\/wp-json\/wp\/v2\/users\/1"}],"replies":[{"embeddable":true,"href":"https:\/\/www.horizonemployeur.fr\/wordpress\/wp-json\/wp\/v2\/comments?post=179"}],"version-history":[{"count":5,"href":"https:\/\/www.horizonemployeur.fr\/wordpress\/wp-json\/wp\/v2\/pages\/179\/revisions"}],"predecessor-version":[{"id":3974,"href":"https:\/\/www.horizonemployeur.fr\/wordpress\/wp-json\/wp\/v2\/pages\/179\/revisions\/3974"}],"up":[{"embeddable":true,"href":"https:\/\/www.horizonemployeur.fr\/wordpress\/wp-json\/wp\/v2\/pages\/1781"}],"wp:featuredmedia":[{"embeddable":true,"href":"https:\/\/www.horizonemployeur.fr\/wordpress\/wp-json\/wp\/v2\/media\/1805"}],"wp:attachment":[{"href":"https:\/\/www.horizonemployeur.fr\/wordpress\/wp-json\/wp\/v2\/media?parent=179"}],"curies":[{"name":"wp","href":"https:\/\/api.w.org\/{rel}","templated":true}]}}